000
CXUS55 KLBF 101227
CF6BBW
PRELIMINARY LOCAL CLIMATOLOGICAL DATA (WS FORM: F-6)
STATION: BROKEN BOW
MONTH: JUNE
YEAR: 2022
LATITUDE: 41 26 N
LONGITUDE: 99 39 W
TEMPERATURE IN F: :PCPN: SNOW: WIND :SUNSHINE: SKY :PK WND
================================================================================
1 2 3 4 5 6A 6B 7 8 9 10 11 12 13 14 15 16 17 18
12Z AVG MX 2MIN
DY MAX MIN AVG DEP HDD CDD WTR SNW DPTH SPD SPD DIR MIN PSBL S-S WX SPD DR
================================================================================
1 72 44 58 -8 7 0 0.00 M M 7.2 16 290 M M 2 22 330
2 79 41 60 -6 5 0 0.03 M M 3.7 14 260 M M 5 23 310
3 84 49 67 1 0 2 T M M 10.6 22 160 M M 4 31 170
4 87 55 71 4 0 6 0.21 M M 8.8 26 160 M M 2 3 34 160
5 76 57 67 0 0 2 0.24 M M 8.1 20 120 M M 4 3 25 90
6 82 57 70 2 0 5 0.71 M M 5.6 33 350 M M 4 13 55 320
7 76 56 66 -2 0 1 0.85 M M 8.1 44 330 M M 8 13 55 330
8 77 54 66 -2 0 1 0.00 M M 8.5 18 310 M M 1 24 330
9 78 54 66 -3 0 1 0.15 M M 8.7 25 170 M M 3 3 33 190
10 82 55 69 0 0 4 0.00 M M 6.3 17 350 M M 0 1 22 350
11 91 62 77 8 0 12 0.00 M M 7.4 17 360 M M 0 23 350
12 93 64 79 9 0 14 0.02 M M 10.1 20 120 M M 0 26 130
13 103 69 86 16 0 21 0.01 M M 12.5 33 140 M M 0 3 53 260
14 87 64 76 6 0 11 0.00 M M 15.8 36 330 M M 0 49 340
15 88 59 74 4 0 9 0.01 M M 11.7 23 230 M M 3 36 280
16 89 55 72 1 0 7 0.00 M M 8.3 17 30 M M 1 24 70
17 94 66 80 9 0 15 0.00 M M 12.6 25 100 M M 2 37 110
18 99 67 83 12 0 18 0.00 M M 16.6 33 150 M M 0 43 160
19 98 75 87 16 0 22 0.00 M M 22.4 35 160 M M 0 47 150
20 99 72 86 14 0 21 0.06 M M 19.1 37 180 M M 1 3 57 180
21 84 60 72 0 0 7 0.00 M M 5.8 18 340 M M 1 24 330
22 90 51 71 -1 0 6 0.00 M M 8.1 18 170 M M 0 26 190
23 91 65 78 6 0 13 0.00 M M 10.7 21 140 M M 2 1 28 180
24 91 63 77 4 0 12 0.01 M M 8.1 23 180 M M 1 3 30 180
25 80 53 67 -6 0 2 0.00 M M 18.0 40 330 M M 1 51 320
26 81 47 64 -9 1 0 0.00 M M 6.8 17 320 M M 1 25 320
27 86 54 70 -3 0 5 0.00 M M 9.9 23 180 M M 4 36 150
28 95 53 74 1 0 9 0.00 M M 5.7 15 220 M M 0 21 200
29 99 63 81 7 0 16 0.00 M M 18.0 36 180 M M 0 49 160
30 99 73 86 12 0 21 0.00 M M 10.6 24 30 M M 0 33 30
================================================================================
SM 2630 1757 13 263 2.30 M 313.8 M 50
================================================================================
AV 87.7 58.6 10.5 FASTST M M 2 MAX(MPH)
MISC ----> 44 330 57 180
================================================================================
NOTES:
# LAST OF SEVERAL OCCURRENCES
COLUMN 17 PEAK WIND IN M.P.H.
PRELIMINARY LOCAL CLIMATOLOGICAL DATA (WS FORM: F-6) , PAGE 2
STATION: BROKEN BOW
MONTH: JUNE
YEAR: 2022
LATITUDE: 41 26 N
LONGITUDE: 99 39 W
[TEMPERATURE DATA] [PRECIPITATION DATA] SYMBOLS USED IN COLUMN 16
AVERAGE MONTHLY: 73.1 TOTAL FOR MONTH: 2.30 1 = FOG OR MIST
DPTR FM NORMAL: 2.8 DPTR FM NORMAL: -1.22 2 = FOG REDUCING VISIBILITY
HIGHEST: 103 ON 13 GRTST 24HR 0.93 ON 6- 7 TO 1/4 MILE OR LESS
LOWEST: 41 ON 2 3 = THUNDER
SNOW, ICE PELLETS, HAIL 4 = ICE PELLETS
TOTAL MONTH: M 5 = HAIL
GRTST 24HR M ON M 6 = FREEZING RAIN OR DRIZZLE
GRTST DEPTH: M ON M 7 = DUSTSTORM OR SANDSTORM:
VSBY 1/2 MILE OR LESS
8 = SMOKE OR HAZE
[NO. OF DAYS WITH] [WEATHER - DAYS WITH] 9 = BLOWING SNOW
X = TORNADO
MAX 32 OR BELOW: 0 0.01 INCH OR MORE: 11
MAX 90 OR ABOVE: 13 0.10 INCH OR MORE: 5
MIN 32 OR BELOW: 0 0.50 INCH OR MORE: 2
MIN 0 OR BELOW: 0 1.00 INCH OR MORE: 0
[HDD (BASE 65) ]
TOTAL THIS MO. 13 CLEAR (SCALE 0-3) 22
DPTR FM NORMAL -19 PTCLDY (SCALE 4-7) 8
TOTAL FM JUL 1 5846 CLOUDY (SCALE 8-10) 0
DPTR FM NORMAL -428
[CDD (BASE 65) ]
TOTAL THIS MO. 263
DPTR FM NORMAL 74 [PRESSURE DATA]
TOTAL FM JAN 1 338 HIGHEST SLP 30.42 ON 26
DPTR FM NORMAL 103 LOWEST SLP 29.32 ON 14
[REMARKS]
#FINAL-06-22#