000
CDUS44 KJAN 160642
CLIGLH


CLIMATE REPORT
NATIONAL WEATHER SERVICE JACKSON MS
138 AM CDT MON APR 16 2018


...................................

...THE GREENVILLE CLIMATE SUMMARY FOR APRIL 15 2018...

CLIMATE NORMAL PERIOD 1981 TO 2010
CLIMATE RECORD PERIOD 1903 TO 2018


WEATHER ITEM   OBSERVED TIME   RECORD YEAR NORMAL DEPARTURE LAST
                VALUE   (LST)  VALUE       VALUE  FROM      YEAR
                                                  NORMAL
..................................................................
TEMPERATURE (F)
 YESTERDAY
  MAXIMUM         52    519 PM  94    1925  74    -22       82
  MINIMUM         40   1133 PM  33    1950  52    -12       57
  AVERAGE         46                        63    -17       70

PRECIPITATION (IN)
  YESTERDAY        0.00          2.34 1927   0.17  -0.17     0.13
  MONTH TO DATE    3.71                      2.58   1.13     2.03
  SINCE MAR 1      9.73                      7.13   2.60     3.89
  SINCE JAN 1     22.72                     17.12   5.60    11.92

SNOWFALL (IN)
  YESTERDAY        0.0

DEGREE DAYS
 HEATING
  YESTERDAY       19                         4     15        0
  MONTH TO DATE  137                        83     54       26
  SINCE MAR 1    405                       419    -14      263
  SINCE JUL 1   2618                      2728   -110     1796

 COOLING
  YESTERDAY        0                         2     -2        5
  MONTH TO DATE    9                        21    -12       39
  SINCE MAR 1     30                        38     -8       84
  SINCE JAN 1     52                        43      9      113
..................................................................


WIND (MPH)
  HIGHEST WIND SPEED    20   HIGHEST WIND DIRECTION     W (280)
  HIGHEST GUST SPEED    26   HIGHEST GUST DIRECTION    NW (300)
  AVERAGE WIND SPEED    10.8


SKY COVER
  POSSIBLE SUNSHINE  MM
  AVERAGE SKY COVER 0.4


WEATHER CONDITIONS
 THE FOLLOWING WEATHER WAS RECORDED YESTERDAY.
  NO SIGNIFICANT WEATHER WAS OBSERVED.


RELATIVE HUMIDITY (PERCENT)
 HIGHEST    71           100 AM
 LOWEST     48           400 PM
 AVERAGE    60

..........................................................


THE GREENVILLE CLIMATE NORMALS FOR TODAY
                         NORMAL    RECORD    YEAR
 MAXIMUM TEMPERATURE (F)   75        90      1924
                                             1914
 MINIMUM TEMPERATURE (F)   52        32      1926


SUNRISE AND SUNSET
APRIL 16 2018.........SUNRISE   632 AM CDT   SUNSET   736 PM CDT
APRIL 17 2018.........SUNRISE   631 AM CDT   SUNSET   736 PM CDT


-  INDICATES NEGATIVE NUMBERS.
R  INDICATES RECORD WAS SET OR TIED.
MM INDICATES DATA IS MISSING.
T  INDICATES TRACE AMOUNT.




$$
