000
CDUS44 KJAN 042111
CLIGLH


CLIMATE REPORT
NATIONAL WEATHER SERVICE JACKSON MS
409 PM CDT WED APR 4 2018


...................................

...THE GREENVILLE CLIMATE SUMMARY FOR APRIL 4 2018...
VALID TODAY AS OF 0400 PM LOCAL TIME.

CLIMATE NORMAL PERIOD 1981 TO 2010
CLIMATE RECORD PERIOD 1903 TO 2018


WEATHER ITEM   OBSERVED TIME   RECORD YEAR NORMAL DEPARTURE LAST
                VALUE   (LST)  VALUE       VALUE  FROM      YEAR
                                                  NORMAL
..................................................................
TEMPERATURE (F)
 TODAY
  MAXIMUM         63        MM  92    1934  71     -8       81
  MINIMUM         42        MM  31    1987  48     -6       54
  AVERAGE         53                        60     -7       68

PRECIPITATION (IN)
  TODAY            0.00          2.90 2008   0.17  -0.17     0.00
  MONTH TO DATE    0.21                      0.76  -0.55     1.90
  SINCE MAR 1      6.23                      5.31   0.92     3.76
  SINCE JAN 1     19.22                     15.30   3.92    11.79

SNOWFALL (IN)
  TODAY            0.0

DEGREE DAYS
 HEATING
  TODAY           12                         6      6        0
  MONTH TO DATE   16                        27    -11        0
  SINCE MAR 1    284                       363    -79      237
  SINCE JUL 1   2497                      2672   -175     1770

 COOLING
  TODAY            0                         1     -1        3
  MONTH TO DATE    1                         4     -3        9
  SINCE MAR 1     22                        21      1       54
  SINCE JAN 1     44                        26     18       83
..................................................................


WIND (MPH)
  HIGHEST WIND SPEED    16   HIGHEST WIND DIRECTION     N (10)
  HIGHEST GUST SPEED    24   HIGHEST GUST DIRECTION     N (10)
  AVERAGE WIND SPEED    12.7


SKY COVER
  POSSIBLE SUNSHINE  MM
  AVERAGE SKY COVER 0.0


WEATHER CONDITIONS
 THE FOLLOWING WEATHER WAS RECORDED TODAY.
  NO SIGNIFICANT WEATHER WAS OBSERVED.


RELATIVE HUMIDITY (PERCENT)
 HIGHEST    70           400 AM
 LOWEST     38           200 PM
 AVERAGE    54

..........................................................


THE GREENVILLE CLIMATE NORMALS FOR TOMORROW
                         NORMAL    RECORD    YEAR
 MAXIMUM TEMPERATURE (F)   71        86      1967
                                             1929
 MINIMUM TEMPERATURE (F)   49        33      1920


SUNRISE AND SUNSET
APRIL  4 2018.........SUNRISE   648 AM CDT   SUNSET   727 PM CDT
APRIL  5 2018.........SUNRISE   646 AM CDT   SUNSET   727 PM CDT


-  INDICATES NEGATIVE NUMBERS.
R  INDICATES RECORD WAS SET OR TIED.
MM INDICATES DATA IS MISSING.
T  INDICATES TRACE AMOUNT.




$$
