000
CXUS54 KEWX 011110
CF63T5
PRELIMINARY LOCAL CLIMATOLOGICAL DATA (WS FORM: F-6)
STATION: LA GRANGE
MONTH: FEBRUARY
YEAR: 2023
LATITUDE: 29 54 N
LONGITUDE: 96 57 W
TEMPERATURE IN F: :PCPN: SNOW: WIND :SUNSHINE: SKY :PK WND
================================================================================
1 2 3 4 5 6A 6B 7 8 9 10 11 12 13 14 15 16 17 18
12Z AVG MX 2MIN
DY MAX MIN AVG DEP HDD CDD WTR SNW DPTH SPD SPD DIR MIN PSBL S-S WX SPD DR
================================================================================
1 34 31 33 M 32 0 0.04 M M 9.2 13 350 M M 10 1 21 350
2 40 33 37 M 28 0 T M M 10.6 18 320 M M 10 13 21 340
3 51 35 43 M 22 0 0.00 M M 6.7 17 330 M M 7 1 21 330
4 64 31 48 M 17 0 0.00 M M 4.7 14 180 M M 5 12 17 180
5 73 41 57 M 8 0 0.00 M M 4.3 12 230 M M 2 12 M M
6 75 55 65 M 0 0 0.00 M M 11.4 18 170 M M 8 1 28 170
7 73 63 68 M 0 3 0.09 M M 8.2 14 150 M M 10 1 20 140
8 68 43 56 M 9 0 0.28 M M 8.6 17 310 M M 7 1 23 310
9 70 38 54 M 11 0 0.00 M M 5.6 9 170 M M 0 1 M M
10 55 38 47 M 18 0 0.00 M M 13.3 23 330 M M 2 35 350
11 38 34 36 M 29 0 0.00 M M 6.3 9 310 M M 0 M M
12 M M M M M M 0.00 M M M M M M M M M M
13 71 41 56 M 9 0 0.00 M M 8.5 16 180 M M 6 23 170
14 80 53 67 M 0 2 0.02 M M 10.1 17 180 M M 5 23 180
15 78 58 68 M 0 3 0.00 M M 9.8 20 170 M M 8 1 25 150
16 72 43 58 M 7 0 T M M 14.1 18 350 M M 9 37 360
17 52 35 44 M 21 0 0.00 M M 9.6 16 340 M M 1 23 360
18 56 31 44 M 21 0 0.00 M M 3.2 10 160 M M 1 M M
19 73 41 57 M 8 0 T M M 4.3 13 180 M M 1 20 240
20 79 61 70 M 0 5 0.00 M M 7.1 15 210 M M 6 1 22 210
21 82 62 72 M 0 7 0.00 M M 12.7 20 170 M M 6 1 30 M
22 85 68 77 M 0 12 T M M 11.2 18 180 M M 5 1 31 170
23 79 61 70 M 0 5 0.00 M M 8.5 14 350 M M 9 17 150
24 61 53 57 M 8 0 T M M 8.8 13 330 M M 10 18 350
25 71 50 61 M 4 0 0.00 M M 5.5 12 350 M M 7 1 M M
26 80 58 69 M 0 4 T M M 10.1 21 170 M M 8 1 26 170
27 80 53 67 M 0 2 T M M 7.0 17 180 M M 4 18 24 180
28 83 52 68 M 0 3 0.00 M M 5.5 14 160 M M 4 18 M M
================================================================================
SM 1823 1262 252 46 0.43 M 225.0 M 151
================================================================================
AV 67.5 46.7 8.3 FASTST M M 6 MAX(MPH)
MISC ----> 23 330 37 360
================================================================================
NOTES:
# LAST OF SEVERAL OCCURRENCES
COLUMN 17 PEAK WIND IN M.P.H.
PRELIMINARY LOCAL CLIMATOLOGICAL DATA (WS FORM: F-6) , PAGE 2
STATION: LA GRANGE
MONTH: FEBRUARY
YEAR: 2023
LATITUDE: 29 54 N
LONGITUDE: 96 57 W
[TEMPERATURE DATA] [PRECIPITATION DATA] SYMBOLS USED IN COLUMN 16
AVERAGE MONTHLY: 57.1 TOTAL FOR MONTH: 0.43 1 = FOG OR MIST
DPTR FM NORMAL: 0.0 DPTR FM NORMAL: 0.43 2 = FOG REDUCING VISIBILITY
HIGHEST: 85 ON 22 GRTST 24HR 0.28 ON 8- 8 TO 1/4 MILE OR LESS
LOWEST: 31 ON 18, 4 3 = THUNDER
SNOW, ICE PELLETS, HAIL 4 = ICE PELLETS
TOTAL MONTH: M 5 = HAIL
GRTST 24HR M ON M 6 = FREEZING RAIN OR DRIZZLE
GRTST DEPTH: M ON M 7 = DUSTSTORM OR SANDSTORM:
VSBY 1/2 MILE OR LESS
8 = SMOKE OR HAZE
[NO. OF DAYS WITH] [WEATHER - DAYS WITH] 9 = BLOWING SNOW
X = TORNADO
MAX 32 OR BELOW: 0 0.01 INCH OR MORE: 4
MAX 90 OR ABOVE: 0 0.10 INCH OR MORE: 1
MIN 32 OR BELOW: 3 0.50 INCH OR MORE: 0
MIN 0 OR BELOW: 0 1.00 INCH OR MORE: 0
[HDD (BASE 65) ]
TOTAL THIS MO. 252 CLEAR (SCALE 0-3) 7
DPTR FM NORMAL M PTCLDY (SCALE 4-7) 14
TOTAL FM JUL 1 933 CLOUDY (SCALE 8-10) 7
DPTR FM NORMAL M
[CDD (BASE 65) ]
TOTAL THIS MO. 46
DPTR FM NORMAL M [PRESSURE DATA]
TOTAL FM JAN 1 70 HIGHEST SLP M ON M
DPTR FM NORMAL M LOWEST SLP M ON M
[REMARKS]
#FINAL-02-23#