000
CXUS53 KABR 011200
CF68D3
PRELIMINARY LOCAL CLIMATOLOGICAL DATA (WS FORM: F-6)
STATION: SISSETON SD
MONTH: FEBRUARY
YEAR: 2024
LATITUDE: 45 40 N
LONGITUDE: 96 59 W
TEMPERATURE IN F: :PCPN: SNOW: WIND :SUNSHINE: SKY :PK WND
================================================================================
1 2 3 4 5 6A 6B 7 8 9 10 11 12 13 14 15 16 17 18
12Z AVG MX 2MIN
DY MAX MIN AVG DEP HDD CDD WTR SNW DPTH SPD SPD DIR MIN PSBL S-S WX SPD DR
================================================================================
1 47 27 37 23 28 0 0.00 0.0 0 4.4 10 60 M M 0 12 60
2 37 28 33 19 32 0 0.00 0.0 0 13.1 24 150 M M 0 32 140
3 35 32 34 20 31 0 0.00 0.0 0 14.6 21 140 M M 0 27 150
4 33 30 32 18 33 0 T 0.0 0 4.5 12 140 M M 0 14 150
5 45 30 38 23 27 0 0.00 0.0 0 7.9 14 120 M M 0 19 140
6 42 33 38 23 27 0 0.00 0.0 0 4.8 17 200 M M 0 22 200
7 50 33 42 27 23 0 0.00 0.0 0 8.9 20 140 M M 0 24 130
8 47 30 39 24 26 0 0.05 T 0 13.7 26 300 M M 0 36 310
9 31 26 29 13 36 0 0.00 0.0 0 17.6 26 320 M M 0 35 320
10 33 22 28 12 37 0 0.00 0.0 0 10.0 18 320 M M 0 24 320
11 45 17 31 15 34 0 0.00 0.0 0 11.7 24 250 M M 0 33 240
12 40 25 33 17 32 0 0.00 0.0 0 9.2 15 350 M M 0 21 320
13 39 19 29 12 36 0 0.00 0.0 0 7.0 16 160 M M 0 21 150
14 31 17 24 7 41 0 0.09 0.5 0 8.6 15 340 M M 0 20 340
15 30 12 21 4 44 0 T T 1 9.2 15 320 M M 0 21 320
16 18 5 12 -6 53 0 T 0.1 T 14.2 24 320 M M 0 34 330
17 42 14 28 10 37 0 0.00 0.0 T 19.9 35 260 M M 0 52 240
18 41 21 31 13 34 0 0.00 0.0 0 7.9 20 320 M M 0 27 330
19 38 20 29 10 36 0 0.00 0.0 0 7.8 18 150 M M 0 24 150
20 47 19 33 14 32 0 0.00 0.0 0 4.4 13 320 M M 0 18 290
21 58 24 41 21 24 0 0.00 0.0 0 4.8 14 260 M M 0 19 260
22 48 33 41 21 24 0 0.00 0.0 0 14.1 25 330 M M 0 32 300
23 41 18 30 10 35 0 0.00 0.0 0 11.5 18 350 M M 0 24 350
24 53 18 36 15 29 0 0.00 0.0 0 13.7 29 220 M M 0 40 220
25 41 28 35 14 30 0 0.00 0.0 0 7.1 15 330 M M 0 20 330
26 65 30 48 26 17 0 0.00 0.0 0 10.1 21 160 M M 0 28 160
27 36 2 19 -3 46 0 T T 0 27.5 41 330 M M 0 55 330
28 21 -4 9 -14 56 0 0.00 0.0 T 10.1 26 340 M M 0 32 340
29 52 11 32 9 33 0 0.00 0.0 0 12.3 21 150 M M 0 25 170
================================================================================
SM 1186 620 973 0 0.14 0.6 310.6 M 0
================================================================================
AV 40.9 21.4 10.7 FASTST M M 0 MAX(MPH)
MISC ----> 41 330 55 330
================================================================================
NOTES:
# LAST OF SEVERAL OCCURRENCES
COLUMN 17 PEAK WIND IN M.P.H.
PRELIMINARY LOCAL CLIMATOLOGICAL DATA (WS FORM: F-6) , PAGE 2
STATION: SISSETON SD
MONTH: FEBRUARY
YEAR: 2024
LATITUDE: 45 40 N
LONGITUDE: 96 59 W
[TEMPERATURE DATA] [PRECIPITATION DATA] SYMBOLS USED IN COLUMN 16
AVERAGE MONTHLY: 31.1 TOTAL FOR MONTH: 0.14 1 = FOG OR MIST
DPTR FM NORMAL: 13.5 DPTR FM NORMAL: -0.56 2 = FOG REDUCING VISIBILITY
HIGHEST: 65 ON 26 GRTST 24HR 0.09 ON 14-14 TO 1/4 MILE OR LESS
LOWEST: -4 ON 28 3 = THUNDER
SNOW, ICE PELLETS, HAIL 4 = ICE PELLETS
TOTAL MONTH: 0.6 INCH 5 = HAIL
GRTST 24HR 0.5 ON 14-14 6 = FREEZING RAIN OR DRIZZLE
GRTST DEPTH: 1 ON 15 7 = DUSTSTORM OR SANDSTORM:
VSBY 1/2 MILE OR LESS
8 = SMOKE OR HAZE
[NO. OF DAYS WITH] [WEATHER - DAYS WITH] 9 = BLOWING SNOW
X = TORNADO
MAX 32 OR BELOW: 5 0.01 INCH OR MORE: 2
MAX 90 OR ABOVE: 0 0.10 INCH OR MORE: 0
MIN 32 OR BELOW: 26 0.50 INCH OR MORE: 0
MIN 0 OR BELOW: 1 1.00 INCH OR MORE: 0
[HDD (BASE 65) ]
TOTAL THIS MO. 973 CLEAR (SCALE 0-3) 29
DPTR FM NORMAL -354 PTCLDY (SCALE 4-7) 0
TOTAL FM JUL 1 5052 CLOUDY (SCALE 8-10) 0
DPTR FM NORMAL -1165
[CDD (BASE 65) ]
TOTAL THIS MO. 0
DPTR FM NORMAL 0 [PRESSURE DATA]
TOTAL FM JAN 1 0 HIGHEST SLP 30.51 ON 16
DPTR FM NORMAL 0 LOWEST SLP 29.25 ON 8
[REMARKS]
#FINAL-02-24#