000
CXUS55 KABR 011100
CF68D3
PRELIMINARY LOCAL CLIMATOLOGICAL DATA (WS FORM: F-6)
STATION: SISSETON SD
MONTH: APRIL
YEAR: 2021
LATITUDE: 45 40 N
LONGITUDE: 96 59 W
TEMPERATURE IN F: :PCPN: SNOW: WIND :SUNSHINE: SKY :PK WND
================================================================================
1 2 3 4 5 6A 6B 7 8 9 10 11 12 13 14 15 16 17 18
12Z AVG MX 2MIN
DY MAX MIN AVG DEP HDD CDD WTR SNW DPTH SPD SPD DIR MIN PSBL S-S WX SPD DR
================================================================================
1 57 15 36 -1 29 0 0.00 0.0 0 14.8 26 180 M M 0 33 180
2 70 36 53 15 12 0 0.00 0.0 0 15.8 28 150 M M 0 37 160
3 73 30 52 14 13 0 0.00 0.0 0 9.1 22 140 M M M 29 140
4 73 32 53 14 12 0 0.00 0.0 0 6.9 17 330 M M 0 21 320
5 79 36 58 19 7 0 0.00 0.0 0 10.4 31 350 M M 0 38 350
6 52 35 44 4 21 0 0.32 0.0 0 14.2 24 360 M M 0 32 360
7 46 41 44 4 21 0 1.56 0.0 0 18.1 29 360 M M 0 36 10
8 45 43 44 3 21 0 0.46 0.0 0 16.9 24 340 M M 0 31 330
9 55 41 48 7 17 0 0.02 0.0 0 17.6 31 330 M M 0 40 330
10 60 36 48 6 17 0 0.00 0.0 0 8.3 18 360 M M 0 23 310
11 63 32 48 6 17 0 0.02 0.0 0 7.5 23 290 M M 0 30 310
12 46 33 40 -3 25 0 0.03 T 0 20.4 30 320 M M 0 40 330
13 36 26 31 -12 34 0 T T 0 19.6 29 300 M M 0 36 300
14 42 29 36 -8 29 0 0.00 0.0 0 18.0 25 340 M M 0 34 350
15 45 30 38 -6 27 0 0.00 0.0 0 12.1 18 10 M M 0 23 360
16 53 37 45 0 20 0 T 0.0 0 14.0 25 350 M M 0 31 350
17 58 36 47 2 18 0 0.01 0.0 0 11.1 22 330 M M 0 28 340
18 64 29 47 1 18 0 0.00 0.0 0 20.1 36 350 M M 0 45 350
19 44 27 36 -10 29 0 T T 0 18.3 30 360 M M 0 40 350
20 43 20 32 -15 33 0 T T 0 9.0 21 10 M M 0 26 350
21 54 21 38 -9 27 0 0.00 0.0 0 13.8 25 310 M M 0 33 300
22 65 41 53 5 12 0 T 0.0 0 18.6 25 210 M M 0 35 240
23 51 34 43 -5 22 0 0.01 0.0 0 12.7 24 340 M M 0 30 340
24 50 25 38 -11 27 0 0.00 0.0 0 9.4 18 350 M M 0 25 350
25 42 33 38 -11 27 0 0.04 T 0 14.2 30 130 M M 0 39 130
26 54 37 46 -4 19 0 0.19 0.0 0 8.7 17 120 M M 0 22 130
27 59 43 51 1 14 0 0.00 0.0 0 8.1 18 350 M M 0 22 340
28 70 35 53 3 12 0 0.00 0.0 0 3.5 13 330 M M 0 17 330
29 72 37 55 4 10 0 0.00 0.0 0 15.0 26 320 M M 0 35 310
30 70 39 55 4 10 0 0.00 0.0 0 13.0 23 150 M M 0 28 160
================================================================================
SM 1691 989 600 0 2.66 T 399.2 M 0
================================================================================
AV 56.4 33.0 13.3 FASTST M M 0 MAX(MPH)
MISC ----> 36 350 45 350
================================================================================
NOTES:
# LAST OF SEVERAL OCCURRENCES
COLUMN 17 PEAK WIND IN M.P.H.
PRELIMINARY LOCAL CLIMATOLOGICAL DATA (WS FORM: F-6) , PAGE 2
STATION: SISSETON SD
MONTH: APRIL
YEAR: 2021
LATITUDE: 45 40 N
LONGITUDE: 96 59 W
[TEMPERATURE DATA] [PRECIPITATION DATA] SYMBOLS USED IN COLUMN 16
AVERAGE MONTHLY: 44.7 TOTAL FOR MONTH: 2.66 1 = FOG OR MIST
DPTR FM NORMAL: 0.2 DPTR FM NORMAL: 0.38 2 = FOG REDUCING VISIBILITY
HIGHEST: 79 ON 5 GRTST 24HR 1.66 ON 6- 7 TO 1/4 MILE OR LESS
LOWEST: 15 ON 1 3 = THUNDER
SNOW, ICE PELLETS, HAIL 4 = ICE PELLETS
TOTAL MONTH: T 5 = HAIL
GRTST 24HR T ON 12-12 6 = FREEZING RAIN OR DRIZZLE
GRTST DEPTH: 0 7 = DUSTSTORM OR SANDSTORM:
VSBY 1/2 MILE OR LESS
8 = SMOKE OR HAZE
[NO. OF DAYS WITH] [WEATHER - DAYS WITH] 9 = BLOWING SNOW
X = TORNADO
MAX 32 OR BELOW: 0 0.01 INCH OR MORE: 10
MAX 90 OR ABOVE: 0 0.10 INCH OR MORE: 4
MIN 32 OR BELOW: 12 0.50 INCH OR MORE: 1
MIN 0 OR BELOW: 0 1.00 INCH OR MORE: 1
[HDD (BASE 65) ]
TOTAL THIS MO. 600 CLEAR (SCALE 0-3) 29
DPTR FM NORMAL -17 PTCLDY (SCALE 4-7) 0
TOTAL FM JUL 1 7016 CLOUDY (SCALE 8-10) 1
DPTR FM NORMAL -943
[CDD (BASE 65) ]
TOTAL THIS MO. 0
DPTR FM NORMAL -1 [PRESSURE DATA]
TOTAL FM JAN 1 0 HIGHEST SLP 30.56 ON 1
DPTR FM NORMAL -1 LOWEST SLP 29.49 ON 5
[REMARKS]
#FINAL-04-21#