000
CXUS52 KTAE 010900
CF6AAF
PRELIMINARY LOCAL CLIMATOLOGICAL DATA (WS FORM: F-6)
STATION: APALACHICOLA
MONTH: DECEMBER
YEAR: 2022
LATITUDE: 29 43 N
LONGITUDE: 85 2 W
TEMPERATURE IN F: :PCPN: SNOW: WIND :SUNSHINE: SKY :PK WND
================================================================================
1 2 3 4 5 6A 6B 7 8 9 10 11 12 13 14 15 16 17 18
12Z AVG MX 2MIN
DY MAX MIN AVG DEP HDD CDD WTR SNW DPTH SPD SPD DIR MIN PSBL S-S WX SPD DR
================================================================================
1 68 44 56 -3 9 0 0.00 0.0 0 9.9 18 50 M M 0 25 20
2 70 49 60 1 5 0 0.00 0.0 0 8.0 16 110 M M 0 23 100
3 76 53 65 7 0 0 0.00 0.0 0 3.8 13 130 M M 0 1 18 150
4 75 58 67 9 0 2 0.03 0.0 0 1.9 9 200 M M 4 12 12 210
5 73 54 64 6 1 0 0.00 0.0 0 3.6 10 170 M M 5 12 13 160
6 78 61 70 12 0 5 0.00 0.0 0 4.7 10 140 M M 5 12 13 160
7 77 61 69 11 0 4 0.00 0.0 0 2.6 10 170 M M 3 12 13 160
8 82 57 70 12 0 5 0.00 0.0 0 3.2 14 300 M M 6 12 16 300
9 79 60 70 12 0 5 0.00 M M 2.9 12 270 M M 5 12 14 230
10 64 57 61 4 4 0 0.00 0.0 0 2.8 6 340 M M 9 12 M M
11 72 61 67 10 0 2 0.00 0.0 M 4.8 12 150 M M 0 1 15 110
12 74 64 69 12 0 4 T 0.0 M 7.0 13 110 M M 0 1 18 110
13 68 63 66 9 0 1 0.00 0.0 0 10.8 17 110 M M 0 27 100
14 74 64 69 12 0 4 1.19 0.0 M 12.8 24 340 M M 1 13 28 340
15 73 46 60 3 5 0 0.87 0.0 M 10.2 30 240 M M 1 13 37 230
16 66 41 54 -2 11 0 0.00 0.0 M 5.2 13 310 M M 0 17 330
17 68 39 54 -2 11 0 0.00 0.0 M 5.4 15 360 M M 0 20 340
18 59 37 48 -8 17 0 0.00 0.0 M 7.4 18 10 M M 1 25 20
19 60 36 48 -8 17 0 0.00 0.0 M 8.3 17 40 M M 0 24 40
20 63 50 57 1 8 0 1.22 0.0 M 10.9 22 90 M M 3 13 31 90
21 54 48 51 -5 14 0 0.00 0.0 M 9.2 17 30 M M 8 1 22 30
22 60 51 56 0 9 0 0.00 0.0 0 6.7 12 100 M M 7 1 16 110
23 57 27 42 -14 23 0 0.01 0.0 0 12.7 26 360 M M 2 12 36 350
24 40 21 31 -24 34 0 0.00 0.0 0 10.2 18 340 M M 0 26 350
25 47 24 36 -19 29 0 0.00 0.0 0 5.9 17 350 M M 0 24 350
26 55 25 40 -15 25 0 0.00 0.0 0 3.1 9 150 M M 1 14 20
27 57 34 46 -9 19 0 0.00 0.0 0 5.3 12 140 M M 2 14 160
28 62 36 49 -6 16 0 0.00 0.0 0 7.7 16 80 M M 2 23 90
29 69 51 60 5 5 0 0.00 0.0 0 8.3 16 120 M M 1 24 100
30 66 55 61 6 4 0 0.11 0.0 0 8.4 15 120 M M 0 13 21 100
31 73 59 66 11 0 1 0.40 M M 6.3 20 160 M M 4 1 25 160
================================================================================
SM 2059 1486 266 33 3.83 0.0 210.0 M 70
================================================================================
AV 66.4 47.9 6.8 FASTST M M 2 MAX(MPH)
MISC ----> 30 240 37 230
================================================================================
NOTES:
# LAST OF SEVERAL OCCURRENCES
COLUMN 17 PEAK WIND IN M.P.H.
PRELIMINARY LOCAL CLIMATOLOGICAL DATA (WS FORM: F-6) , PAGE 2
STATION: APALACHICOLA
MONTH: DECEMBER
YEAR: 2022
LATITUDE: 29 43 N
LONGITUDE: 85 2 W
[TEMPERATURE DATA] [PRECIPITATION DATA] SYMBOLS USED IN COLUMN 16
AVERAGE MONTHLY: 57.2 TOTAL FOR MONTH: 3.83 1 = FOG OR MIST
DPTR FM NORMAL: 0.7 DPTR FM NORMAL: 0.24 2 = FOG REDUCING VISIBILITY
HIGHEST: 82 ON 8 GRTST 24HR 2.06 ON 14-15 TO 1/4 MILE OR LESS
LOWEST: 21 ON 24 3 = THUNDER
SNOW, ICE PELLETS, HAIL 4 = ICE PELLETS
TOTAL MONTH: 0.0 INCH 5 = HAIL
GRTST 24HR 0.0 6 = FREEZING RAIN OR DRIZZLE
GRTST DEPTH: 0 7 = DUSTSTORM OR SANDSTORM:
VSBY 1/2 MILE OR LESS
8 = SMOKE OR HAZE
[NO. OF DAYS WITH] [WEATHER - DAYS WITH] 9 = BLOWING SNOW
X = TORNADO
MAX 32 OR BELOW: 0 0.01 INCH OR MORE: 7
MAX 90 OR ABOVE: 0 0.10 INCH OR MORE: 5
MIN 32 OR BELOW: 4 0.50 INCH OR MORE: 3
MIN 0 OR BELOW: 0 1.00 INCH OR MORE: 2
[HDD (BASE 65) ]
TOTAL THIS MO. 266 CLEAR (SCALE 0-3) 22
DPTR FM NORMAL -18 PTCLDY (SCALE 4-7) 8
TOTAL FM JUL 1 412 CLOUDY (SCALE 8-10) 1
DPTR FM NORMAL -36
[CDD (BASE 65) ]
TOTAL THIS MO. 33
DPTR FM NORMAL 11 [PRESSURE DATA]
TOTAL FM JAN 1 2861 HIGHEST SLP 30.47 ON 24
DPTR FM NORMAL 123 LOWEST SLP 29.72 ON 15
[REMARKS]
#FINAL-12-22#