000
CXUS56 KMFR 022220
CF6AAT
PRELIMINARY LOCAL CLIMATOLOGICAL DATA (WS FORM: F-6)
STATION: ALTURAS CA
MONTH: MARCH
YEAR: 2022
LATITUDE: 41 29 N
LONGITUDE: 120 34 W
TEMPERATURE IN F: :PCPN: SNOW: WIND :SUNSHINE: SKY :PK WND
================================================================================
1 2 3 4 5 6A 6B 7 8 9 10 11 12 13 14 15 16 17 18
12Z AVG MX 2MIN
DY MAX MIN AVG DEP HDD CDD WTR SNW DPTH SPD SPD DIR MIN PSBL S-S WX SPD DR
================================================================================
1 65 31 48 11 17 0 0.00 M M 4.8 20 260 M M 0 8 26 250
2 68 29 49 12 16 0 0.00 M M 6.2 21 210 M M 2 8 33 210
3 46 29 38 0 27 0 0.08 M M 4.3 13 10 M M 9 1 19 30
4 42 29 36 -2 29 0 0.27 M M 6.2 25 240 M M 9 1 38 240
5 41 25 33 -5 32 0 T M M 12.1 24 360 M M 8 8 34 360
6 46 15 31 -7 34 0 0.00 M M 5.5 17 350 M M 0 24 30
7 51 19 35 -3 30 0 0.00 M M 3.6 10 120 M M 0 8 16 30
8 52 21 37 -1 28 0 0.00 M M 8.1 25 310 M M 3 8 34 310
9 49 24 37 -2 28 0 0.00 M M 10.4 29 310 M M 8 38 290
10 47 12 30 -9 35 0 0.00 M M 5.0 15 10 M M 0 8 22 10
11 60 11 36 -3 29 0 0.00 M M 0.8 8 150 M M 0 8 12 330
12 62 18 40 1 25 0 0.00 M M 10.5 32 210 M M 2 8 48 230
13 45 27 36 -3 29 0 0.09 M M 9.3 23 260 M M 7 18 36 260
14 63 23 43 3 22 0 0.00 M M 6.6 21 250 M M 5 18 26 250
15 53 36 45 5 20 0 0.10 M M 7.4 22 290 M M 9 1 30 240
16 55 24 40 0 25 0 0.00 M M 2.7 12 310 M M 3 8 17 300
17 57 21 39 -1 26 0 0.00 M M 4.8 17 240 M M 5 18 25 250
18 62 18 40 0 25 0 0.00 M M 4.6 16 260 M M 0 18 24 260
19 50 28 39 -1 26 0 0.03 M M 9.0 24 270 M M 7 1 32 310
20 48 16 32 -8 33 0 0.00 M M 3.5 13 310 M M 2 1 17 310
21 58 22 40 0 25 0 0.00 M M 4.2 17 350 M M 7 8 25 320
22 68 31 50 10 15 0 0.00 M M 4.5 14 60 M M 2 1 20 90
23 72 28 50 9 15 0 0.00 M M 6.2 23 260 M M 0 30 250
24 72 24 48 7 17 0 0.00 M M 3.8 16 250 M M 0 24 260
25 72 28 50 9 15 0 0.00 M M 5.5 20 260 M M 0 27 250
26 70 24 47 6 18 0 0.00 M M 3.0 16 160 M M 0 24 200
27 65 37 51 10 14 0 0.00 M M 5.1 22 230 M M 2 29 220
28 58 35 47 6 18 0 0.02 M M 6.3 18 270 M M 7 8 29 240
29 63 36 50 9 15 0 0.00 M M 4.7 14 250 M M 3 8 19 310
30 55 31 43 2 22 0 0.00 M M 6.3 16 320 M M 4 23 300
31 56 18 37 -4 28 0 0.00 M M 3.5 13 310 M M 0 16 310
================================================================================
SM 1771 770 738 0 0.59 M 178.5 M 104
================================================================================
AV 57.1 24.8 5.8 FASTST M M 3 MAX(MPH)
MISC ----> 32 210 48 230
================================================================================
NOTES:
# LAST OF SEVERAL OCCURRENCES
COLUMN 17 PEAK WIND IN M.P.H.
PRELIMINARY LOCAL CLIMATOLOGICAL DATA (WS FORM: F-6) , PAGE 2
STATION: ALTURAS CA
MONTH: MARCH
YEAR: 2022
LATITUDE: 41 29 N
LONGITUDE: 120 34 W
[TEMPERATURE DATA] [PRECIPITATION DATA] SYMBOLS USED IN COLUMN 16
AVERAGE MONTHLY: 41.0 TOTAL FOR MONTH: 0.59 1 = FOG OR MIST
DPTR FM NORMAL: 1.4 DPTR FM NORMAL: -0.79 2 = FOG REDUCING VISIBILITY
HIGHEST: 72 ON 25,24 GRTST 24HR 0.32 ON 3- 4 TO 1/4 MILE OR LESS
LOWEST: 11 ON 11 3 = THUNDER
SNOW, ICE PELLETS, HAIL 4 = ICE PELLETS
TOTAL MONTH: M 5 = HAIL
GRTST 24HR M ON M 6 = FREEZING RAIN OR DRIZZLE
GRTST DEPTH: M ON M 7 = DUSTSTORM OR SANDSTORM:
VSBY 1/2 MILE OR LESS
8 = SMOKE OR HAZE
[NO. OF DAYS WITH] [WEATHER - DAYS WITH] 9 = BLOWING SNOW
X = TORNADO
MAX 32 OR BELOW: 0 0.01 INCH OR MORE: 6
MAX 90 OR ABOVE: 0 0.10 INCH OR MORE: 2
MIN 32 OR BELOW: 27 0.50 INCH OR MORE: 0
MIN 0 OR BELOW: 0 1.00 INCH OR MORE: 0
[HDD (BASE 65) ]
TOTAL THIS MO. 738 CLEAR (SCALE 0-3) 17
DPTR FM NORMAL -50 PTCLDY (SCALE 4-7) 10
TOTAL FM JUL 1 5307 CLOUDY (SCALE 8-10) 4
DPTR FM NORMAL -72
[CDD (BASE 65) ]
TOTAL THIS MO. 0
DPTR FM NORMAL 0 [PRESSURE DATA]
TOTAL FM JAN 1 0 HIGHEST SLP 30.53 ON 7
DPTR FM NORMAL 0 LOWEST SLP 29.58 ON 27
[REMARKS]
#FINAL-03-22#