000
CXUS54 KSJT 011100
CF6ABI
PRELIMINARY LOCAL CLIMATOLOGICAL DATA (WS FORM: F-6)
STATION: ABILENE
MONTH: JANUARY
YEAR: 2022
LATITUDE: 32 25 N
LONGITUDE: 99 41 W
TEMPERATURE IN F: :PCPN: SNOW: WIND :SUNSHINE: SKY :PK WND
================================================================================
1 2 3 4 5 6A 6B 7 8 9 10 11 12 13 14 15 16 17 18
12Z AVG MX 2MIN
DY MAX MIN AVG DEP HDD CDD WTR SNW DPTH SPD SPD DIR MIN PSBL S-S WX SPD DR
================================================================================
1 70 27 49 3 16 0 0.06 0.0 0 13.5 26 270 M M 5 8 34 280
2 43 19 31 -15 34 0 0.00 0.0 0 9.8 20 340 M M 0 26 340
3 58 25 42 -4 23 0 0.00 0.0 0 9.1 20 200 M M 0 23 200
4 71 37 54 8 11 0 0.00 0.0 0 12.8 25 220 M M 0 35 220
5 58 34 46 0 19 0 0.00 0.0 0 7.5 16 10 M M 0 23 20
6 38 22 30 -16 35 0 0.00 0.0 0 12.3 28 360 M M 0 39 350
7 53 16 35 -11 30 0 0.00 0.0 0 9.7 25 170 M M 1 35 150
8 73 50 62 16 3 0 0.00 0.0 0 14.6 25 190 M M 5 39 180
9 56 33 45 -1 20 0 0.00 0.0 0 16.3 28 350 M M 4 37 360
10 53 27 40 -6 25 0 0.00 0.0 0 5.0 14 360 M M 0 20 10
11 48 31 40 -6 25 0 0.13 0.0 0 8.3 17 210 M M 5 24 200
12 67 33 50 4 15 0 0.00 0.0 0 6.2 13 210 M M 0 18 210
13 75 30 53 7 12 0 0.00 0.0 0 3.8 12 160 M M 0 15 140
14 80 42 61 15 4 0 0.00 0.0 0 17.2 45 350 M M 0 8 64 360
15 45 30 38 -8 27 0 0.00 0.0 0 22.3 39 340 M M 0 8 57 360
16 70 20 45 -1 20 0 0.00 0.0 0 6.2 16 270 M M 0 21 250
17 70 25 48 2 17 0 0.00 0.0 0 7.7 18 190 M M 0 25 200
18 79 51 65 19 0 0 0.00 0.0 0 15.9 29 240 M M 0 37 220
19 62 31 47 1 18 0 0.00 0.0 0 17.3 30 360 M M 3 39 360
20 34 22 28 -18 37 0 0.00 0.0 0 16.5 29 360 M M 8 8 38 10
21 49 16 33 -13 32 0 0.00 0.0 0 7.3 13 150 M M 1 18 140
22 55 21 38 -9 27 0 0.00 0.0 0 4.3 10 140 M M 1 13 120
23 62 31 47 0 18 0 0.00 0.0 0 5.9 15 210 M M 2 22 210
24 60 36 48 1 17 0 T 0.0 0 6.2 15 190 M M 2 20 190
25 61 27 44 -3 21 0 0.00 0.0 0 6.7 16 50 M M 0 22 60
26 38 27 33 -14 32 0 0.01 T T 5.6 13 310 M M 8 18 19 40
27 55 30 43 -4 22 0 0.00 0.0 0 6.1 16 360 M M 6 1 22 360
28 55 22 39 -8 26 0 0.00 0.0 0 7.4 16 300 M M 0 1 25 340
29 66 32 49 2 16 0 0.00 0.0 0 9.1 18 250 M M 0 26 250
30 70 38 54 6 11 0 0.00 0.0 0 7.1 16 210 M M 0 21 210
31 69 51 60 12 5 0 T 0.0 0 8.2 21 150 M M 5 29 140
================================================================================
SM 1843 936 618 0 0.20 T 305.9 M 56
================================================================================
AV 59.5 30.2 9.9 FASTST M M 2 MAX(MPH)
MISC ----> 45 350 64 360
================================================================================
NOTES:
# LAST OF SEVERAL OCCURRENCES
COLUMN 17 PEAK WIND IN M.P.H.
PRELIMINARY LOCAL CLIMATOLOGICAL DATA (WS FORM: F-6) , PAGE 2
STATION: ABILENE
MONTH: JANUARY
YEAR: 2022
LATITUDE: 32 25 N
LONGITUDE: 99 41 W
[TEMPERATURE DATA] [PRECIPITATION DATA] SYMBOLS USED IN COLUMN 16
AVERAGE MONTHLY: 44.8 TOTAL FOR MONTH: 0.20 1 = FOG OR MIST
DPTR FM NORMAL: -1.5 DPTR FM NORMAL: -0.90 2 = FOG REDUCING VISIBILITY
HIGHEST: 80 ON 14 GRTST 24HR 0.13 ON 11-11 TO 1/4 MILE OR LESS
LOWEST: 16 ON 21, 7 3 = THUNDER
SNOW, ICE PELLETS, HAIL 4 = ICE PELLETS
TOTAL MONTH: T 5 = HAIL
GRTST 24HR T ON 26-26 6 = FREEZING RAIN OR DRIZZLE
GRTST DEPTH: T 7 = DUSTSTORM OR SANDSTORM:
VSBY 1/2 MILE OR LESS
8 = SMOKE OR HAZE
[NO. OF DAYS WITH] [WEATHER - DAYS WITH] 9 = BLOWING SNOW
X = TORNADO
MAX 32 OR BELOW: 0 0.01 INCH OR MORE: 3
MAX 90 OR ABOVE: 0 0.10 INCH OR MORE: 1
MIN 32 OR BELOW: 21 0.50 INCH OR MORE: 0
MIN 0 OR BELOW: 0 1.00 INCH OR MORE: 0
[HDD (BASE 65) ]
TOTAL THIS MO. 618 CLEAR (SCALE 0-3) 23
DPTR FM NORMAL 35 PTCLDY (SCALE 4-7) 7
TOTAL FM JUL 1 1073 CLOUDY (SCALE 8-10) 1
DPTR FM NORMAL -462
[CDD (BASE 65) ]
TOTAL THIS MO. 0
DPTR FM NORMAL -2 [PRESSURE DATA]
TOTAL FM JAN 1 0 HIGHEST SLP 30.74 ON 10
DPTR FM NORMAL -2 LOWEST SLP 29.56 ON 1
[REMARKS]
#FINAL-01-22#