000
CXUS54 KFWD 030147
CF6ACT
PRELIMINARY LOCAL CLIMATOLOGICAL DATA (WS FORM: F-6)
STATION: WACO
MONTH: JULY
YEAR: 2020
LATITUDE: 31 37 N
LONGITUDE: 97 13 W
TEMPERATURE IN F: :PCPN: SNOW: WIND :SUNSHINE: SKY :PK WND
================================================================================
1 2 3 4 5 6A 6B 7 8 9 10 11 12 13 14 15 16 17 18
12Z AVG MX 2MIN
DY MAX MIN AVG DEP HDD CDD WTR SNW DPTH SPD SPD DIR MIN PSBL S-S WX SPD DR
================================================================================
1 95 80 88 4 0 23 0.00 0.0 0 13.8 23 180 M M 4 30 180
2 98 79 89 5 0 24 0.00 0.0 0 9.3 17 180 M M 2 8 24 190
3 100 75 88 4 0 23 0.00 0.0 0 8.9 23 120 M M 0 28 130
4 100 69 85 1 0 20 0.00 0.0 0 7.8 14 170 M M 0 18 100
5 96 78 87 3 0 22 0.00 0.0 0 7.1 13 170 M M 1 17 180
6 95 75 85 1 0 20 0.11 0.0 0 6.8 24 340 M M 4 13 32 340
7 83 72 78 -6 0 13 2.67 0.0 0 4.6 24 60 M M 6 13 32 60
8 96 75 86 1 0 21 0.00 0.0 0 10.5 18 180 M M 3 23 190
9 97 79 88 3 0 23 0.00 0.0 0 13.4 22 180 M M 2 29 170
10 99 77 88 3 0 23 0.00 0.0 0 10.7 21 180 M M 2 26 170
11 99 79 89 4 0 24 0.00 0.0 0 9.3 17 190 M M 0 21 190
12 103 79 91 6 0 26 T 0.0 0 8.3 23 200 M M 0 32 40
13 103 79 91 6 0 26 0.00 0.0 0 11.2 22 170 M M 0 27 170
14 101 77 89 4 0 24 0.00 0.0 0 15.1 25 170 M M 0 32 160
15 97 79 88 3 0 23 0.00 0.0 0 14.0 22 180 M M 0 30 170
16 99 77 88 3 0 23 0.00 0.0 0 11.1 21 170 M M 0 29 170
17 97 78 88 3 0 23 0.00 0.0 0 9.0 17 150 M M 0 24 140
18 95 77 86 0 0 21 0.00 0.0 0 11.1 17 160 M M 2 25 170
19 96 76 86 0 0 21 0.00 0.0 0 8.0 16 100 M M 1 20 110
20 96 75 86 0 0 21 0.00 0.0 0 9.4 22 120 M M 1 29 110
21 91 75 83 -3 0 18 0.01 0.0 0 6.4 14 100 M M 5 18 100
22 96 77 87 1 0 22 0.00 0.0 0 8.3 17 130 M M 4 26 110
23 97 77 87 1 0 22 0.00 0.0 0 7.8 15 60 M M 1 20 60
24 97 74 86 0 0 21 0.00 0.0 0 9.1 23 110 M M 2 8 28 110
25 93 76 85 -1 0 20 0.15 0.0 0 7.6 26 110 M M 4 3 32 110
26 93 74 84 -2 0 19 T 0.0 0 5.8 28 180 M M 5 3 33 180
27 95 74 85 -1 0 20 0.00 0.0 0 6.0 13 170 M M 4 1 18 140
28 90 75 83 -3 0 18 0.20 0.0 0 6.8 21 340 M M 4 13 30 340
29 97 78 88 2 0 23 0.00 0.0 0 13.7 28 180 M M 0 35 190
30 100 77 89 3 0 24 0.00 0.0 0 14.6 22 170 M M 1 29 170
31 96 77 87 1 0 22 0.00 0.0 0 8.9 20 190 M M 4 25 190
================================================================================
SM 2990 2369 0 673 3.14 0.0 294.4 M 62
================================================================================
AV 96.5 76.4 9.5 FASTST M M 2 MAX(MPH)
MISC ----> # 28 180 # 35 190
================================================================================
NOTES:
# LAST OF SEVERAL OCCURRENCES
COLUMN 17 PEAK WIND IN M.P.H.
PRELIMINARY LOCAL CLIMATOLOGICAL DATA (WS FORM: F-6) , PAGE 2
STATION: WACO
MONTH: JULY
YEAR: 2020
LATITUDE: 31 37 N
LONGITUDE: 97 13 W
[TEMPERATURE DATA] [PRECIPITATION DATA] SYMBOLS USED IN COLUMN 16
AVERAGE MONTHLY: 86.4 TOTAL FOR MONTH: 3.14 1 = FOG OR MIST
DPTR FM NORMAL: 1.2 DPTR FM NORMAL: 1.35 2 = FOG REDUCING VISIBILITY
HIGHEST: 103 ON 13,12 GRTST 24HR 2.67 ON 7- 7 TO 1/4 MILE OR LESS
LOWEST: 69 ON 4 3 = THUNDER
SNOW, ICE PELLETS, HAIL 4 = ICE PELLETS
TOTAL MONTH: 0.0 INCH 5 = HAIL
GRTST 24HR 0.0 6 = FREEZING RAIN OR DRIZZLE
GRTST DEPTH: 0 7 = DUSTSTORM OR SANDSTORM:
VSBY 1/2 MILE OR LESS
8 = SMOKE OR HAZE
[NO. OF DAYS WITH] [WEATHER - DAYS WITH] 9 = BLOWING SNOW
X = TORNADO
MAX 32 OR BELOW: 0 0.01 INCH OR MORE: 5
MAX 90 OR ABOVE: 30 0.10 INCH OR MORE: 4
MIN 32 OR BELOW: 0 0.50 INCH OR MORE: 1
MIN 0 OR BELOW: 0 1.00 INCH OR MORE: 1
[HDD (BASE 65) ]
TOTAL THIS MO. 0 CLEAR (SCALE 0-3) 21
DPTR FM NORMAL 0 PTCLDY (SCALE 4-7) 10
TOTAL FM JUL 1 0 CLOUDY (SCALE 8-10) 0
DPTR FM NORMAL 0
[CDD (BASE 65) ]
TOTAL THIS MO. 673
DPTR FM NORMAL 47 [PRESSURE DATA]
TOTAL FM JAN 1 1691 HIGHEST SLP 30.05 ON 27
DPTR FM NORMAL 125 LOWEST SLP 29.75 ON 13
[REMARKS]
EDITED PRECIP ON 9TH AND 13TH
#FINAL-07-20#