000
CXAK56 PAFC 011047
CF6ADQ
PRELIMINARY LOCAL CLIMATOLOGICAL DATA (WS FORM: F-6)
STATION: KODIAK
MONTH: JUNE
YEAR: 2023
LATITUDE: 57 45 N
LONGITUDE: 152 31 W
TEMPERATURE IN F: :PCPN: SNOW: WIND :SUNSHINE: SKY :PK WND
================================================================================
1 2 3 4 5 6A 6B 7 8 9 10 11 12 13 14 15 16 17 18
12Z AVG MX 2MIN
DY MAX MIN AVG DEP HDD CDD WTR SNW DPTH SPD SPD DIR MIN PSBL S-S WX SPD DR
================================================================================
1 59 40 50 2 15 0 0.00 M M 5.5 14 150 M M 3 17 140
2 54 46 50 1 15 0 0.00 M M 7.7 21 30 M M 5 26 40
3 51 42 47 -2 18 0 0.00 M M 9.0 18 110 M M 8 22 100
4 46 45 46 -3 19 0 0.09 M M 13.0 17 80 M M 10 1 20 100
5 48 44 46 -3 19 0 1.19 M M 13.1 24 80 M M 10 12 28 70
6 47 43 45 -4 20 0 0.19 M M 10.0 15 110 M M 10 12 17 110
7 50 44 47 -3 18 0 0.23 M M 7.9 20 10 M M 10 1 27 10
8 50 45 48 -2 17 0 0.85 M M 9.8 20 360 M M 10 1 29 360
9 50 44 47 -3 18 0 0.32 M M 11.4 18 70 M M 10 18 22 70
10 49 44 47 -3 18 0 0.88 M M 17.1 37 70 M M 9 1 45 60
11 53 45 49 -1 16 0 0.07 M M 13.6 25 90 M M 9 1 30 80
12 57 38 48 -3 17 0 0.00 M M 8.1 17 180 M M 3 23 170
13 57 35 46 -5 19 0 0.00 M M 7.3 13 310 M M 4 17 310
14 48 37 43 -8 22 0 0.48 M M 12.7 25 40 M M 8 1 32 50
15 48 45 47 -4 18 0 1.31 M M 16.8 30 30 M M 10 1 39 40
16 60 45 53 1 12 0 0.03 M M 8.8 15 260 M M 9 1 20 250
17 62 49 56 4 9 0 T M M 5.5 14 300 M M 6 17 290
18 75 53 64 12 1 0 0.00 M M 10.2 18 300 M M 0 23 310
19 70 50 60 8 5 0 0.00 M M 6.7 16 300 M M 2 22 300
20 60 50 55 3 10 0 0.01 M M 6.0 12 40 M M 8 1 14 170
21 54 48 51 -1 14 0 0.24 M M 5.4 13 40 M M 10 1 14 40
22 53 49 51 -2 14 0 0.03 M M 4.6 12 50 M M 10 1 12 50
23 55 49 52 -1 13 0 0.03 M M 8.1 17 100 M M 10 12 20 110
24 52 48 50 -3 15 0 0.93 M M 13.6 23 70 M M 10 1 27 80
25 56 47 52 -1 13 0 0.03 M M 12.4 25 90 M M 8 1 29 90
26 52 47 50 -4 15 0 T M M 10.3 17 140 M M 10 1 21 140
27 49 47 48 -6 17 0 0.27 M M 12.7 17 90 M M 10 1 20 90
28 54 46 50 -4 15 0 0.01 M M 5.0 12 80 M M 9 18 14 80
29 57 46 52 -2 13 0 0.00 M M 8.1 18 110 M M 8 21 110
30 55 48 52 -2 13 0 T M M 5.1 12 100 M M 9 16 110
================================================================================
SM 1631 1359 448 0 7.19 M 285.5 M 238
================================================================================
AV 54.4 45.3 9.5 FASTST M M 8 MAX(MPH)
MISC ----> 37 70 45 60
================================================================================
NOTES:
# LAST OF SEVERAL OCCURRENCES
COLUMN 17 PEAK WIND IN M.P.H.
PRELIMINARY LOCAL CLIMATOLOGICAL DATA (WS FORM: F-6) , PAGE 2
STATION: KODIAK
MONTH: JUNE
YEAR: 2023
LATITUDE: 57 45 N
LONGITUDE: 152 31 W
[TEMPERATURE DATA] [PRECIPITATION DATA] SYMBOLS USED IN COLUMN 16
AVERAGE MONTHLY: 49.8 TOTAL FOR MONTH: 7.19 1 = FOG OR MIST
DPTR FM NORMAL: -1.6 DPTR FM NORMAL: 2.02 2 = FOG REDUCING VISIBILITY
HIGHEST: 75 ON 18 GRTST 24HR 1.40 ON 14-15 TO 1/4 MILE OR LESS
LOWEST: 35 ON 13 3 = THUNDER
SNOW, ICE PELLETS, HAIL 4 = ICE PELLETS
TOTAL MONTH: M 5 = HAIL
GRTST 24HR M ON M 6 = FREEZING RAIN OR DRIZZLE
GRTST DEPTH: M ON M 7 = DUSTSTORM OR SANDSTORM:
VSBY 1/2 MILE OR LESS
8 = SMOKE OR HAZE
[NO. OF DAYS WITH] [WEATHER - DAYS WITH] 9 = BLOWING SNOW
X = TORNADO
MAX 32 OR BELOW: 0 0.01 INCH OR MORE: 19
MAX 90 OR ABOVE: 0 0.10 INCH OR MORE: 11
MIN 32 OR BELOW: 0 0.50 INCH OR MORE: 5
MIN 0 OR BELOW: 0 1.00 INCH OR MORE: 2
[HDD (BASE 65) ]
TOTAL THIS MO. 448 CLEAR (SCALE 0-3) 3
DPTR FM NORMAL 38 PTCLDY (SCALE 4-7) 7
TOTAL FM JUL 1 8218 CLOUDY (SCALE 8-10) 20
DPTR FM NORMAL -98
[CDD (BASE 65) ]
TOTAL THIS MO. 0
DPTR FM NORMAL -1 [PRESSURE DATA]
TOTAL FM JAN 1 0 HIGHEST SLP M ON M
DPTR FM NORMAL -1 LOWEST SLP 29.30 ON 25
[REMARKS]
#FINAL-06-23#