000
CXAK56 PAFC 011438
CF6ADQ
PRELIMINARY LOCAL CLIMATOLOGICAL DATA (WS FORM: F-6)
STATION: KODIAK
MONTH: MAY
YEAR: 2023
LATITUDE: 57 45 N
LONGITUDE: 152 31 W
TEMPERATURE IN F: :PCPN: SNOW: WIND :SUNSHINE: SKY :PK WND
================================================================================
1 2 3 4 5 6A 6B 7 8 9 10 11 12 13 14 15 16 17 18
12Z AVG MX 2MIN
DY MAX MIN AVG DEP HDD CDD WTR SNW DPTH SPD SPD DIR MIN PSBL S-S WX SPD DR
================================================================================
1 44 35 40 -3 25 0 0.20 M M 13.2 26 160 M M 8 1 36 180
2 48 34 41 -2 24 0 0.06 M M 11.0 20 160 M M 5 27 290
3 42 29 36 -8 29 0 0.50 M M 13.7 30 100 M M 7 1 35 100
4 43 40 42 -2 23 0 0.16 M M 12.8 26 90 M M 10 1 31 90
5 43 38 41 -3 24 0 0.08 M M 5.3 12 50 M M 10 1 13 20
6 44 37 41 -3 24 0 0.18 M M 5.5 15 290 M M 10 1 18 280
7 46 35 41 -3 24 0 T M M 8.7 15 310 M M 10 1 20 290
8 40 37 39 -6 26 0 1.61 M M 22.2 36 100 M M 10 1 43 100
9 44 40 42 -3 23 0 1.17 M M 14.1 23 40 M M 10 12 27 40
10 43 40 42 -3 23 0 1.64 M M 21.2 32 30 M M 10 1 39 30
11 45 40 43 -2 22 0 0.04 M M 13.9 22 30 M M 10 18 28 40
12 47 42 45 0 20 0 0.66 M M 11.6 23 350 M M 10 18 31 340
13 45 41 43 -2 22 0 0.14 M M 10.8 21 20 M M 10 1 27 30
14 49 42 46 0 19 0 0.11 M M 10.6 20 170 M M 10 12 23 180
15 45 41 43 -3 22 0 0.23 M M 12.0 18 130 M M 10 1 22 150
16 52 35 44 -2 21 0 0.01 M M 8.9 17 140 M M 2 1 22 180
17 55 31 43 -3 22 0 0.00 M M 6.3 15 170 M M 5 18 220
18 56 37 47 1 18 0 T M M 12.6 29 290 M M 8 37 290
19 49 43 46 0 19 0 0.67 M M 11.8 20 80 M M 10 12 23 70
20 47 43 45 -1 20 0 0.07 M M 21.5 28 70 M M 10 1 34 80
21 48 42 45 -2 20 0 0.29 M M 14.1 25 90 M M 10 1 31 100
22 44 42 43 -4 22 0 0.66 M M 19.5 31 80 M M 10 1 37 80
23 45 44 45 -2 20 0 1.14 M M 14.4 23 40 M M 10 1 28 50
24 49 42 46 -1 19 0 0.02 M M 7.9 20 160 M M 10 12 26 140
25 51 41 46 -1 19 0 0.01 M M 5.8 13 320 M M 8 1 20 320
26 49 41 45 -2 20 0 0.25 M M 10.0 18 80 M M 8 18 21 80
27 50 42 46 -2 19 0 0.61 M M 10.5 22 280 M M 10 1 28 280
28 54 42 48 0 17 0 T M M 8.9 18 250 M M 9 24 320
29 53 39 46 -2 19 0 0.00 M M 7.2 14 130 M M 10 18 300
30 51 36 44 -4 21 0 0.10 M M 6.1 13 80 M M 6 1 14 90
31 51 42 47 -1 18 0 0.03 M M 6.0 13 60 M M 9 1 16 50
================================================================================
SM 1472 1213 664 0 10.64 M 358.1 M 275
================================================================================
AV 47.5 39.1 11.6 FASTST M M 9 MAX(MPH)
MISC ----> 36 100 43 100
================================================================================
NOTES:
# LAST OF SEVERAL OCCURRENCES
COLUMN 17 PEAK WIND IN M.P.H.
PRELIMINARY LOCAL CLIMATOLOGICAL DATA (WS FORM: F-6) , PAGE 2
STATION: KODIAK
MONTH: MAY
YEAR: 2023
LATITUDE: 57 45 N
LONGITUDE: 152 31 W
[TEMPERATURE DATA] [PRECIPITATION DATA] SYMBOLS USED IN COLUMN 16
AVERAGE MONTHLY: 43.3 TOTAL FOR MONTH: 10.64 1 = FOG OR MIST
DPTR FM NORMAL: -2.5 DPTR FM NORMAL: 4.79 2 = FOG REDUCING VISIBILITY
HIGHEST: 56 ON 18 GRTST 24HR 2.22 ON 9-10 TO 1/4 MILE OR LESS
LOWEST: 29 ON 3 3 = THUNDER
SNOW, ICE PELLETS, HAIL 4 = ICE PELLETS
TOTAL MONTH: M 5 = HAIL
GRTST 24HR M ON M 6 = FREEZING RAIN OR DRIZZLE
GRTST DEPTH: M ON M 7 = DUSTSTORM OR SANDSTORM:
VSBY 1/2 MILE OR LESS
8 = SMOKE OR HAZE
[NO. OF DAYS WITH] [WEATHER - DAYS WITH] 9 = BLOWING SNOW
X = TORNADO
MAX 32 OR BELOW: 0 0.01 INCH OR MORE: 26
MAX 90 OR ABOVE: 0 0.10 INCH OR MORE: 18
MIN 32 OR BELOW: 2 0.50 INCH OR MORE: 9
MIN 0 OR BELOW: 0 1.00 INCH OR MORE: 4
[HDD (BASE 65) ]
TOTAL THIS MO. 664 CLEAR (SCALE 0-3) 1
DPTR FM NORMAL 69 PTCLDY (SCALE 4-7) 7
TOTAL FM JUL 1 7770 CLOUDY (SCALE 8-10) 23
DPTR FM NORMAL -137
[CDD (BASE 65) ]
TOTAL THIS MO. 0
DPTR FM NORMAL 0 [PRESSURE DATA]
TOTAL FM JAN 1 0 HIGHEST SLP 30.28 ON 14
DPTR FM NORMAL 0 LOWEST SLP 29.23 ON 27
[REMARKS]
#FINAL-05-23#