000
CXAK56 PAFC 010951
CF6ADQ
PRELIMINARY LOCAL CLIMATOLOGICAL DATA (WS FORM: F-6)
STATION: KODIAK
MONTH: MARCH
YEAR: 2023
LATITUDE: 57 45 N
LONGITUDE: 152 31 W
TEMPERATURE IN F: :PCPN: SNOW: WIND :SUNSHINE: SKY :PK WND
================================================================================
1 2 3 4 5 6A 6B 7 8 9 10 11 12 13 14 15 16 17 18
12Z AVG MX 2MIN
DY MAX MIN AVG DEP HDD CDD WTR SNW DPTH SPD SPD DIR MIN PSBL S-S WX SPD DR
================================================================================
1 34 21 28 -4 37 0 0.27 M M 23.5 43 260 M M 9 189 59 280
2 27 20 24 -8 41 0 T M M 28.8 54 280 M M 3 8 68 290
3 27 21 24 -8 41 0 T M M 29.3 51 290 M M 0 67 290
4 37 23 30 -2 35 0 0.00 M M 11.0 23 290 M M 0 37 330
5 38 21 30 -2 35 0 0.00 M M 3.5 8 270 M M 0 11 300
6 41 21 31 -1 34 0 0.00 M M 4.8 10 280 M M 0 11 310
7 50 24 37 5 28 0 0.00 M M 10.6 24 310 M M 0 29 320
8 54 32 43 11 22 0 0.00 M M 6.5 23 310 M M 0 29 320
9 49 35 42 9 23 0 0.00 M M 12.9 24 290 M M 0 29 280
10 43 36 40 7 25 0 0.00 M M 14.4 28 330 M M 0 40 330
11 45 29 37 4 28 0 0.00 M M 9.1 20 290 M M 0 24 330
12 44 24 34 1 31 0 0.00 M M 8.5 28 280 M M 2 34 280
13 31 24 28 -5 37 0 0.00 M M 16.4 29 270 M M 1 35 280
14 30 23 27 -6 38 0 0.00 M M 7.7 17 290 M M 4 24 280
15 32 24 28 -5 37 0 0.08 M M 12.7 25 290 M M 7 18 32 290
16 34 27 31 -2 34 0 0.27 M M 10.5 20 280 M M 9 128 24 290
17 32 24 28 -5 37 0 0.24 M M 15.5 37 280 M M 8 12 48 280
18 35 14 25 -8 40 0 0.04 M M 10.4 30 270 M M 6 1 37 250
19 38 20 29 -4 36 0 T M M 5.5 17 180 M M 2 8 21 170
20 36 17 27 -6 38 0 0.09 M M 9.3 31 290 M M 8 18 39 290
21 40 32 36 3 29 0 0.26 M M 15.7 39 90 M M 4 18 45 90
22 38 30 34 0 31 0 0.33 M M 15.4 31 280 M M 9 128 43 280
23 37 26 32 -2 33 0 0.00 M M 15.8 33 270 M M 3 43 290
24 45 28 37 3 28 0 0.00 M M 6.5 18 220 M M 3 26 280
25 45 29 37 3 28 0 0.00 M M 9.7 20 280 M M 2 24 230
26 43 26 35 1 30 0 0.00 M M 4.9 10 80 M M 0 12 90
27 45 27 36 2 29 0 0.00 M M 4.5 12 310 M M 1 15 10
28 48 27 38 4 27 0 0.00 M M 4.6 12 290 M M 3 15 280
29 39 33 36 1 29 0 0.11 M M 6.3 15 140 M M 10 1 20 290
30 41 32 37 2 28 0 0.09 M M 15.7 33 290 M M 7 1 39 280
31 39 31 35 0 30 0 T M M 19.7 37 280 M M 2 48 280
================================================================================
SM 1217 801 999 0 1.78 M 369.7 M 103
================================================================================
AV 39.3 25.8 11.9 FASTST M M 3 MAX(MPH)
MISC ----> 54 280 68 290
================================================================================
NOTES:
# LAST OF SEVERAL OCCURRENCES
COLUMN 17 PEAK WIND IN M.P.H.
PRELIMINARY LOCAL CLIMATOLOGICAL DATA (WS FORM: F-6) , PAGE 2
STATION: KODIAK
MONTH: MARCH
YEAR: 2023
LATITUDE: 57 45 N
LONGITUDE: 152 31 W
[TEMPERATURE DATA] [PRECIPITATION DATA] SYMBOLS USED IN COLUMN 16
AVERAGE MONTHLY: 32.5 TOTAL FOR MONTH: 1.78 1 = FOG OR MIST
DPTR FM NORMAL: -0.7 DPTR FM NORMAL: -3.04 2 = FOG REDUCING VISIBILITY
HIGHEST: 54 ON 8 GRTST 24HR 0.69 ON 28- 1 TO 1/4 MILE OR LESS
LOWEST: 14 ON 18 3 = THUNDER
SNOW, ICE PELLETS, HAIL 4 = ICE PELLETS
TOTAL MONTH: M 5 = HAIL
GRTST 24HR M ON M 6 = FREEZING RAIN OR DRIZZLE
GRTST DEPTH: M ON M 7 = DUSTSTORM OR SANDSTORM:
VSBY 1/2 MILE OR LESS
8 = SMOKE OR HAZE
[NO. OF DAYS WITH] [WEATHER - DAYS WITH] 9 = BLOWING SNOW
X = TORNADO
MAX 32 OR BELOW: 6 0.01 INCH OR MORE: 10
MAX 90 OR ABOVE: 0 0.10 INCH OR MORE: 6
MIN 32 OR BELOW: 28 0.50 INCH OR MORE: 0
MIN 0 OR BELOW: 0 1.00 INCH OR MORE: 0
[HDD (BASE 65) ]
TOTAL THIS MO. 999 CLEAR (SCALE 0-3) 18
DPTR FM NORMAL 13 PTCLDY (SCALE 4-7) 8
TOTAL FM JUL 1 6257 CLOUDY (SCALE 8-10) 5
DPTR FM NORMAL -272
[CDD (BASE 65) ]
TOTAL THIS MO. 0
DPTR FM NORMAL 0 [PRESSURE DATA]
TOTAL FM JAN 1 0 HIGHEST SLP M ON M
DPTR FM NORMAL 0 LOWEST SLP 28.77 ON 1
[REMARKS]
#FINAL-03-23#