000
CXAK56 PAFC 011134
CF6ADQ
PRELIMINARY LOCAL CLIMATOLOGICAL DATA (WS FORM: F-6)
STATION: KODIAK
MONTH: SEPTEMBER
YEAR: 2022
LATITUDE: 57 45 N
LONGITUDE: 152 31 W
TEMPERATURE IN F: :PCPN: SNOW: WIND :SUNSHINE: SKY :PK WND
================================================================================
1 2 3 4 5 6A 6B 7 8 9 10 11 12 13 14 15 16 17 18
12Z AVG MX 2MIN
DY MAX MIN AVG DEP HDD CDD WTR SNW DPTH SPD SPD DIR MIN PSBL S-S WX SPD DR
================================================================================
1 61 48 55 0 10 0 0.02 M M 4.9 14 330 M M 8 18 330
2 57 49 53 -1 12 0 0.02 M M 3.6 10 70 M M 8 12 50
3 61 47 54 0 11 0 0.00 M M 5.4 10 300 M M 8 M M
4 57 45 51 -3 14 0 0.11 M M 3.3 8 140 M M 8 1 10 120
5 61 42 52 -2 13 0 T M M 4.7 13 310 M M 7 18 310
6 59 48 54 1 11 0 0.00 M M 5.7 15 300 M M 7 20 310
7 58 47 53 0 12 0 0.38 M M 8.4 22 110 M M 10 1 25 100
8 63 47 55 2 10 0 0.02 M M 9.7 21 180 M M 5 26 180
9 62 45 54 1 11 0 T M M 10.5 25 260 M M 2 34 280
10 60 49 55 3 10 0 0.01 M M 4.6 14 210 M M 9 18 200
11 59 53 56 4 9 0 0.01 M M 8.9 17 210 M M 7 25 170
12 62 45 54 2 11 0 T M M 10.3 18 140 M M 5 23 150
13 57 42 50 -2 15 0 0.29 M M 3.6 8 160 M M 7 12 10 270
14 56 43 50 -1 15 0 0.01 M M 3.9 9 260 M M 8 14 340
15 55 44 50 -1 15 0 0.29 M M 2.5 10 260 M M 6 1 12 270
16 55 47 51 0 14 0 0.22 M M 4.8 14 100 M M 9 1 17 100
17 68 51 60 10 5 0 0.00 M M 7.9 24 270 M M 3 1 31 270
18 63 48 56 6 9 0 T M M 6.8 16 190 M M 7 22 180
19 64 50 57 7 8 0 0.01 M M 9.2 18 310 M M 8 8 23 300
20 61 47 54 5 11 0 0.00 M M 8.3 15 280 M M 5 20 320
21 60 48 54 5 11 0 T M M 9.7 20 290 M M 5 29 290
22 60 41 51 2 14 0 0.02 M M 5.8 13 270 M M 8 16 250
23 60 38 49 1 16 0 0.00 M M 7.6 18 230 M M 4 25 220
24 54 38 46 -2 19 0 0.15 M M 4.7 20 160 M M 4 1 24 160
25 54 34 44 -4 21 0 0.04 M M 4.9 15 90 M M 5 17 90
26 56 36 46 -2 19 0 0.07 M M 5.1 18 220 M M 6 1 23 220
27 53 34 44 -3 21 0 0.56 M M 11.7 30 110 M M 7 1 37 110
28 55 49 52 5 13 0 1.62 M M 13.1 33 90 M M 10 18 41 80
29 56 45 51 4 14 0 0.06 M M 4.1 16 300 M M 10 1 19 290
30 53 34 44 -2 21 0 0.00 M M 5.2 10 90 M M 1 1 11 80
================================================================================
SM 1760 1334 395 0 3.91 M 198.9 M 197
================================================================================
AV 58.7 44.5 6.6 FASTST M M 7 MAX(MPH)
MISC ----> 33 90 41 80
================================================================================
NOTES:
# LAST OF SEVERAL OCCURRENCES
COLUMN 17 PEAK WIND IN M.P.H.
PRELIMINARY LOCAL CLIMATOLOGICAL DATA (WS FORM: F-6) , PAGE 2
STATION: KODIAK
MONTH: SEPTEMBER
YEAR: 2022
LATITUDE: 57 45 N
LONGITUDE: 152 31 W
[TEMPERATURE DATA] [PRECIPITATION DATA] SYMBOLS USED IN COLUMN 16
AVERAGE MONTHLY: 51.6 TOTAL FOR MONTH: 3.91 1 = FOG OR MIST
DPTR FM NORMAL: 1.0 DPTR FM NORMAL: -3.64 2 = FOG REDUCING VISIBILITY
HIGHEST: 68 ON 17 GRTST 24HR 2.13 ON 27-28 TO 1/4 MILE OR LESS
LOWEST: 34 ON 30,27 3 = THUNDER
SNOW, ICE PELLETS, HAIL 4 = ICE PELLETS
TOTAL MONTH: M 5 = HAIL
GRTST 24HR M ON M 6 = FREEZING RAIN OR DRIZZLE
GRTST DEPTH: M ON M 7 = DUSTSTORM OR SANDSTORM:
VSBY 1/2 MILE OR LESS
8 = SMOKE OR HAZE
[NO. OF DAYS WITH] [WEATHER - DAYS WITH] 9 = BLOWING SNOW
X = TORNADO
MAX 32 OR BELOW: 0 0.01 INCH OR MORE: 19
MAX 90 OR ABOVE: 0 0.10 INCH OR MORE: 8
MIN 32 OR BELOW: 0 0.50 INCH OR MORE: 2
MIN 0 OR BELOW: 0 1.00 INCH OR MORE: 1
[HDD (BASE 65) ]
TOTAL THIS MO. 395 CLEAR (SCALE 0-3) 3
DPTR FM NORMAL -36 PTCLDY (SCALE 4-7) 20
TOTAL FM JUL 1 881 CLOUDY (SCALE 8-10) 7
DPTR FM NORMAL -91
[CDD (BASE 65) ]
TOTAL THIS MO. 0
DPTR FM NORMAL 0 [PRESSURE DATA]
TOTAL FM JAN 1 5 HIGHEST SLP 30.13 ON 17
DPTR FM NORMAL -2 LOWEST SLP 29.20 ON 2
[REMARKS]
#FINAL-09-22#