000
CXAK56 PAFC 011017
CF6ADQ
PRELIMINARY LOCAL CLIMATOLOGICAL DATA (WS FORM: F-6)
STATION: KODIAK
MONTH: APRIL
YEAR: 2022
LATITUDE: 57 45 N
LONGITUDE: 152 31 W
TEMPERATURE IN F: :PCPN: SNOW: WIND :SUNSHINE: SKY :PK WND
================================================================================
1 2 3 4 5 6A 6B 7 8 9 10 11 12 13 14 15 16 17 18
12Z AVG MX 2MIN
DY MAX MIN AVG DEP HDD CDD WTR SNW DPTH SPD SPD DIR MIN PSBL S-S WX SPD DR
================================================================================
1 42 34 38 3 27 0 0.18 M M 12.2 33 30 M M 10 1 42 40
2 41 27 34 -2 31 0 0.13 M M 3.9 10 110 M M 5 1 14 100
3 39 25 32 -4 33 0 0.05 M M 8.1 18 290 M M 7 1 26 280
4 43 31 37 1 28 0 0.00 M M 9.7 18 290 M M 6 23 290
5 42 23 33 -3 32 0 0.06 M M 6.1 17 130 M M 3 18 19 130
6 39 28 34 -2 31 0 0.28 M M 4.9 16 130 M M 7 1 20 170
7 41 27 34 -3 31 0 0.09 M M 7.6 22 290 M M 10 128 27 300
8 33 25 29 -8 36 0 0.00 M M 14.3 29 270 M M 1 38 280
9 42 27 35 -2 30 0 0.00 M M 10.3 17 280 M M 0 23 290
10 47 29 38 0 27 0 0.00 M M 8.7 16 280 M M 0 22 300
11 52 26 39 1 26 0 0.00 M M 8.5 16 310 M M 0 21 280
12 46 25 36 -2 29 0 0.00 M M 8.8 20 110 M M 3 23 100
13 48 29 39 1 26 0 0.00 M M 12.2 22 170 M M 2 26 180
14 41 39 40 1 25 0 0.09 M M 16.7 17 130 M M M 1 25 120
15 41 38 40 1 25 0 0.88 M M 15.1 23 120 M M 10 1 28 130
16 42 37 40 1 25 0 0.28 M M 14.4 24 110 M M 10 1 30 110
17 42 34 38 -2 27 0 0.05 M M 8.1 20 140 M M 10 1 24 140
18 42 35 39 -1 26 0 0.01 M M 15.1 25 90 M M 10 29 110
19 44 33 39 -1 26 0 0.03 M M 11.2 22 70 M M 9 1 24 80
20 45 29 37 -3 28 0 0.03 M M 5.3 12 50 M M 5 14 50
21 42 33 38 -3 27 0 0.26 M M 17.5 36 100 M M 8 1 43 90
22 45 39 42 1 23 0 0.65 M M 17.1 31 100 M M 9 1 37 90
23 44 41 43 2 22 0 0.38 M M 14.5 25 20 M M 10 1 33 30
24 55 40 48 6 17 0 0.09 M M 10.2 16 300 M M 8 1 22 300
25 48 34 41 -1 24 0 T M M 9.1 20 300 M M 7 24 290
26 55 31 43 1 22 0 T M M 9.4 18 270 M M 6 23 290
27 49 35 42 0 23 0 0.00 M M 6.7 12 320 M M 0 18 15 310
28 49 33 41 -1 24 0 0.02 M M 11.9 25 100 M M 9 29 110
29 44 38 41 -2 24 0 0.43 M M 23.7 37 110 M M 10 1 42 100
30 43 40 42 -1 23 0 2.08 M M 28.8 40 100 M M 10 1 49 110
================================================================================
SM 1326 965 798 0 6.07 M 350.1 M 185
================================================================================
AV 44.2 32.2 11.7 FASTST M M 6 MAX(MPH)
MISC ----> 40 100 49 110
================================================================================
NOTES:
# LAST OF SEVERAL OCCURRENCES
COLUMN 17 PEAK WIND IN M.P.H.
PRELIMINARY LOCAL CLIMATOLOGICAL DATA (WS FORM: F-6) , PAGE 2
STATION: KODIAK
MONTH: APRIL
YEAR: 2022
LATITUDE: 57 45 N
LONGITUDE: 152 31 W
[TEMPERATURE DATA] [PRECIPITATION DATA] SYMBOLS USED IN COLUMN 16
AVERAGE MONTHLY: 38.2 TOTAL FOR MONTH: 6.07 1 = FOG OR MIST
DPTR FM NORMAL: -0.9 DPTR FM NORMAL: -0.07 2 = FOG REDUCING VISIBILITY
HIGHEST: 55 ON 26,24 GRTST 24HR 2.08 ON 30-30 TO 1/4 MILE OR LESS
LOWEST: 23 ON 5 3 = THUNDER
SNOW, ICE PELLETS, HAIL 4 = ICE PELLETS
TOTAL MONTH: M 5 = HAIL
GRTST 24HR M ON M 6 = FREEZING RAIN OR DRIZZLE
GRTST DEPTH: M ON M 7 = DUSTSTORM OR SANDSTORM:
VSBY 1/2 MILE OR LESS
8 = SMOKE OR HAZE
[NO. OF DAYS WITH] [WEATHER - DAYS WITH] 9 = BLOWING SNOW
X = TORNADO
MAX 32 OR BELOW: 0 0.01 INCH OR MORE: 20
MAX 90 OR ABOVE: 0 0.10 INCH OR MORE: 10
MIN 32 OR BELOW: 14 0.50 INCH OR MORE: 3
MIN 0 OR BELOW: 0 1.00 INCH OR MORE: 1
[HDD (BASE 65) ]
TOTAL THIS MO. 798 CLEAR (SCALE 0-3) 7
DPTR FM NORMAL 22 PTCLDY (SCALE 4-7) 10
TOTAL FM JUL 1 5905 CLOUDY (SCALE 8-10) 13
DPTR FM NORMAL -1405
[CDD (BASE 65) ]
TOTAL THIS MO. 0
DPTR FM NORMAL 0 [PRESSURE DATA]
TOTAL FM JAN 1 0 HIGHEST SLP M ON M
DPTR FM NORMAL 0 LOWEST SLP 28.91 ON 1
[REMARKS]
#FINAL-04-22#