000
CXAK56 PAFC 061023
CF6ADQ
PRELIMINARY LOCAL CLIMATOLOGICAL DATA (WS FORM: F-6)
STATION: KODIAK
MONTH: JANUARY
YEAR: 2024
LATITUDE: 57 45 N
LONGITUDE: 152 31 W
TEMPERATURE IN F: :PCPN: SNOW: WIND :SUNSHINE: SKY :PK WND
================================================================================
1 2 3 4 5 6A 6B 7 8 9 10 11 12 13 14 15 16 17 18
12Z AVG MX 2MIN
DY MAX MIN AVG DEP HDD CDD WTR SNW DPTH SPD SPD DIR MIN PSBL S-S WX SPD DR
================================================================================
1 40 37 39 8 26 0 0.05 M M 25.8 37 80 M M 10 1 45 80
2 41 37 39 8 26 0 0.70 M M 22.5 39 110 M M 10 1 50 110
3 40 30 35 4 30 0 0.43 M M 6.4 39 100 M M 7 12 50 110
4 38 31 35 4 30 0 0.30 M M 6.0 17 140 M M 9 16 23 140
5 41 28 35 4 30 0 0.01 M M 6.6 15 140 M M 5 19 150
6 42 27 35 4 30 0 1.73 M M 13.2 28 120 M M 7 1 39 110
7 41 28 35 4 30 0 0.07 M M 4.0 14 120 M M 3 1 19 230
8 36 24 30 -1 35 0 T M M 7.9 18 300 M M 5 1 26 290
9 35 26 31 0 34 0 T M M 10.8 25 280 M M 2 1 32 290
10 39 26 33 2 32 0 0.00 M M 4.0 12 100 M M 7 1 14 100
11 41 38 40 9 25 0 1.30 M M 27.9 41 100 M M 10 1 52 100
12 40 33 37 6 28 0 0.12 M M 8.7 32 120 M M 9 1 45 110
13 42 32 37 6 28 0 0.29 M M 10.4 21 100 M M 7 1 24 110
14 37 25 31 0 34 0 0.00 M M 7.3 16 250 M M 3 23 280
15 37 23 30 -1 35 0 0.00 M M 12.6 28 290 M M 0 35 300
16 41 29 35 4 30 0 0.00 M M 11.5 33 300 M M 0 45 300
17 44 34 39 8 26 0 0.00 M M 20.0 32 280 M M 0 47 290
18 39 32 36 5 29 0 0.00 M M 13.7 23 30 M M 4 36 300
19 39 31 35 4 30 0 0.00 M M 11.9 24 30 M M 4 32 30
20 39 33 36 5 29 0 0.19 M M 9.2 17 40 M M 10 18 24 20
21 35 27 31 0 34 0 0.06 M M 16.4 31 290 M M 10 18 44 300
22 27 25 26 -5 39 0 T M M 22.2 31 290 M M 10 45 290
23 31 23 27 -4 38 0 0.01 M M 14.6 30 290 M M 3 18 42 290
24 33 15 24 -7 41 0 0.00 M M 6.4 17 290 M M 0 25 290
25 31 13 22 -9 43 0 0.00 M M 8.1 16 300 M M 0 23 300
26 27 18 23 -9 42 0 0.00 M M 11.9 24 290 M M 2 35 300
27 20 14 17 -15 48 0 T M M 7.2 17 290 M M 3 27 330
28 17 14 16 -16 49 0 T M M 15.7 29 290 M M 4 39 300
29 16 4 10 -22 55 0 T M M 14.3 24 290 M M 2 32 300
30 14 -1 7 -25 58 0 0.00 M M 4.7 13 280 M M 1 19 320
31 30 -1 15 -17 50 0 T M M 8.4 18 260 M M 3 23 270
================================================================================
SM 1073 755 1094 0 5.26 M 370.3 M 150
================================================================================
AV 34.6 24.4 11.9 FASTST M M 5 MAX(MPH)
MISC ----> 41 100 52 100
================================================================================
NOTES:
# LAST OF SEVERAL OCCURRENCES
COLUMN 17 PEAK WIND IN M.P.H.
PRELIMINARY LOCAL CLIMATOLOGICAL DATA (WS FORM: F-6) , PAGE 2
STATION: KODIAK
MONTH: JANUARY
YEAR: 2024
LATITUDE: 57 45 N
LONGITUDE: 152 31 W
[TEMPERATURE DATA] [PRECIPITATION DATA] SYMBOLS USED IN COLUMN 16
AVERAGE MONTHLY: 29.5 TOTAL FOR MONTH: 5.26 1 = FOG OR MIST
DPTR FM NORMAL: -1.7 DPTR FM NORMAL: -3.09 2 = FOG REDUCING VISIBILITY
HIGHEST: 44 ON 17 GRTST 24HR 1.73 ON 6- 6 TO 1/4 MILE OR LESS
LOWEST: -1 ON 31,30 3 = THUNDER
SNOW, ICE PELLETS, HAIL 4 = ICE PELLETS
TOTAL MONTH: M 5 = HAIL
GRTST 24HR M ON M 6 = FREEZING RAIN OR DRIZZLE
GRTST DEPTH: M ON M 7 = DUSTSTORM OR SANDSTORM:
VSBY 1/2 MILE OR LESS
8 = SMOKE OR HAZE
[NO. OF DAYS WITH] [WEATHER - DAYS WITH] 9 = BLOWING SNOW
X = TORNADO
MAX 32 OR BELOW: 9 0.01 INCH OR MORE: 13
MAX 90 OR ABOVE: 0 0.10 INCH OR MORE: 8
MIN 32 OR BELOW: 25 0.50 INCH OR MORE: 3
MIN 0 OR BELOW: 2 1.00 INCH OR MORE: 2
[HDD (BASE 65) ]
TOTAL THIS MO. 1094 CLEAR (SCALE 0-3) 13
DPTR FM NORMAL 45 PTCLDY (SCALE 4-7) 10
TOTAL FM JUL 1 4862 CLOUDY (SCALE 8-10) 8
DPTR FM NORMAL 226
[CDD (BASE 65) ]
TOTAL THIS MO. 0
DPTR FM NORMAL 0 [PRESSURE DATA]
TOTAL FM JAN 1 0 HIGHEST SLP 30.44 ON 17
DPTR FM NORMAL 0 LOWEST SLP 28.67 ON 29
[REMARKS]
#FINAL-01-24#