000
CXAK56 PAFC 011021
CF6ADQ
PRELIMINARY LOCAL CLIMATOLOGICAL DATA (WS FORM: F-6)
STATION: KODIAK
MONTH: JUNE
YEAR: 2021
LATITUDE: 57 45 N
LONGITUDE: 152 31 W
TEMPERATURE IN F: :PCPN: SNOW: WIND :SUNSHINE: SKY :PK WND
================================================================================
1 2 3 4 5 6A 6B 7 8 9 10 11 12 13 14 15 16 17 18
12Z AVG MX 2MIN
DY MAX MIN AVG DEP HDD CDD WTR SNW DPTH SPD SPD DIR MIN PSBL S-S WX SPD DR
================================================================================
1 51 46 49 1 16 0 0.14 M M 10.3 20 110 M M 10 18 22 110
2 51 44 48 -1 17 0 0.08 M M 6.3 15 60 M M 9 1 17 70
3 55 44 50 1 15 0 0.05 M M 7.0 17 60 M M 9 1 20 60
4 62 45 54 5 11 0 0.00 M M 8.6 17 270 M M 5 22 270
5 64 50 57 8 8 0 0.00 M M 15.0 29 280 M M 1 36 290
6 68 50 59 10 6 0 M M M 11.7 25 290 M M 1 32 280
7 63 48 56 6 9 0 0.00 M M 8.0 17 310 M M 0 21 310
8 57 42 50 0 15 0 0.25 M M 11.5 24 110 M M 6 1 28 110
9 50 48 49 -1 16 0 0.47 M M 16.3 23 30 M M 10 1 28 40
10 50 48 49 -1 16 0 0.66 M M 13.5 22 40 M M 10 1 27 30
11 55 46 51 1 14 0 0.04 M M 5.3 12 300 M M 7 1 15 290
12 60 44 52 1 13 0 T M M 7.7 15 290 M M 5 22 320
13 55 44 50 -1 15 0 0.00 M M 5.3 14 40 M M 5 16 350
14 64 40 52 1 13 0 0.00 M M 6.8 20 140 M M 0 23 140
15 57 38 48 -3 17 0 0.00 M M 5.8 13 80 M M 1 16 100
16 51 44 48 -4 17 0 0.04 M M 7.1 13 80 M M 10 18 14 90
17 50 47 49 -3 16 0 0.61 M M 15.4 28 30 M M 10 1 35 30
18 50 47 49 -3 16 0 0.40 M M 11.9 24 30 M M 10 1 32 30
19 50 47 49 -3 16 0 0.61 M M 10.2 18 40 M M 10 12 23 50
20 53 47 50 -2 15 0 1.35 M M 15.5 26 30 M M 10 1 36 30
21 54 48 51 -1 14 0 0.00 M M 7.0 13 80 M M 10 128 14 80
22 51 49 50 -3 15 0 0.20 M M 11.4 21 60 M M 10 12 24 60
23 51 49 50 -3 15 0 1.29 M M 18.1 33 50 M M 10 1 45 50
24 53 48 51 -2 14 0 0.14 M M 11.1 22 160 M M 9 12 29 170
25 57 49 53 0 12 0 0.10 M M 13.2 23 160 M M 8 18 30 160
26 58 49 54 0 11 0 0.09 M M 10.5 17 140 M M 8 1 20 100
27 55 46 51 -3 14 0 T M M 7.4 13 40 M M 9 128 20 30
28 61 45 53 -1 12 0 0.00 M M 5.4 13 320 M M 5 12 15 310
29 63 49 56 2 9 0 0.00 M M 8.5 16 310 M M 0 22 300
30 67 48 58 4 7 0 0.00 M M 10.0 21 130 M M 3 24 140
================================================================================
SM 1686 1389 404 0 6.52 M 301.8 M 201
================================================================================
AV 56.2 46.3 10.1 FASTST M M 7 MAX(MPH)
MISC ----> 33 50 45 50
================================================================================
NOTES:
# LAST OF SEVERAL OCCURRENCES
COLUMN 17 PEAK WIND IN M.P.H.
PRELIMINARY LOCAL CLIMATOLOGICAL DATA (WS FORM: F-6) , PAGE 2
STATION: KODIAK
MONTH: JUNE
YEAR: 2021
LATITUDE: 57 45 N
LONGITUDE: 152 31 W
[TEMPERATURE DATA] [PRECIPITATION DATA] SYMBOLS USED IN COLUMN 16
AVERAGE MONTHLY: 51.3 TOTAL FOR MONTH: 6.52 1 = FOG OR MIST
DPTR FM NORMAL: -0.2 DPTR FM NORMAL: 1.35 2 = FOG REDUCING VISIBILITY
HIGHEST: 68 ON 6 GRTST 24HR 1.74 ON 19-20 TO 1/4 MILE OR LESS
LOWEST: 38 ON 15 3 = THUNDER
SNOW, ICE PELLETS, HAIL 4 = ICE PELLETS
TOTAL MONTH: M 5 = HAIL
GRTST 24HR M ON M 6 = FREEZING RAIN OR DRIZZLE
GRTST DEPTH: M ON M 7 = DUSTSTORM OR SANDSTORM:
VSBY 1/2 MILE OR LESS
8 = SMOKE OR HAZE
[NO. OF DAYS WITH] [WEATHER - DAYS WITH] 9 = BLOWING SNOW
X = TORNADO
MAX 32 OR BELOW: 0 0.01 INCH OR MORE: 17
MAX 90 OR ABOVE: 0 0.10 INCH OR MORE: 12
MIN 32 OR BELOW: 0 0.50 INCH OR MORE: 5
MIN 0 OR BELOW: 0 1.00 INCH OR MORE: 2
[HDD (BASE 65) ]
TOTAL THIS MO. 404 CLEAR (SCALE 0-3) 7
DPTR FM NORMAL -6 PTCLDY (SCALE 4-7) 8
TOTAL FM JUL 1 8111 CLOUDY (SCALE 8-10) 15
DPTR FM NORMAL -205
[CDD (BASE 65) ]
TOTAL THIS MO. 0
DPTR FM NORMAL -1 [PRESSURE DATA]
TOTAL FM JAN 1 0 HIGHEST SLP M ON M
DPTR FM NORMAL -1 LOWEST SLP 29.24 ON 23
[REMARKS]
#FINAL-06-21#