000
CXAK56 PAFC 010921
CF6ADQ
PRELIMINARY LOCAL CLIMATOLOGICAL DATA (WS FORM: F-6)
STATION: KODIAK
MONTH: APRIL
YEAR: 2021
LATITUDE: 57 45 N
LONGITUDE: 152 31 W
TEMPERATURE IN F: :PCPN: SNOW: WIND :SUNSHINE: SKY :PK WND
================================================================================
1 2 3 4 5 6A 6B 7 8 9 10 11 12 13 14 15 16 17 18
12Z AVG MX 2MIN
DY MAX MIN AVG DEP HDD CDD WTR SNW DPTH SPD SPD DIR MIN PSBL S-S WX SPD DR
================================================================================
1 29 22 26 -8 39 0 0.00 M M 24.5 39 280 M M 0 51 300
2 44 27 36 1 29 0 0.00 M M 5.8 20 270 M M 3 26 280
3 50 37 44 9 21 0 0.00 M M 7.9 22 300 M M 1 32 290
4 51 32 42 7 23 0 0.00 M M 10.9 30 270 M M 1 35 270
5 41 30 36 1 29 0 0.00 M M 16.7 28 280 M M 0 37 280
6 42 29 36 1 29 0 T M M 8.1 20 280 M M 6 22 280
7 40 33 37 1 28 0 0.04 M M 7.3 26 280 M M 6 8 35 290
8 39 18 29 -7 36 0 0.06 M M 27.2 49 280 M M 4 18 64 290
9 35 18 27 -9 38 0 0.00 M M 16.9 44 290 M M 1 59 300
10 36 27 32 -4 33 0 0.01 M M 5.5 13 60 M M 9 18 M M
11 41 33 37 1 28 0 0.71 M M 9.2 23 130 M M 10 1 29 120
12 45 30 38 1 27 0 T M M 6.9 15 160 M M 4 20 160
13 42 32 37 0 28 0 0.29 M M 10.4 28 30 M M 7 1 35 30
14 46 34 40 3 25 0 0.33 M M 8.9 22 300 M M 10 1 32 320
15 44 36 40 3 25 0 0.13 M M 8.4 22 40 M M 10 1 24 40
16 49 36 43 5 22 0 0.07 M M 8.8 16 280 M M 9 21 290
17 45 40 43 5 22 0 0.04 M M 3.5 12 310 M M 10 14 310
18 51 41 46 8 19 0 0.16 M M 12.0 24 40 M M 7 1 35 30
19 48 41 45 7 20 0 0.43 M M 17.5 25 30 M M 10 18 35 30
20 46 40 43 4 22 0 0.02 M M 9.9 17 100 M M 10 18 20 90
21 42 38 40 1 25 0 1.49 M M 17.7 26 30 M M 10 1 33 30
22 44 41 43 4 22 0 1.01 M M 12.2 23 40 M M 10 1 28 50
23 42 41 42 3 23 0 0.15 M M 8.0 16 30 M M 10 1 19 30
24 46 39 43 3 22 0 0.02 M M 7.0 12 90 M M 10 1 M M
25 45 38 42 2 23 0 0.00 M M 9.4 15 100 M M 8 1 17 100
26 45 36 41 1 24 0 0.50 M M 11.9 21 30 M M 8 1 26 40
27 45 42 44 4 21 0 0.26 M M 19.9 26 20 M M 10 1 35 30
28 45 40 43 2 22 0 0.37 M M 11.3 24 30 M M 10 12 31 30
29 46 37 42 1 23 0 0.01 M M 5.1 10 100 M M 9 1 12 100
30 53 34 44 3 21 0 0.00 M M 8.4 18 280 M M 1 25 280
================================================================================
SM 1317 1022 769 0 6.10 M 337.2 M 204
================================================================================
AV 43.9 34.1 11.2 FASTST M M 7 MAX(MPH)
MISC ----> 49 280 64 290
================================================================================
NOTES:
# LAST OF SEVERAL OCCURRENCES
COLUMN 17 PEAK WIND IN M.P.H.
PRELIMINARY LOCAL CLIMATOLOGICAL DATA (WS FORM: F-6) , PAGE 2
STATION: KODIAK
MONTH: APRIL
YEAR: 2021
LATITUDE: 57 45 N
LONGITUDE: 152 31 W
[TEMPERATURE DATA] [PRECIPITATION DATA] SYMBOLS USED IN COLUMN 16
AVERAGE MONTHLY: 39.0 TOTAL FOR MONTH: 6.10 1 = FOG OR MIST
DPTR FM NORMAL: 1.4 DPTR FM NORMAL: 0.29 2 = FOG REDUCING VISIBILITY
HIGHEST: 53 ON 30 GRTST 24HR 2.11 ON 21-22 TO 1/4 MILE OR LESS
LOWEST: 18 ON 9, 8 3 = THUNDER
SNOW, ICE PELLETS, HAIL 4 = ICE PELLETS
TOTAL MONTH: M 5 = HAIL
GRTST 24HR M ON M 6 = FREEZING RAIN OR DRIZZLE
GRTST DEPTH: M ON M 7 = DUSTSTORM OR SANDSTORM:
VSBY 1/2 MILE OR LESS
8 = SMOKE OR HAZE
[NO. OF DAYS WITH] [WEATHER - DAYS WITH] 9 = BLOWING SNOW
X = TORNADO
MAX 32 OR BELOW: 1 0.01 INCH OR MORE: 20
MAX 90 OR ABOVE: 0 0.10 INCH OR MORE: 12
MIN 32 OR BELOW: 10 0.50 INCH OR MORE: 4
MIN 0 OR BELOW: 0 1.00 INCH OR MORE: 2
[HDD (BASE 65) ]
TOTAL THIS MO. 769 CLEAR (SCALE 0-3) 7
DPTR FM NORMAL -53 PTCLDY (SCALE 4-7) 8
TOTAL FM JUL 1 7072 CLOUDY (SCALE 8-10) 15
DPTR FM NORMAL -619
[CDD (BASE 65) ]
TOTAL THIS MO. 0
DPTR FM NORMAL 0 [PRESSURE DATA]
TOTAL FM JAN 1 0 HIGHEST SLP M ON M
DPTR FM NORMAL 0 LOWEST SLP 29.47 ON 26
[REMARKS]
#FINAL-04-21#