000
CXAK56 PAFC 011029
CF6ADQ
PRELIMINARY LOCAL CLIMATOLOGICAL DATA (WS FORM: F-6)
STATION: KODIAK
MONTH: MARCH
YEAR: 2021
LATITUDE: 57 45 N
LONGITUDE: 152 31 W
TEMPERATURE IN F: :PCPN: SNOW: WIND :SUNSHINE: SKY :PK WND
================================================================================
1 2 3 4 5 6A 6B 7 8 9 10 11 12 13 14 15 16 17 18
12Z AVG MX 2MIN
DY MAX MIN AVG DEP HDD CDD WTR SNW DPTH SPD SPD DIR MIN PSBL S-S WX SPD DR
================================================================================
1 41 27 34 2 31 0 0.05 M M 10.6 29 270 M M 8 37 280
2 41 27 34 2 31 0 T M M 8.7 21 290 M M 5 27 280
3 39 30 35 3 30 0 0.00 M M 17.9 28 280 M M 3 37 290
4 38 28 33 1 32 0 0.00 M M 12.3 25 300 M M 1 32 300
5 35 28 32 0 33 0 0.34 M M 12.1 30 290 M M 10 1 37 310
6 33 26 30 -2 35 0 T M M 18.8 39 290 M M 0 8 51 280
7 45 26 36 4 29 0 0.00 M M 9.7 25 290 M M 0 34 290
8 43 22 33 1 32 0 0.00 M M 7.1 20 180 M M 0 26 210
9 43 34 39 7 26 0 0.24 M M 5.8 14 150 M M 10 1 18 150
10 36 25 31 -1 34 0 0.10 M M 17.6 35 280 M M 6 1 42 280
11 29 18 24 -8 41 0 0.01 M M 24.6 45 280 M M 3 62 280
12 27 17 22 -10 43 0 T M M 18.9 29 290 M M 2 40 280
13 36 22 29 -3 36 0 0.00 M M 11.8 23 280 M M 1 32 280
14 36 25 31 -1 34 0 0.10 M M 10.6 33 290 M M 8 1 42 290
15 38 25 32 -1 33 0 T M M 5.9 13 230 M M 5 16 230
16 37 24 31 -2 34 0 0.00 M M 8.5 16 290 M M 0 21 300
17 36 22 29 -4 36 0 0.00 M M 12.5 33 280 M M 3 40 260
18 36 20 28 -5 37 0 T M M 15.2 29 250 M M 4 39 240
19 33 14 24 -9 41 0 0.13 M M 5.7 18 310 M M 4 1 24 310
20 38 28 33 0 32 0 0.68 M M 6.9 20 280 M M 10 1 24 280
21 42 27 35 2 30 0 0.00 M M 6.2 17 310 M M 6 23 320
22 36 26 31 -2 34 0 0.17 M M 5.5 16 10 M M 8 1 21 20
23 38 31 35 2 30 0 0.05 M M 9.9 18 290 M M 5 1 27 300
24 46 31 39 6 26 0 0.00 M M 7.2 25 260 M M 4 36 280
25 48 32 40 6 25 0 0.00 M M 7.7 20 290 M M 4 24 300
26 39 29 34 0 31 0 T M M 9.5 20 270 M M 3 25 270
27 35 27 31 -3 34 0 T M M 20.0 43 290 M M 2 56 280
28 45 32 39 5 26 0 0.00 M M 8.5 29 300 M M 2 40 300
29 49 33 41 7 24 0 0.03 M M 6.2 15 190 M M 7 18 180
30 42 32 37 3 28 0 0.01 M M 8.6 22 280 M M 8 29 270
31 34 27 31 -3 34 0 T M M 17.4 40 290 M M 4 51 290
================================================================================
SM 1194 815 1002 0 1.91 M 347.9 M 136
================================================================================
AV 38.5 26.3 11.2 FASTST M M 4 MAX(MPH)
MISC ----> 45 280 62 280
================================================================================
NOTES:
# LAST OF SEVERAL OCCURRENCES
COLUMN 17 PEAK WIND IN M.P.H.
PRELIMINARY LOCAL CLIMATOLOGICAL DATA (WS FORM: F-6) , PAGE 2
STATION: KODIAK
MONTH: MARCH
YEAR: 2021
LATITUDE: 57 45 N
LONGITUDE: 152 31 W
[TEMPERATURE DATA] [PRECIPITATION DATA] SYMBOLS USED IN COLUMN 16
AVERAGE MONTHLY: 32.4 TOTAL FOR MONTH: 1.91 1 = FOG OR MIST
DPTR FM NORMAL: -0.4 DPTR FM NORMAL: -3.62 2 = FOG REDUCING VISIBILITY
HIGHEST: 49 ON 29 GRTST 24HR 0.79 ON 19-20 TO 1/4 MILE OR LESS
LOWEST: 14 ON 19 3 = THUNDER
SNOW, ICE PELLETS, HAIL 4 = ICE PELLETS
TOTAL MONTH: M 5 = HAIL
GRTST 24HR M ON M 6 = FREEZING RAIN OR DRIZZLE
GRTST DEPTH: M ON M 7 = DUSTSTORM OR SANDSTORM:
VSBY 1/2 MILE OR LESS
8 = SMOKE OR HAZE
[NO. OF DAYS WITH] [WEATHER - DAYS WITH] 9 = BLOWING SNOW
X = TORNADO
MAX 32 OR BELOW: 2 0.01 INCH OR MORE: 12
MAX 90 OR ABOVE: 0 0.10 INCH OR MORE: 7
MIN 32 OR BELOW: 29 0.50 INCH OR MORE: 1
MIN 0 OR BELOW: 0 1.00 INCH OR MORE: 0
[HDD (BASE 65) ]
TOTAL THIS MO. 1002 CLEAR (SCALE 0-3) 13
DPTR FM NORMAL 4 PTCLDY (SCALE 4-7) 14
TOTAL FM JUL 1 6303 CLOUDY (SCALE 8-10) 4
DPTR FM NORMAL -567
[CDD (BASE 65) ]
TOTAL THIS MO. 0
DPTR FM NORMAL 0 [PRESSURE DATA]
TOTAL FM JAN 1 0 HIGHEST SLP M ON M
DPTR FM NORMAL 0 LOWEST SLP 29.08 ON 2
[REMARKS]
#FINAL-03-21#