685
CXAK56 PAFC 271309
CF6ADQ
PRELIMINARY LOCAL CLIMATOLOGICAL DATA (WS FORM: F-6)
STATION: KODIAK
MONTH: AUGUST
YEAR: 2020
LATITUDE: 57 45 N
LONGITUDE: 152 31 W
TEMPERATURE IN F: :PCPN: SNOW: WIND :SUNSHINE: SKY :PK WND
================================================================================
1 2 3 4 5 6A 6B 7 8 9 10 11 12 13 14 15 16 17 18
12Z AVG MX 2MIN
DY MAX MIN AVG DEP HDD CDD WTR SNW DPTH SPD SPD DIR MIN PSBL S-S WX SPD DR
================================================================================
1 59 48 54 -2 11 0 0.04 M M 3.7 12 50 M M 9 12 14 60
2 66 50 58 2 7 0 0.00 M M 6.7 15 140 M M 6 19 140
3 56 50 53 -3 12 0 0.64 M M 11.4 21 40 M M 9 1 M M
4 65 55 60 4 5 0 0.27 M M 12.3 24 30 M M 7 1 31 30
5 73 54 64 8 1 0 0.04 M M 9.6 18 140 M M 1 24 150
6 63 52 58 2 7 0 0.24 M M 10.6 24 100 M M 9 1 30 100
7 60 53 57 1 8 0 0.07 M M 4.6 10 80 M M 9 M M
8 57 53 55 -1 10 0 0.44 M M 8.6 15 300 M M 10 1 20 340
9 66 53 60 4 5 0 0.04 M M 10.7 26 280 M M 4 35 280
10 68 50 59 3 6 0 0.00 M M 11.5 23 290 M M 1 28 290
11 60 48 54 -2 11 0 0.00 M M 4.6 9 30 M M 0 10 30
12 60 44 52 -4 13 0 0.00 M M 5.1 10 320 M M 2 18 M M
13 61 42 52 -4 13 0 0.00 M M 5.4 10 70 M M 2 M M
14 72 41 57 1 8 0 0.00 M M 8.8 20 270 M M 0 23 270
15 76 61 69 13 0 4 0.00 M M 12.5 18 290 M M 0 32 290
16 76 50 63 8 2 0 0.00 M M 10.3 20 300 M M 0 25 300
17 68 47 58 3 7 0 0.00 M M 5.5 12 30 M M 3 12 18 360
18 62 53 58 3 7 0 0.00 M M 4.6 10 80 M M 7 13 100
19 65 50 58 3 7 0 0.01 M M 6.0 13 70 M M 8 17 320
20 76 52 64 9 1 0 0.00 M M 12.5 17 300 M M 0 24 300
21 78 56 67 12 0 2 0.00 M M 11.8 21 290 M M 1 25 280
22 70 51 61 6 4 0 0.00 M M 5.7 12 310 M M 1 16 310
23 63 53 58 3 7 0 T M M 2.6 7 110 M M 8 9 100
24 67 53 60 5 5 0 0.00 M M 7.9 14 280 M M 7 16 310
25 68 49 59 5 6 0 0.00 M M 9.0 20 280 M M 5 24 260
26 58 43 51 -3 14 0 0.02 M M 4.8 12 130 M M 6 13 120
27 58 46 52 -2 13 0 0.43 M M 7.7 16 290 M M 10 18 21 290
28 68 47 58 4 7 0 0.00 M M 8.5 14 300 M M 1 M M
29 56 45 51 -3 14 0 0.36 M M 12.3 28 70 M M 7 1 35 80
30 63 48 56 2 9 0 0.10 M M 9.3 26 190 M M 7 18 36 190
31 65 48 57 3 8 0 0.00 M M 9.1 18 230 M M 5 26 200
================================================================================
SM 2023 1545 228 6 2.70 M 253.6 M 145
================================================================================
AV 65.3 49.8 8.2 FASTST M M 5 MAX(MPH)
MISC ----> 28 70 36 190
================================================================================
NOTES:
# LAST OF SEVERAL OCCURRENCES
COLUMN 17 PEAK WIND IN M.P.H.
PRELIMINARY LOCAL CLIMATOLOGICAL DATA (WS FORM: F-6) , PAGE 2
STATION: KODIAK
MONTH: AUGUST
YEAR: 2020
LATITUDE: 57 45 N
LONGITUDE: 152 31 W
[TEMPERATURE DATA] [PRECIPITATION DATA] SYMBOLS USED IN COLUMN 16
AVERAGE MONTHLY: 57.5 TOTAL FOR MONTH: 2.70 1 = FOG OR MIST
DPTR FM NORMAL: 2.3 DPTR FM NORMAL: -1.86 2 = FOG REDUCING VISIBILITY
HIGHEST: 78 ON 21 GRTST 24HR 0.64 ON 3- 3 TO 1/4 MILE OR LESS
LOWEST: 41 ON 14 3 = THUNDER
SNOW, ICE PELLETS, HAIL 4 = ICE PELLETS
TOTAL MONTH: M 5 = HAIL
GRTST 24HR M ON M 6 = FREEZING RAIN OR DRIZZLE
GRTST DEPTH: M ON M 7 = DUSTSTORM OR SANDSTORM:
VSBY 1/2 MILE OR LESS
8 = SMOKE OR HAZE
[NO. OF DAYS WITH] [WEATHER - DAYS WITH] 9 = BLOWING SNOW
X = TORNADO
MAX 32 OR BELOW: 0 0.01 INCH OR MORE: 13
MAX 90 OR ABOVE: 0 0.10 INCH OR MORE: 7
MIN 32 OR BELOW: 0 0.50 INCH OR MORE: 1
MIN 0 OR BELOW: 0 1.00 INCH OR MORE: 0
[HDD (BASE 65) ]
TOTAL THIS MO. 228 CLEAR (SCALE 0-3) 13
DPTR FM NORMAL -78 PTCLDY (SCALE 4-7) 11
TOTAL FM JUL 1 384 CLOUDY (SCALE 8-10) 7
DPTR FM NORMAL -247
[CDD (BASE 65) ]
TOTAL THIS MO. 6
DPTR FM NORMAL 6 [PRESSURE DATA]
TOTAL FM JAN 1 11 HIGHEST SLP M ON M
DPTR FM NORMAL 10 LOWEST SLP 29.10 ON 30
[REMARKS]
#FINAL-08-20#