000
CXAK56 PAFC 271305
CF6ADQ
PRELIMINARY LOCAL CLIMATOLOGICAL DATA (WS FORM: F-6)
STATION: KODIAK
MONTH: MAY
YEAR: 2020
LATITUDE: 57 45 N
LONGITUDE: 152 31 W
TEMPERATURE IN F: :PCPN: SNOW: WIND :SUNSHINE: SKY :PK WND
================================================================================
1 2 3 4 5 6A 6B 7 8 9 10 11 12 13 14 15 16 17 18
12Z AVG MX 2MIN
DY MAX MIN AVG DEP HDD CDD WTR SNW DPTH SPD SPD DIR MIN PSBL S-S WX SPD DR
================================================================================
1 49 41 45 4 20 0 0.00 M M 6.1 13 50 M M 9 16 60
2 56 41 49 7 16 0 0.00 M M 8.8 17 280 M M 6 28 300
3 59 44 52 10 13 0 0.02 M M 13.2 24 40 M M 3 28 290
4 49 44 47 5 18 0 0.45 M M 10.2 21 20 M M 9 18 27 30
5 47 44 46 4 19 0 0.16 M M 19.1 31 20 M M 9 1 40 20
6 51 43 47 5 18 0 0.07 M M 12.2 23 40 M M 7 1 28 40
7 48 43 46 3 19 0 1.12 M M 26.2 40 30 M M 10 1 49 30
8 46 43 45 2 20 0 0.09 M M 18.7 24 40 M M 10 1 29 40
9 47 42 45 2 20 0 0.51 M M 8.4 22 40 M M 10 1 24 30
10 52 38 45 2 20 0 T M M 6.4 13 130 M M 8 12 15 140
11 55 37 46 2 19 0 0.07 M M 6.2 17 140 M M 8 1 22 140
12 53 34 44 0 21 0 T M M 5.8 12 80 M M 8 16 60
13 55 41 48 4 17 0 0.00 M M 7.8 13 310 M M 2 16 310
14 50 45 48 4 17 0 T M M 10.0 18 30 M M 10 22 30
15 47 44 46 2 19 0 0.05 M M 16.2 24 40 M M 10 18 29 50
16 54 44 49 5 16 0 0.03 M M 4.5 10 310 M M 7 1 14 90
17 60 41 51 6 14 0 0.00 M M 5.6 12 30 M M 1 13 30
18 49 45 47 2 18 0 0.59 M M 9.9 20 70 M M 9 1 23 70
19 52 45 49 4 16 0 0.03 M M 9.3 21 280 M M 8 26 270
20 59 37 48 3 17 0 T M M 9.2 18 140 M M 5 22 140
21 47 44 46 1 19 0 0.26 M M 13.8 24 90 M M 10 18 30 90
22 51 44 48 3 17 0 0.10 M M 7.4 17 110 M M 10 128 20 100
23 50 38 44 -2 21 0 0.07 M M 7.3 15 60 M M 9 18 22 90
24 57 37 47 1 18 0 0.00 M M 8.6 22 160 M M 4 24 170
25 56 35 46 0 19 0 T M M 7.8 20 140 M M 6 23 130
26 53 36 45 -1 20 0 0.00 M M 7.3 16 90 M M 6 20 100
27 54 40 47 1 18 0 T M M 8.2 15 300 M M 6 19 290
28 68 48 58 12 7 0 0.00 M M 10.3 24 300 M M 3 8 32 300
29 65 45 55 8 10 0 0.01 M M 5.1 15 30 M M 6 22 30
30 57 41 49 2 16 0 0.00 M M 7.2 17 40 M M 1 21 40
31 52 47 50 3 15 0 0.05 M M 10.6 21 70 M M 10 18 25 70
================================================================================
SM 1648 1291 537 0 3.68 M 307.4 M 220
================================================================================
AV 53.2 41.6 9.9 FASTST M M 7 MAX(MPH)
MISC ----> 40 30 49 30
================================================================================
NOTES:
# LAST OF SEVERAL OCCURRENCES
COLUMN 17 PEAK WIND IN M.P.H.
PRELIMINARY LOCAL CLIMATOLOGICAL DATA (WS FORM: F-6) , PAGE 2
STATION: KODIAK
MONTH: MAY
YEAR: 2020
LATITUDE: 57 45 N
LONGITUDE: 152 31 W
[TEMPERATURE DATA] [PRECIPITATION DATA] SYMBOLS USED IN COLUMN 16
AVERAGE MONTHLY: 47.4 TOTAL FOR MONTH: 3.68 1 = FOG OR MIST
DPTR FM NORMAL: 3.1 DPTR FM NORMAL: -1.94 2 = FOG REDUCING VISIBILITY
HIGHEST: 68 ON 28 GRTST 24HR 1.16 ON 7- 8 TO 1/4 MILE OR LESS
LOWEST: 34 ON 12 3 = THUNDER
SNOW, ICE PELLETS, HAIL 4 = ICE PELLETS
TOTAL MONTH: 0.0 INCH 5 = HAIL
GRTST 24HR M ON M 6 = FREEZING RAIN OR DRIZZLE
GRTST DEPTH: 0 7 = DUSTSTORM OR SANDSTORM:
VSBY 1/2 MILE OR LESS
8 = SMOKE OR HAZE
[NO. OF DAYS WITH] [WEATHER - DAYS WITH] 9 = BLOWING SNOW
X = TORNADO
MAX 32 OR BELOW: 0 0.01 INCH OR MORE: 17
MAX 90 OR ABOVE: 0 0.10 INCH OR MORE: 7
MIN 32 OR BELOW: 0 0.50 INCH OR MORE: 3
MIN 0 OR BELOW: 0 1.00 INCH OR MORE: 1
[HDD (BASE 65) ]
TOTAL THIS MO. 537 CLEAR (SCALE 0-3) 4
DPTR FM NORMAL -105 PTCLDY (SCALE 4-7) 14
TOTAL FM JUL 1 7383 CLOUDY (SCALE 8-10) 13
DPTR FM NORMAL -951
[CDD (BASE 65) ]
TOTAL THIS MO. 0
DPTR FM NORMAL 0 [PRESSURE DATA]
TOTAL FM JAN 1 0 HIGHEST SLP M ON M
DPTR FM NORMAL 0 LOWEST SLP 29.41 ON 18
[REMARKS]
#FINAL-05-20#