000
CXAK56 PAFC 011204
CF6ADQ
PRELIMINARY LOCAL CLIMATOLOGICAL DATA (WS FORM: F-6)
STATION: KODIAK
MONTH: NOVEMBER
YEAR: 2023
LATITUDE: 57 45 N
LONGITUDE: 152 31 W
TEMPERATURE IN F: :PCPN: SNOW: WIND :SUNSHINE: SKY :PK WND
================================================================================
1 2 3 4 5 6A 6B 7 8 9 10 11 12 13 14 15 16 17 18
12Z AVG MX 2MIN
DY MAX MIN AVG DEP HDD CDD WTR SNW DPTH SPD SPD DIR MIN PSBL S-S WX SPD DR
================================================================================
1 48 47 48 10 17 0 1.31 M M 17.9 26 60 M M 10 1 38 40
2 47 45 46 8 19 0 0.79 M M 11.6 22 40 M M 10 1 28 40
3 48 43 46 8 19 0 0.02 M M 8.4 16 300 M M 10 1 22 290
4 45 32 39 1 26 0 0.01 M M 10.5 23 290 M M 7 34 290
5 33 28 31 -7 34 0 0.00 M M 11.1 23 280 M M 5 34 270
6 45 20 33 -4 32 0 0.00 M M 4.3 10 270 M M 3 12 230
7 45 27 36 -1 29 0 0.67 M M 9.4 36 50 M M 6 1 52 50
8 42 30 36 -1 29 0 0.03 M M 10.0 22 280 M M 5 1 32 280
9 37 30 34 -3 31 0 T M M 5.2 18 260 M M 5 28 280
10 37 31 34 -3 31 0 0.00 M M 12.1 24 280 M M 6 39 270
11 38 33 36 0 29 0 0.00 M M 19.6 36 290 M M 3 51 290
12 43 29 36 0 29 0 0.00 M M 5.9 21 290 M M 2 25 290
13 49 36 43 7 22 0 0.01 M M 13.6 29 240 M M 5 47 300
14 42 31 37 1 28 0 0.18 M M 5.2 23 270 M M 3 1 31 280
15 48 32 40 4 25 0 0.03 M M 6.2 25 270 M M 6 1 40 270
16 42 27 35 -1 30 0 T M M 13.8 28 240 M M 2 45 240
17 28 23 26 -9 39 0 T M M 19.0 32 280 M M 4 8 46 290
18 31 24 28 -7 37 0 0.00 M M 9.8 24 290 M M 0 32 300
19 32 19 26 -9 39 0 0.00 M M 8.0 18 300 M M 5 29 320
20 33 28 31 -4 34 0 0.00 M M 18.0 39 290 M M 6 58 290
21 37 20 29 -6 36 0 0.00 M M 6.0 17 290 M M 3 26 290
22 43 23 33 -1 32 0 0.63 M M 11.4 30 80 M M 8 1 39 80
23 47 41 44 10 21 0 0.59 M M 10.6 24 110 M M 10 1 31 110
24 47 42 45 11 20 0 0.33 M M 7.6 15 160 M M 9 1 22 140
25 43 37 40 6 25 0 0.24 M M 3.4 13 300 M M 10 1 17 310
26 42 29 36 2 29 0 0.13 M M 6.5 25 260 M M 6 1 33 270
27 43 32 38 4 27 0 T M M 8.2 30 250 M M 2 48 270
28 44 33 39 5 26 0 0.47 M M 9.2 32 160 M M 8 1 48 160
29 39 33 36 2 29 0 1.80 M M 16.0 26 290 M M 10 1 41 290
30 39 33 36 3 29 0 0.40 M M 4.6 17 40 M M 9 1 23 300
================================================================================
SM 1237 938 853 0 7.64 M 303.1 M 178
================================================================================
AV 41.2 31.3 10.1 FASTST M M 6 MAX(MPH)
MISC ----> 39 290 58 290
================================================================================
NOTES:
# LAST OF SEVERAL OCCURRENCES
COLUMN 17 PEAK WIND IN M.P.H.
PRELIMINARY LOCAL CLIMATOLOGICAL DATA (WS FORM: F-6) , PAGE 2
STATION: KODIAK
MONTH: NOVEMBER
YEAR: 2023
LATITUDE: 57 45 N
LONGITUDE: 152 31 W
[TEMPERATURE DATA] [PRECIPITATION DATA] SYMBOLS USED IN COLUMN 16
AVERAGE MONTHLY: 36.3 TOTAL FOR MONTH: 7.64 1 = FOG OR MIST
DPTR FM NORMAL: 0.5 DPTR FM NORMAL: 0.58 2 = FOG REDUCING VISIBILITY
HIGHEST: 49 ON 13 GRTST 24HR 1.91 ON 28-29 TO 1/4 MILE OR LESS
LOWEST: 19 ON 19 3 = THUNDER
SNOW, ICE PELLETS, HAIL 4 = ICE PELLETS
TOTAL MONTH: M 5 = HAIL
GRTST 24HR M ON M 6 = FREEZING RAIN OR DRIZZLE
GRTST DEPTH: M ON M 7 = DUSTSTORM OR SANDSTORM:
VSBY 1/2 MILE OR LESS
8 = SMOKE OR HAZE
[NO. OF DAYS WITH] [WEATHER - DAYS WITH] 9 = BLOWING SNOW
X = TORNADO
MAX 32 OR BELOW: 3 0.01 INCH OR MORE: 17
MAX 90 OR ABOVE: 0 0.10 INCH OR MORE: 12
MIN 32 OR BELOW: 19 0.50 INCH OR MORE: 6
MIN 0 OR BELOW: 0 1.00 INCH OR MORE: 2
[HDD (BASE 65) ]
TOTAL THIS MO. 853 CLEAR (SCALE 0-3) 7
DPTR FM NORMAL -26 PTCLDY (SCALE 4-7) 13
TOTAL FM JUL 1 2618 CLOUDY (SCALE 8-10) 10
DPTR FM NORMAL 57
[CDD (BASE 65) ]
TOTAL THIS MO. 0
DPTR FM NORMAL 0 [PRESSURE DATA]
TOTAL FM JAN 1 0 HIGHEST SLP 30.18 ON 19
DPTR FM NORMAL -7 LOWEST SLP 28.84 ON 9
[REMARKS]
#FINAL-11-23#