000
CXAK56 PAFC 011022
CF6ADQ
PRELIMINARY LOCAL CLIMATOLOGICAL DATA (WS FORM: F-6)
STATION: KODIAK
MONTH: AUGUST
YEAR: 2023
LATITUDE: 57 45 N
LONGITUDE: 152 31 W
TEMPERATURE IN F: :PCPN: SNOW: WIND :SUNSHINE: SKY :PK WND
================================================================================
1 2 3 4 5 6A 6B 7 8 9 10 11 12 13 14 15 16 17 18
12Z AVG MX 2MIN
DY MAX MIN AVG DEP HDD CDD WTR SNW DPTH SPD SPD DIR MIN PSBL S-S WX SPD DR
================================================================================
1 70 50 60 3 5 0 0.00 M M 3.9 9 300 M M 0 12 300
2 63 50 57 0 8 0 0.00 M M 5.8 14 90 M M 0 17 90
3 59 50 55 -2 10 0 0.01 M M 2.9 7 60 M M 10 1 10 10
4 66 46 56 -1 9 0 0.00 M M 6.4 15 140 M M 7 20 140
5 58 46 52 -5 13 0 T M M 5.4 13 60 M M 8 1 16 50
6 54 52 53 -4 12 0 0.55 M M 9.6 18 70 M M 10 1 22 70
7 61 53 57 0 8 0 M M M 7.3 15 30 M M 10 1 22 30
8 58 50 54 -3 11 0 0.03 M M 3.8 10 290 M M 8 1 14 300
9 60 53 57 0 8 0 0.16 M M 4.3 13 300 M M 10 1 17 300
10 60 51 56 -1 9 0 0.13 M M 5.9 13 310 M M 10 1 16 350
11 58 51 55 -2 10 0 0.17 M M 10.6 31 40 M M 10 1 41 40
12 58 52 55 -2 10 0 1.21 M M 11.8 36 30 M M 10 1 52 10
13 64 53 59 2 6 0 T M M 5.4 14 50 M M 9 16 20
14 56 47 52 -5 13 0 0.06 M M 7.5 18 70 M M 8 1 22 80
15 54 46 50 -7 15 0 0.20 M M 3.5 10 80 M M 7 1 12 80
16 66 50 58 1 7 0 T M M 12.2 26 290 M M 4 40 280
17 66 47 57 0 8 0 0.00 M M 10.1 18 310 M M 0 30 270
18 56 40 48 -9 17 0 0.00 M M 3.7 8 100 M M 3 M M
19 65 46 56 -1 9 0 0.00 M M 5.9 10 310 M M 8 M M
20 66 43 55 -1 10 0 0.00 M M 5.1 8 50 M M 1 M M
21 60 49 55 -1 10 0 0.03 M M 5.0 13 40 M M 7 1 20 10
22 60 53 57 1 8 0 0.00 M M 2.9 9 100 M M 10 1 12 130
23 64 50 57 1 8 0 0.05 M M 8.1 21 140 M M 7 12 26 140
24 65 54 60 4 5 0 0.10 M M 8.7 16 190 M M 7 1 24 190
25 63 50 57 1 8 0 0.02 M M 7.9 20 140 M M 5 1 24 150
26 65 56 61 5 4 0 0.17 M M 10.5 21 140 M M 8 1 25 170
27 61 54 58 2 7 0 0.04 M M 5.3 12 190 M M 6 15 360
28 57 52 55 0 10 0 1.10 M M 6.3 15 130 M M 10 1 19 130
29 60 49 55 0 10 0 0.02 M M 7.0 15 210 M M 6 19 200
30 59 51 55 0 10 0 0.12 M M 9.6 18 100 M M 9 1 23 100
31 63 51 57 2 8 0 0.22 M M 11.5 31 180 M M 8 1 43 190
================================================================================
SM 1895 1545 286 0 4.39 M 213.9 M 216
================================================================================
AV 61.1 49.8 6.9 FASTST M M 7 MAX(MPH)
MISC ----> 36 30 52 10
================================================================================
NOTES:
# LAST OF SEVERAL OCCURRENCES
COLUMN 17 PEAK WIND IN M.P.H.
PRELIMINARY LOCAL CLIMATOLOGICAL DATA (WS FORM: F-6) , PAGE 2
STATION: KODIAK
MONTH: AUGUST
YEAR: 2023
LATITUDE: 57 45 N
LONGITUDE: 152 31 W
[TEMPERATURE DATA] [PRECIPITATION DATA] SYMBOLS USED IN COLUMN 16
AVERAGE MONTHLY: 55.5 TOTAL FOR MONTH: 4.39 1 = FOG OR MIST
DPTR FM NORMAL: -1.0 DPTR FM NORMAL: -0.51 2 = FOG REDUCING VISIBILITY
HIGHEST: 70 ON 1 GRTST 24HR 1.38 ON 11-12 TO 1/4 MILE OR LESS
LOWEST: 40 ON 18 3 = THUNDER
SNOW, ICE PELLETS, HAIL 4 = ICE PELLETS
TOTAL MONTH: M 5 = HAIL
GRTST 24HR M ON M 6 = FREEZING RAIN OR DRIZZLE
GRTST DEPTH: M ON M 7 = DUSTSTORM OR SANDSTORM:
VSBY 1/2 MILE OR LESS
8 = SMOKE OR HAZE
[NO. OF DAYS WITH] [WEATHER - DAYS WITH] 9 = BLOWING SNOW
X = TORNADO
MAX 32 OR BELOW: 0 0.01 INCH OR MORE: 19
MAX 90 OR ABOVE: 0 0.10 INCH OR MORE: 11
MIN 32 OR BELOW: 0 0.50 INCH OR MORE: 3
MIN 0 OR BELOW: 0 1.00 INCH OR MORE: 2
[HDD (BASE 65) ]
TOTAL THIS MO. 286 CLEAR (SCALE 0-3) 5
DPTR FM NORMAL 21 PTCLDY (SCALE 4-7) 13
TOTAL FM JUL 1 595 CLOUDY (SCALE 8-10) 13
DPTR FM NORMAL 53
[CDD (BASE 65) ]
TOTAL THIS MO. 0
DPTR FM NORMAL -3 [PRESSURE DATA]
TOTAL FM JAN 1 0 HIGHEST SLP M ON M
DPTR FM NORMAL -7 LOWEST SLP 28.98 ON 12
[REMARKS]
#FINAL-08-23#