000
CXUS54 KLCH 010930
CF6AEX
PRELIMINARY LOCAL CLIMATOLOGICAL DATA (WS FORM: F-6)
STATION: ALEXANDRIA
MONTH: DECEMBER
YEAR: 2022
LATITUDE: 31 19 N
LONGITUDE: 92 33 W
TEMPERATURE IN F: :PCPN: SNOW: WIND :SUNSHINE: SKY :PK WND
================================================================================
1 2 3 4 5 6A 6B 7 8 9 10 11 12 13 14 15 16 17 18
12Z AVG MX 2MIN
DY MAX MIN AVG DEP HDD CDD WTR SNW DPTH SPD SPD DIR MIN PSBL S-S WX SPD DR
================================================================================
1 60 37 49 -4 16 0 0.00 0.0 M 5.6 13 90 M M 0 18 80
2 75 37 56 3 9 0 0.01 M M 7.9 20 180 M M 6 1 27 180
3 82 55 69 16 0 4 T 0.0 M 6.9 15 40 M M 7 12 24 40
4 64 53 59 6 6 0 0.00 0.0 M 3.9 9 40 M M 8 14 10
5 75 59 67 15 0 2 0.02 0.0 M 7.9 18 190 M M 9 12 23 180
6 79 70 75 23 0 10 0.00 0.0 M 9.8 18 210 M M 7 23 220
7 79 66 73 21 0 8 0.04 0.0 M 6.3 12 160 M M 8 1 16 210
8 83 65 74 22 0 9 0.00 0.0 M 7.1 16 230 M M 2 1 21 220
9 82 62 72 20 0 7 0.00 0.0 0 3.3 12 290 M M 7 128 15 280
10 79 66 73 21 0 8 0.06 0.0 M 4.6 12 190 M M 7 13 15 270
11 70 61 66 15 0 1 1.33 0.0 M 4.3 24 270 M M 7 13 32 280
12 69 57 63 12 2 0 0.00 0.0 M 2.5 8 100 M M 6 1 14 90
13 75 61 68 17 0 3 0.48 0.0 M 13.6 25 160 M M 9 138 37 190
14 73 47 60 9 5 0 0.57 M M 7.3 28 320 M M 7 138 38 320
15 61 40 51 0 14 0 0.00 0.0 M 3.9 13 310 M M 0 19 280
16 60 37 49 -2 16 0 0.04 M M 4.1 17 360 M M 4 1 23 360
17 55 35 45 -6 20 0 T M M 5.3 17 320 M M 2 23 300
18 56 27 42 -8 23 0 0.00 0.0 M 4.6 12 90 M M 0 17 60
19 47 40 44 -6 21 0 2.09 M M 6.3 23 120 M M 10 13 28 120
20 50 41 46 -4 19 0 0.42 M M 7.0 14 10 M M 9 1 20 20
21 48 39 44 -6 21 0 0.00 0.0 M 4.0 10 180 M M 9 1 14 180
22 55 22 39 -11 26 0 0.04 M M 13.0 32 320 M M 9 1 44 330
23 28 15 22 -28 43 0 0.00 0.0 M 15.0 25 330 M M 0 37 340
24 39 19 29 -21 36 0 0.00 0.0 M 5.9 16 330 M M 0 26 350
25 46 22 34 -16 31 0 0.00 0.0 M 2.4 9 20 M M 0 14 10
26 59 26 43 -7 22 0 0.00 0.0 M 4.0 15 250 M M 0 19 210
27 54 26 40 -10 25 0 0.00 0.0 M 3.1 12 330 M M 0 15 330
28 73 31 52 2 13 0 0.01 M M 9.3 20 150 M M 4 18 27 190
29 78 63 71 22 0 6 0.04 0.0 M 14.2 25 170 M M 7 1 35 180
30 68 57 63 14 2 0 2.05 0.0 M 4.9 25 330 M M 8 13 38 320
31 71 55 63 14 2 0 0.00 0.0 M 4.3 14 240 M M 5 128 19 240
================================================================================
SM 1993 1391 372 58 7.20 0.0 202.3 M 157
================================================================================
AV 64.3 44.9 6.5 FASTST M M 5 MAX(MPH)
MISC ----> 32 320 44 330
================================================================================
NOTES:
# LAST OF SEVERAL OCCURRENCES
COLUMN 17 PEAK WIND IN M.P.H.
PRELIMINARY LOCAL CLIMATOLOGICAL DATA (WS FORM: F-6) , PAGE 2
STATION: ALEXANDRIA
MONTH: DECEMBER
YEAR: 2022
LATITUDE: 31 19 N
LONGITUDE: 92 33 W
[TEMPERATURE DATA] [PRECIPITATION DATA] SYMBOLS USED IN COLUMN 16
AVERAGE MONTHLY: 54.6 TOTAL FOR MONTH: 7.20 1 = FOG OR MIST
DPTR FM NORMAL: 3.7 DPTR FM NORMAL: 1.92 2 = FOG REDUCING VISIBILITY
HIGHEST: 83 ON 8 GRTST 24HR 2.50 ON 19-20 TO 1/4 MILE OR LESS
LOWEST: 15 ON 23 3 = THUNDER
SNOW, ICE PELLETS, HAIL 4 = ICE PELLETS
TOTAL MONTH: 0.0 INCH 5 = HAIL
GRTST 24HR 0.0 6 = FREEZING RAIN OR DRIZZLE
GRTST DEPTH: 0 7 = DUSTSTORM OR SANDSTORM:
VSBY 1/2 MILE OR LESS
8 = SMOKE OR HAZE
[NO. OF DAYS WITH] [WEATHER - DAYS WITH] 9 = BLOWING SNOW
X = TORNADO
MAX 32 OR BELOW: 1 0.01 INCH OR MORE: 14
MAX 90 OR ABOVE: 0 0.10 INCH OR MORE: 6
MIN 32 OR BELOW: 8 0.50 INCH OR MORE: 4
MIN 0 OR BELOW: 0 1.00 INCH OR MORE: 3
[HDD (BASE 65) ]
TOTAL THIS MO. 372 CLEAR (SCALE 0-3) 10
DPTR FM NORMAL -77 PTCLDY (SCALE 4-7) 14
TOTAL FM JUL 1 663 CLOUDY (SCALE 8-10) 7
DPTR FM NORMAL -110
[CDD (BASE 65) ]
TOTAL THIS MO. 58
DPTR FM NORMAL 46 [PRESSURE DATA]
TOTAL FM JAN 1 3244 HIGHEST SLP 30.67 ON 23
DPTR FM NORMAL 625 LOWEST SLP 29.69 ON 14
[REMARKS]
#FINAL-12-22#