000
CXUS52 KFFC 011010
CF6AHN
PRELIMINARY LOCAL CLIMATOLOGICAL DATA (WS FORM: F-6)
STATION: ATHENS
MONTH: JULY
YEAR: 2021
LATITUDE: 33 57 N
LONGITUDE: 83 19 W
TEMPERATURE IN F: :PCPN: SNOW: WIND :SUNSHINE: SKY :PK WND
================================================================================
1 2 3 4 5 6A 6B 7 8 9 10 11 12 13 14 15 16 17 18
12Z AVG MX 2MIN
DY MAX MIN AVG DEP HDD CDD WTR SNW DPTH SPD SPD DIR MIN PSBL S-S WX SPD DR
================================================================================
1 90 69 80 0 0 15 0.00 0.0 M 3.5 10 160 M M 1 22 180
2 85 72 79 -1 0 14 0.07 0.0 M 3.9 9 300 M M 5 1 15 300
3 86 65 76 -4 0 11 0.00 0.0 M 4.3 13 90 M M 1 18 90
4 91 63 77 -3 0 12 0.00 0.0 M 1.6 8 60 M M 1 12 190
5 93 65 79 -2 0 14 0.00 0.0 M 1.1 10 70 M M 1 18 14 100
6 92 67 80 -1 0 15 0.00 0.0 M 3.3 10 100 M M 1 17 80
7 90 71 81 0 0 16 1.11 0.0 M 3.5 22 90 M M 4 1 27 90
8 91 71 81 0 0 16 T 0.0 M 5.6 13 260 M M 5 3 23 270
9 89 71 80 -1 0 15 0.35 0.0 M 4.4 20 270 M M 4 138 33 280
10 91 71 81 0 0 16 0.61 0.0 M 3.8 17 40 M M 2 13 26 40
11 89 71 80 -1 0 15 T 0.0 M 4.4 9 240 M M 4 16 230
12 91 71 81 0 0 16 1.31 0.0 M 3.1 15 250 M M 5 1238 28 160
13 88 70 79 -2 0 14 0.00 0.0 M 1.9 7 180 M M 6 13 190
14 92 70 81 0 0 16 0.00 0.0 M 1.9 12 320 M M 2 1 17 340
15 93 70 82 1 0 17 0.07 0.0 M 1.6 13 80 M M 2 3 16 70
16 93 73 83 2 0 18 0.02 0.0 M 1.3 10 180 M M 3 13 18 190
17 93 72 83 2 0 18 0.01 0.0 M 3.4 13 290 M M 2 13 20 310
18 88 72 80 -1 0 15 0.02 0.0 M 1.6 9 230 M M 4 16 250
19 87 73 80 -1 0 15 0.20 0.0 M 3.2 8 200 M M 8 1 16 200
20 81 71 76 -5 0 11 1.23 0.0 M 4.4 13 40 M M 8 1 18 30
21 91 72 82 1 0 17 T 0.0 M 2.3 7 99 M M 7 1 M M
22 94 71 83 2 0 18 0.00 0.0 M 1.8 8 60 M M 2 1 11 70
23 94 73 84 3 0 19 0.00 0.0 M 2.5 8 110 M M 1 18 13 90
24 91 74 83 2 0 18 0.01 0.0 M 2.8 8 110 M M 4 18 13 190
25 91 74 83 2 0 18 0.01 0.0 M 0.0 8 110 M M 9 13 190
26 96 75 86 5 0 21 1.39 0.0 M 2.3 22 20 M M 5 18 35 30
27 94 73 84 3 0 19 0.00 0.0 0 2.9 9 100 M M 2 1 14 120
28 96 74 85 4 0 20 0.00 0.0 M 2.4 9 60 M M 3 12 12 60
29 97 74 86 5 0 21 0.00 0.0 M 1.5 7 270 M M 1 18 12 210
30 95 74 85 4 0 20 0.00 0.0 M 4.2 15 300 M M 0 21 280
31 95 76 86 5 0 21 0.00 0.0 M 3.6 9 290 M M 1 15 350
================================================================================
SM 2827 2208 0 511 6.41 0.0 88.1 M 104
================================================================================
AV 91.2 71.2 2.8 FASTST M M 3 MAX(MPH)
MISC ----> # 22 90 35 30
================================================================================
NOTES:
# LAST OF SEVERAL OCCURRENCES
COLUMN 17 PEAK WIND IN M.P.H.
PRELIMINARY LOCAL CLIMATOLOGICAL DATA (WS FORM: F-6) , PAGE 2
STATION: ATHENS
MONTH: JULY
YEAR: 2021
LATITUDE: 33 57 N
LONGITUDE: 83 19 W
[TEMPERATURE DATA] [PRECIPITATION DATA] SYMBOLS USED IN COLUMN 16
AVERAGE MONTHLY: 81.2 TOTAL FOR MONTH: 6.41 1 = FOG OR MIST
DPTR FM NORMAL: 0.2 DPTR FM NORMAL: 2.21 2 = FOG REDUCING VISIBILITY
HIGHEST: 97 ON 29 GRTST 24HR 1.40 ON 19-20 TO 1/4 MILE OR LESS
LOWEST: 63 ON 4 3 = THUNDER
SNOW, ICE PELLETS, HAIL 4 = ICE PELLETS
TOTAL MONTH: 0.0 INCH 5 = HAIL
GRTST 24HR 0.0 6 = FREEZING RAIN OR DRIZZLE
GRTST DEPTH: 0 7 = DUSTSTORM OR SANDSTORM:
VSBY 1/2 MILE OR LESS
8 = SMOKE OR HAZE
[NO. OF DAYS WITH] [WEATHER - DAYS WITH] 9 = BLOWING SNOW
X = TORNADO
MAX 32 OR BELOW: 0 0.01 INCH OR MORE: 14
MAX 90 OR ABOVE: 23 0.10 INCH OR MORE: 7
MIN 32 OR BELOW: 0 0.50 INCH OR MORE: 5
MIN 0 OR BELOW: 0 1.00 INCH OR MORE: 4
[HDD (BASE 65) ]
TOTAL THIS MO. 0 CLEAR (SCALE 0-3) 17
DPTR FM NORMAL 0 PTCLDY (SCALE 4-7) 13
TOTAL FM JUL 1 0 CLOUDY (SCALE 8-10) 1
DPTR FM NORMAL 0
[CDD (BASE 65) ]
TOTAL THIS MO. 511
DPTR FM NORMAL 15 [PRESSURE DATA]
TOTAL FM JAN 1 1176 HIGHEST SLP 30.32 ON 13
DPTR FM NORMAL 35 LOWEST SLP 29.80 ON 2
[REMARKS]
#FINAL-07-21#