127
CXUS55 KCYS 031515
CF6AIA
PRELIMINARY LOCAL CLIMATOLOGICAL DATA (WS FORM: F-6) ...CORRECTED...
STATION: ALLIANCE NEBRASKA AIRPORT
MONTH: SEPTEMBER
YEAR: 2020
LATITUDE: 42 2 N
LONGITUDE: 102 48 W
TEMPERATURE IN F: :PCPN: SNOW: WIND :SUNSHINE: SKY :PK WND
================================================================================
1 2 3 4 5 6A 6B 7 8 9 10 11 12 13 14 15 16 17 18
12Z AVG MX 2MIN
DY MAX MIN AVG DEP HDD CDD WTR SNW DPTH SPD SPD DIR MIN PSBL S-S WX SPD DR
================================================================================
1 83 46 65 -1 0 0 T M M 11.5 24 290 M M 1 32 300
2 93 40 67 1 0 2 0.00 M M 11.7 30 10 M M 0 41 20
3 82 43 63 -2 2 0 0.00 M M 7.6 31 10 M M 0 43 10
4 90 40 65 0 0 0 0.00 M M 6.3 17 40 M M 0 21 20
5 103 45 74 10 0 9 0.00 M M 8.1 23 220 M M 0 34 190
6 94 49 72 8 0 7 0.00 M M 9.2 21 10 M M 0 27 20
7 76 37 57 -7 8 0 0.09 M M 15.9 37 30 M M 3 13 49 30
8 42 32 37 -26 28 0 0.14 M M 15.1 29 30 M M 10 13 37 30
9 47 31 39 -24 26 0 T M M 2.1 8 220 M M 6 1 10 220
10 59 27 43 -19 22 0 0.21 M M 5.6 15 200 M M 4 1 20 200
11 58 38 48 -14 17 0 0.06 M M 8.6 18 220 M M 8 1 26 220
12 79 37 58 -3 7 0 0.00 M M 8.8 22 320 M M 0 30 310
13 88 35 62 1 3 0 0.00 M M 6.4 14 220 M M 0 20 220
14 91 45 68 8 0 3 0.00 M M 12.1 26 180 M M 0 36 180
15 93 42 68 8 0 3 0.00 M M 6.8 15 10 M M 0 22 360
16 70 48 59 0 6 0 0.00 M M 8.7 16 30 M M 0 18 24 40
17 80 44 62 3 3 0 0.00 M M 7.8 20 40 M M 0 18 26 10
18 80 36 58 0 7 0 0.00 M M 9.0 20 150 M M 0 18 25 140
19 88 51 70 12 0 5 0.00 M M 12.0 22 150 M M 0 8 27 140
20 86 51 69 12 0 4 T M M 10.8 29 300 M M 1 43 300
21 86 40 63 6 2 0 0.00 M M 3.7 12 150 M M 0 15 180
22 92 39 66 10 0 1 0.00 M M 7.6 20 180 M M 0 27 190
23 89 45 67 11 0 2 0.00 M M 6.4 15 330 M M 1 21 340
24 91 39 65 10 0 0 0.00 M M 9.2 16 190 M M 0 23 210
25 77 45 61 6 4 0 T M M 8.9 21 360 M M 0 29 350
26 87 45 66 12 0 1 0.00 M M 13.0 33 270 M M 1 50 300
27 63 39 51 -3 14 0 T M M 15.0 29 320 M M 0 47 20
28 65 26 46 -7 19 0 0.00 M M 14.6 29 310 M M 0 42 330
29 80 26 53 0 12 0 0.00 M M 12.5 26 310 M M 0 35 300
30 68 39 54 2 11 0 0.00 M M 14.9 30 340 M M 3 38 330
================================================================================
SM 2380 1200 191 37 0.50 M 289.9 M 38
================================================================================
AV 79.3 40.0 9.7 FASTST M M 1 MAX(MPH)
MISC ----> # 37 30 # 50 300
================================================================================
NOTES:
# LAST OF SEVERAL OCCURRENCES
COLUMN 17 PEAK WIND IN M.P.H.
PRELIMINARY LOCAL CLIMATOLOGICAL DATA (WS FORM: F-6) , PAGE 2
STATION: ALLIANCE NEBRASKA AIRPORT
MONTH: SEPTEMBER
YEAR: 2020
LATITUDE: 42 2 N
LONGITUDE: 102 48 W
[TEMPERATURE DATA] [PRECIPITATION DATA] SYMBOLS USED IN COLUMN 16
AVERAGE MONTHLY: 59.7 TOTAL FOR MONTH: 0.50 1 = FOG OR MIST
DPTR FM NORMAL: 0.3 DPTR FM NORMAL: -0.89 2 = FOG REDUCING VISIBILITY
HIGHEST: 103 ON 5 GRTST 24HR 0.21 ON 10-10 TO 1/4 MILE OR LESS
LOWEST: 26 ON 29,28 3 = THUNDER
SNOW, ICE PELLETS, HAIL 4 = ICE PELLETS
TOTAL MONTH: M 5 = HAIL
GRTST 24HR M ON M 6 = FREEZING RAIN OR DRIZZLE
GRTST DEPTH: M ON M 7 = DUSTSTORM OR SANDSTORM:
VSBY 1/2 MILE OR LESS
8 = SMOKE OR HAZE
[NO. OF DAYS WITH] [WEATHER - DAYS WITH] 9 = BLOWING SNOW
X = TORNADO
MAX 32 OR BELOW: 0 0.01 INCH OR MORE: 4
MAX 90 OR ABOVE: 8 0.10 INCH OR MORE: 2
MIN 32 OR BELOW: 5 0.50 INCH OR MORE: 0
MIN 0 OR BELOW: 0 1.00 INCH OR MORE: 0
[HDD (BASE 65) ]
TOTAL THIS MO. 191 CLEAR (SCALE 0-3) 25
DPTR FM NORMAL -17 PTCLDY (SCALE 4-7) 3
TOTAL FM JUL 1 202 CLOUDY (SCALE 8-10) 2
DPTR FM NORMAL -43
[CDD (BASE 65) ]
TOTAL THIS MO. 37
DPTR FM NORMAL -3 [PRESSURE DATA]
TOTAL FM JAN 1 764 HIGHEST SLP 30.51 ON 8
DPTR FM NORMAL 201 LOWEST SLP 29.57 ON 26
[REMARKS]
SEPTEMBER 5TH...RECORD HIGH 103* DEGREES (PREVIOUS 100
DEGREES IN 1998).
SEPTEMBER 24TH...TIED RECORD HIGH 91 DEGREES IN 1908.
*WARMEST HIGH TEMPERATURE RECORDED FOR SEPTEMBER
#FINAL-09-20#