000
CXUS53 KGRB 120305
CF6AIG
PRELIMINARY LOCAL CLIMATOLOGICAL DATA (WS FORM: F-6)
STATION: ANTIGO AWOS
MONTH: APRIL
YEAR: 2023
LATITUDE: 45 9 N
LONGITUDE: 89 8 W
TEMPERATURE IN F: :PCPN: SNOW: WIND :SUNSHINE: SKY :PK WND
================================================================================
1 2 3 4 5 6A 6B 7 8 9 10 11 12 13 14 15 16 17 18
12Z AVG MX 2MIN
DY MAX MIN AVG DEP HDD CDD WTR SNW DPTH SPD SPD DIR MIN PSBL S-S WX SPD DR
================================================================================
1 34 20 27 -7 38 0 0.36 M M 12.7 27 360 M M 3 1 36 360
2 39 19 29 -6 36 0 M M M 11.8 27 140 M M 4 33 140
3 45 30 38 3 27 0 M M M 7.9 13 270 M M 1 21 260
4 37 27 32 -4 33 0 0.30 M M 16.3 25 90 M M 8 1 38 90
5 37 27 32 -4 33 0 0.03 M M 15.7 30 240 M M 10 12 45 240
6 33 22 28 -9 37 0 M M M 20.5 30 260 M M 5 40 260
7 39 14 27 -10 38 0 0.02 M M 5.0 12 130 M M 3 16 150
8 38 28 33 -5 32 0 0.18 M M 7.5 12 100 M M 5 M M
9 55 29 42 4 23 0 M M M 7.5 16 200 M M 2 23 180
10 62 36 49 10 16 0 M M M 8.0 14 220 M M 2 21 200
11 68 33 51 12 14 0 M M M 6.3 15 260 M M 0 22 250
12 80 49 65 25 0 0 M M M 13.2 20 230 M M 0 26 240
13 80 51 66 26 0 1 M M M 9.0 17 180 M M 0 23 180
14 79 44 62 21 3 0 M M M 7.1 16 200 M M 0 22 200
15 79 48 64 23 1 0 0.07 M M 6.9 21 170 M M 4 36 140
16 51 29 40 -2 25 0 M M M 13.4 22 350 M M 10 1 29 360
17 30 26 28 -14 37 0 M M M 16.1 21 330 M M 10 18 31 330
18 47 28 38 -5 27 0 M M M 11.9 18 320 M M 3 24 320
19 33 30 32 -11 33 0 M M M 11.0 15 100 M M 7 21 90
20 44 32 38 -6 27 0 0.22 M M 13.1 20 240 M M 10 1 35 240
21 46 31 39 -5 26 0 M M M 12.1 20 230 M M 8 27 230
22 42 29 36 -9 29 0 0.03 M M 8.7 17 330 M M 10 25 330
23 39 29 34 -11 31 0 M M M 6.9 13 300 M M 10 22 320
24 43 26 35 -10 30 0 M M M 3.2 10 60 M M 7 M M
25 45 27 36 -10 29 0 M M M 7.0 14 340 M M 4 20 340
26 50 24 37 -9 28 0 M M M 4.7 13 150 M M 2 17 150
27 53 35 44 -3 21 0 M M M 9.3 16 220 M M 9 27 220
28 64 39 52 5 13 0 M M M 6.4 10 140 M M 5 17 160
29 47 32 40 -7 25 0 0.09 M M 7.6 14 320 M M 10 1 21 310
30 38 32 35 -13 30 0 0.06 M M 14.3 20 330 M M 10 1 26 340
================================================================================
SM 1477 926 742 1 1.36 M 301.1 M 162
================================================================================
AV 49.2 30.9 10.0 FASTST M M 5 MAX(MPH)
MISC ----> 30 260 45 240
================================================================================
NOTES:
# LAST OF SEVERAL OCCURRENCES
COLUMN 17 PEAK WIND IN M.P.H.
PRELIMINARY LOCAL CLIMATOLOGICAL DATA (WS FORM: F-6) , PAGE 2
STATION: ANTIGO AWOS
MONTH: APRIL
YEAR: 2023
LATITUDE: 45 9 N
LONGITUDE: 89 8 W
[TEMPERATURE DATA] [PRECIPITATION DATA] SYMBOLS USED IN COLUMN 16
AVERAGE MONTHLY: 40.1 TOTAL FOR MONTH: 1.36 1 = FOG OR MIST
DPTR FM NORMAL: -1.4 DPTR FM NORMAL: -1.02 2 = FOG REDUCING VISIBILITY
HIGHEST: 80 ON 13,12 GRTST 24HR 0.36 ON 1- 1 TO 1/4 MILE OR LESS
LOWEST: 14 ON 7 3 = THUNDER
SNOW, ICE PELLETS, HAIL 4 = ICE PELLETS
TOTAL MONTH: M 5 = HAIL
GRTST 24HR M ON M 6 = FREEZING RAIN OR DRIZZLE
GRTST DEPTH: M ON M 7 = DUSTSTORM OR SANDSTORM:
VSBY 1/2 MILE OR LESS
8 = SMOKE OR HAZE
[NO. OF DAYS WITH] [WEATHER - DAYS WITH] 9 = BLOWING SNOW
X = TORNADO
MAX 32 OR BELOW: 1 0.01 INCH OR MORE: 10
MAX 90 OR ABOVE: 0 0.10 INCH OR MORE: 4
MIN 32 OR BELOW: 22 0.50 INCH OR MORE: 0
MIN 0 OR BELOW: 0 1.00 INCH OR MORE: 0
[HDD (BASE 65) ]
TOTAL THIS MO. 742 CLEAR (SCALE 0-3) 11
DPTR FM NORMAL 31 PTCLDY (SCALE 4-7) 8
TOTAL FM JUL 1 7950 CLOUDY (SCALE 8-10) 11
DPTR FM NORMAL -625
[CDD (BASE 65) ]
TOTAL THIS MO. 1
DPTR FM NORMAL 0 [PRESSURE DATA]
TOTAL FM JAN 1 1 HIGHEST SLP M ON M
DPTR FM NORMAL 0 LOWEST SLP M ON M
[REMARKS]
#FINAL-04-23#