000
CXUS55 KBOU 010823
CF6AKO
PRELIMINARY LOCAL CLIMATOLOGICAL DATA (WS FORM: F-6)
STATION: AKRON CO
MONTH: MARCH
YEAR: 2020
LATITUDE: 40 10 N
LONGITUDE: 103 13 W
TEMPERATURE IN F: :PCPN: SNOW: WIND :SUNSHINE: SKY :PK WND
================================================================================
1 2 3 4 5 6A 6B 7 8 9 10 11 12 13 14 15 16 17 18
12Z AVG MX 2MIN
DY MAX MIN AVG DEP HDD CDD WTR SNW DPTH SPD SPD DIR MIN PSBL S-S WX SPD DR
================================================================================
1 47 26 37 2 28 0 T M M 11.8 22 10 M M 2 1 27 330
2 48 20 34 -2 31 0 T M M 7.1 16 360 M M 4 12 25 200
3 60 20 40 4 25 0 0.00 M M 12.7 33 340 M M 0 43 350
4 68 26 47 11 18 0 0.00 M M 13.8 25 290 M M 0 32 270
5 50 22 36 0 29 0 0.00 M M 10.4 28 350 M M 0 40 360
6 69 32 51 14 14 0 0.00 M M 9.3 16 260 M M 0 26 200
7 71 34 53 16 12 0 0.00 M M 10.2 22 270 M M 0 26 270
8 72 38 55 18 10 0 T M M 14.7 32 360 M M 3 43 360
9 59 33 46 8 19 0 0.06 M M 10.6 24 230 M M 7 12 37 240
10 63 33 48 10 17 0 0.00 M M 8.4 21 300 M M 2 25 300
11 65 32 49 11 16 0 0.00 M M 8.4 18 220 M M 2 26 230
12 45 33 39 1 26 0 0.00 M M 12.5 22 30 M M 6 28 30
13 34 25 30 -9 35 0 0.03 M M 20.8 33 140 M M 10 12 46 150
14 30 25 28 -11 37 0 T M M 16.2 22 150 M M 10 1 35 130
15 42 28 35 -4 30 0 0.00 M M 14.6 24 170 M M 10 1 33 190
16 43 27 35 -4 30 0 0.00 M M 10.2 21 80 M M 10 12 25 80
17 47 30 39 -1 26 0 0.00 M M 15.1 25 170 M M 8 12 34 180
18 53 32 43 3 22 0 T M M 13.0 25 120 M M 7 12 33 90
19 43 19 31 -9 34 0 0.19 M M 21.8 48 10 M M 10 12 63 10
20 28 13 21 -19 44 0 T M M 12.5 20 150 M M 8 27 160
21 52 18 35 -5 30 0 0.00 M M 8.2 18 260 M M 0 1 23 270
22 53 29 41 0 24 0 0.00 M M 10.9 30 330 M M 2 1 37 320
23 62 30 46 5 19 0 T M M 13.0 26 170 M M 3 38 160
24 64 34 49 8 16 0 0.00 M M 9.2 17 280 M M 1 28 280
25 69 34 52 11 13 0 0.00 M M 11.1 21 60 M M 0 29 50
26 52 30 41 -1 24 0 0.00 M M 11.3 22 120 M M 4 12 27 110
27 48 32 40 -2 25 0 0.13 M M 8.0 24 350 M M 10 1 32 350
28 47 32 40 -2 25 0 0.08 M M 22.7 37 340 M M 8 12 47 340
29 53 29 41 -1 24 0 0.00 M M 8.8 16 280 M M 1 23 300
30 59 34 47 5 18 0 T M M 6.6 15 340 M M 7 20 340
31 68 32 50 7 15 0 0.00 0.0 0 11.8 22 210 M M 1 30 200
================================================================================
SM 1664 882 736 0 0.49 0.0 375.7 M 136
================================================================================
AV 53.7 28.5 12.1 FASTST M M 4 MAX(MPH)
MISC ----> # 48 10 # 63 10
================================================================================
NOTES:
# LAST OF SEVERAL OCCURRENCES
COLUMN 17 PEAK WIND IN M.P.H.
PRELIMINARY LOCAL CLIMATOLOGICAL DATA (WS FORM: F-6) , PAGE 2
STATION: AKRON CO
MONTH: MARCH
YEAR: 2020
LATITUDE: 40 10 N
LONGITUDE: 103 13 W
[TEMPERATURE DATA] [PRECIPITATION DATA] SYMBOLS USED IN COLUMN 16
AVERAGE MONTHLY: 41.1 TOTAL FOR MONTH: 0.49 1 = FOG OR MIST
DPTR FM NORMAL: 1.9 DPTR FM NORMAL: -0.38 2 = FOG REDUCING VISIBILITY
HIGHEST: 72 ON 8 GRTST 24HR 0.19 ON 19-19 TO 1/4 MILE OR LESS
LOWEST: 13 ON 20 3 = THUNDER
SNOW, ICE PELLETS, HAIL 4 = ICE PELLETS
TOTAL MONTH: 0.0 INCH 5 = HAIL
GRTST 24HR 0.0 6 = FREEZING RAIN OR DRIZZLE
GRTST DEPTH: 0 7 = DUSTSTORM OR SANDSTORM:
VSBY 1/2 MILE OR LESS
8 = SMOKE OR HAZE
[NO. OF DAYS WITH] [WEATHER - DAYS WITH] 9 = BLOWING SNOW
X = TORNADO
MAX 32 OR BELOW: 2 0.01 INCH OR MORE: 5
MAX 90 OR ABOVE: 0 0.10 INCH OR MORE: 2
MIN 32 OR BELOW: 23 0.50 INCH OR MORE: 0
MIN 0 OR BELOW: 0 1.00 INCH OR MORE: 0
[HDD (BASE 65) ]
TOTAL THIS MO. 736 CLEAR (SCALE 0-3) 14
DPTR FM NORMAL -64 PTCLDY (SCALE 4-7) 9
TOTAL FM JUL 1 5274 CLOUDY (SCALE 8-10) 8
DPTR FM NORMAL -177
[CDD (BASE 65) ]
TOTAL THIS MO. 0
DPTR FM NORMAL 0 [PRESSURE DATA]
TOTAL FM JAN 1 0 HIGHEST SLP M ON M
DPTR FM NORMAL 0 LOWEST SLP 29.50 ON 19
[REMARKS]
#FINAL-03-20#