000
CXUS54 KEPZ 011130
CF6ALM
PRELIMINARY LOCAL CLIMATOLOGICAL DATA (WS FORM: F-6)
STATION: ALAMOGORDO
MONTH: DECEMBER
YEAR: 2020
LATITUDE: 32 49 N
LONGITUDE: 106 0 W
TEMPERATURE IN F: :PCPN: SNOW: WIND :SUNSHINE: SKY :PK WND
================================================================================
1 2 3 4 5 6A 6B 7 8 9 10 11 12 13 14 15 16 17 18
12Z AVG MX 2MIN
DY MAX MIN AVG DEP HDD CDD WTR SNW DPTH SPD SPD DIR MIN PSBL S-S WX SPD DR
================================================================================
1 57 23 40 M 25 0 0.00 M M 6.0 13 320 M M 0 20 340
2 46 25 36 M 29 0 0.00 M M 8.1 16 170 M M 3 21 170
3 45 18 32 M 33 0 0.00 M M 4.0 9 170 M M 0 M M
4 50 16 33 M 32 0 0.00 M M 2.4 7 150 M M 0 M M
5 55 19 37 M 28 0 0.00 M M 3.6 8 50 M M 0 M M
6 59 23 41 M 24 0 0.00 M M 4.0 10 120 M M 0 M M
7 59 25 42 M 23 0 0.00 M M 2.9 8 40 M M 0 M M
8 64 27 46 M 19 0 0.00 M M 2.7 7 70 M M 0 M M
9 64 23 44 M 21 0 0.00 M M 2.5 7 140 M M 0 M M
10 54 32 43 M 22 0 0.06 M M 6.4 15 160 M M 5 22 160
11 57 32 45 M 20 0 0.00 M M 6.6 14 170 M M 1 17 190
12 59 32 46 M 19 0 0.00 M M 10.9 20 180 M M 1 32 210
13 48 28 38 M 27 0 0.00 M M 10.2 20 360 M M 1 35 330
14 50 19 35 M 30 0 0.00 M M 6.0 16 200 M M 1 21 200
15 46 25 36 M 29 0 0.00 M M 10.3 17 350 M M 1 28 320
16 52 23 38 M 27 0 0.00 M M 12.0 17 320 M M 0 23 330
17 57 18 38 M 27 0 0.00 M M 6.0 12 200 M M 0 M M
18 61 36 49 M 16 0 0.00 M M 8.1 15 160 M M 0 20 160
19 55 27 41 M 24 0 0.00 M M 7.8 14 360 M M 0 20 330
20 59 21 40 M 25 0 0.00 M M 7.6 15 10 M M 0 16 320
21 61 28 45 M 20 0 0.00 M M 6.0 14 360 M M 0 16 360
22 63 25 44 M 21 0 0.00 M M 7.4 16 150 M M 0 20 150
23 57 30 44 M 21 0 0.00 M M 12.8 25 10 M M 0 36 360
24 48 14 31 M 34 0 0.00 M M 9.1 18 320 M M 0 25 330
25 52 14 33 M 32 0 0.00 M M 4.0 9 40 M M 0 M M
26 57 16 37 M 28 0 0.00 M M 3.5 10 20 M M 0 M M
27 59 23 41 M 24 0 0.00 M M 4.0 8 140 M M 0 M M
28 70 32 51 M 14 0 0.00 M M 10.5 21 170 M M 0 30 170
29 59 37 48 M 17 0 0.00 M M 12.0 17 280 M M 3 23 270
30 46 27 37 M 28 0 0.00 M M 5.9 14 340 M M 1 20 340
31 46 16 31 M 34 0 0.00 M M 4.7 8 300 M M 0 M M
================================================================================
SM 1715 754 773 0 0.06 M 208.0 M 17
================================================================================
AV 55.3 24.3 6.7 FASTST M M 1 MAX(MPH)
MISC ----> 25 10 36 360
================================================================================
NOTES:
# LAST OF SEVERAL OCCURRENCES
COLUMN 17 PEAK WIND IN M.P.H.
PRELIMINARY LOCAL CLIMATOLOGICAL DATA (WS FORM: F-6) , PAGE 2
STATION: ALAMOGORDO
MONTH: DECEMBER
YEAR: 2020
LATITUDE: 32 49 N
LONGITUDE: 106 0 W
[TEMPERATURE DATA] [PRECIPITATION DATA] SYMBOLS USED IN COLUMN 16
AVERAGE MONTHLY: 39.8 TOTAL FOR MONTH: 0.06 1 = FOG OR MIST
DPTR FM NORMAL: 0.0 DPTR FM NORMAL: M 2 = FOG REDUCING VISIBILITY
HIGHEST: 70 ON 28 GRTST 24HR 0.06 ON 10-10 TO 1/4 MILE OR LESS
LOWEST: 14 ON 25,24 3 = THUNDER
SNOW, ICE PELLETS, HAIL 4 = ICE PELLETS
TOTAL MONTH: M 5 = HAIL
GRTST 24HR M ON M 6 = FREEZING RAIN OR DRIZZLE
GRTST DEPTH: M ON M 7 = DUSTSTORM OR SANDSTORM:
VSBY 1/2 MILE OR LESS
8 = SMOKE OR HAZE
[NO. OF DAYS WITH] [WEATHER - DAYS WITH] 9 = BLOWING SNOW
X = TORNADO
MAX 32 OR BELOW: 0 0.01 INCH OR MORE: 1
MAX 90 OR ABOVE: 0 0.10 INCH OR MORE: 0
MIN 32 OR BELOW: 29 0.50 INCH OR MORE: 0
MIN 0 OR BELOW: 0 1.00 INCH OR MORE: 0
[HDD (BASE 65) ]
TOTAL THIS MO. 773 CLEAR (SCALE 0-3) 30
DPTR FM NORMAL M PTCLDY (SCALE 4-7) 1
TOTAL FM JUL 1 1246 CLOUDY (SCALE 8-10) 0
DPTR FM NORMAL M
[CDD (BASE 65) ]
TOTAL THIS MO. 0
DPTR FM NORMAL M [PRESSURE DATA]
TOTAL FM JAN 1 1903 HIGHEST SLP M ON M
DPTR FM NORMAL M LOWEST SLP M ON M
[REMARKS]
#FINAL-12-20#