000
CXUS55 KPUB 011736
CF6ALS
PRELIMINARY LOCAL CLIMATOLOGICAL DATA (WS FORM: F-6)
STATION: ALAMOSA CO
MONTH: AUGUST
YEAR: 2021
LATITUDE: 37 27 N
LONGITUDE: 105 52 W
TEMPERATURE IN F: :PCPN: SNOW: WIND :SUNSHINE: SKY :PK WND
================================================================================
1 2 3 4 5 6A 6B 7 8 9 10 11 12 13 14 15 16 17 18
12Z AVG MX 2MIN
DY MAX MIN AVG DEP HDD CDD WTR SNW DPTH SPD SPD DIR MIN PSBL S-S WX SPD DR
================================================================================
1 74 52 63 -2 2 0 0.00 0.0 0 4.9 17 320 M M 7 21 330
2 79 50 65 0 0 0 T 0.0 0 4.7 23 290 M M 6 32 300
3 79 43 61 -4 4 0 0.02 0.0 0 5.7 32 330 M M 3 12 47 330
4 83 48 66 1 0 1 T 0.0 0 7.9 20 340 M M 3 30 330
5 85 44 65 0 0 0 0.00 0.0 0 6.0 25 260 M M 0 34 260
6 88 43 66 1 0 1 0.00 0.0 0 5.4 22 250 M M 0 28 250
7 85 45 65 1 0 0 0.00 0.0 0 7.3 23 250 M M 0 8 34 250
8 85 37 61 -3 4 0 0.00 0.0 0 4.7 12 150 M M 0 8 16 30
9 87 43 65 1 0 0 0.00 0.0 0 4.3 15 360 M M 0 8 19 170
10 88 45 67 3 0 2 0.00 0.0 0 6.5 16 260 M M 0 22 260
11 87 47 67 3 0 2 0.00 0.0 0 5.7 18 140 M M 0 25 130
12 87 47 67 3 0 2 0.00 0.0 0 8.1 25 100 M M 2 36 110
13 84 49 67 3 0 2 0.00 0.0 0 7.7 23 110 M M 0 31 110
14 86 42 64 0 1 0 0.00 0.0 0 4.6 20 360 M M 0 27 350
15 87 51 69 5 0 4 0.01 0.0 0 7.0 26 100 M M 2 3 40 100
16 82 46 64 1 1 0 0.07 0.0 0 3.4 30 20 M M 1 3 45 20
17 86 39 63 0 2 0 0.00 0.0 0 3.6 13 100 M M 0 19 120
18 86 44 65 2 0 0 0.00 0.0 0 8.9 26 240 M M 1 35 240
19 79 51 65 2 0 0 0.00 0.0 0 12.1 25 240 M M 4 32 230
20 79 46 63 0 2 0 0.00 0.0 0 6.5 17 350 M M 1 24 350
21 81 43 62 0 3 0 0.00 0.0 0 8.8 29 190 M M 2 36 190
22 83 49 66 4 0 1 0.00 0.0 0 11.2 25 260 M M 0 39 220
23 86 49 68 6 0 3 0.00 0.0 0 9.5 22 240 M M 2 31 220
24 85 41 63 1 2 0 0.00 0.0 0 5.8 15 230 M M 0 22 220
25 87 33 60 -2 5 0 0.00 0.0 0 3.8 13 160 M M 0 20 210
26 87 46 67 5 0 2 T 0.0 0 7.0 23 220 M M 2 3 30 210
27 84 44 64 3 1 0 0.00 0.0 0 5.0 16 210 M M 1 21 210
28 87 50 69 8 0 4 0.00 0.0 0 6.2 17 360 M M 1 24 10
29 83 51 67 6 0 2 0.00 0.0 0 9.5 29 150 M M 2 3 41 240
30 85 40 63 2 2 0 0.00 0.0 0 5.8 16 170 M M 0 27 10
31 86 41 64 3 1 0 0.00 0.0 0 5.1 14 230 M M 0 18 230
================================================================================
SM 2610 1399 30 26 0.10 0.0 202.7 M 40
================================================================================
AV 84.2 45.1 6.5 FASTST M M 1 MAX(MPH)
MISC ----> 32 330 47 330
================================================================================
NOTES:
COLUMN 17 PEAK WIND IN M.P.H.
PRELIMINARY LOCAL CLIMATOLOGICAL DATA (WS FORM: F-6) , PAGE 2
STATION: ALAMOSA CO
MONTH: AUGUST
YEAR: 2021
LATITUDE: 37 27 N
LONGITUDE: 105 52 W
[TEMPERATURE DATA] [PRECIPITATION DATA] SYMBOLS USED IN COLUMN 16
AVERAGE MONTHLY: 64.7 TOTAL FOR MONTH: 0.10 1 = FOG OR MIST
DPTR FM NORMAL: 1.5 DPTR FM NORMAL: -1.19 2 = FOG REDUCING VISIBILITY
HIGHEST: 88 ON 10, 6 GRTST 24HR 0.08 ON 15-16 TO 1/4 MILE OR LESS
LOWEST: 33 ON 25 3 = THUNDER
SNOW, ICE PELLETS, HAIL 4 = ICE PELLETS
TOTAL MONTH: 0.0 INCH 5 = HAIL
GRTST 24HR 0.0 6 = FREEZING RAIN OR DRIZZLE
GRTST DEPTH: 0 7 = DUSTSTORM OR SANDSTORM:
VSBY 1/2 MILE OR LESS
8 = SMOKE OR HAZE
[NO. OF DAYS WITH] [WEATHER - DAYS WITH] 9 = BLOWING SNOW
X = TORNADO
MAX 32 OR BELOW: 0 0.01 INCH OR MORE: 3
MAX 90 OR ABOVE: 0 0.10 INCH OR MORE: 0
MIN 32 OR BELOW: 0 0.50 INCH OR MORE: 0
MIN 0 OR BELOW: 0 1.00 INCH OR MORE: 0
[HDD (BASE 65) ]
TOTAL THIS MO. 30 CLEAR (SCALE 0-3) 28
DPTR FM NORMAL -44 PTCLDY (SCALE 4-7) 3
TOTAL FM JUL 1 32 CLOUDY (SCALE 8-10) 0
DPTR FM NORMAL -75
[CDD (BASE 65) ]
TOTAL THIS MO. 26
DPTR FM NORMAL 9 [PRESSURE DATA]
TOTAL FM JAN 1 155 HIGHEST SLP 30.31 ON 1
DPTR FM NORMAL 85 LOWEST SLP 29.77 ON 31
[REMARKS]
#FINAL-08-21#