000
CXUS55 KPUB 051734
CLSALS
CLIMATE REPORT
NATIONAL WEATHER SERVICE
1034 AM MST SAT MAR 05 2022
...................................
...THE ALAMOSA CO CLIMATE SUMMARY FOR THE SEASON, FROM
12/1/2021 TO 2/28/2022...
CLIMATE NORMAL PERIOD 1991 TO 2020
CLIMATE RECORD PERIOD 1932 TO 2022
WEATHER OBSERVED NORMAL DEPART LAST YEAR`S
VALUE DATE(S) VALUE FROM VALUE DATE(S)
NORMAL
................................................................
TEMPERATURE (F)
RECORD
HIGH 66 02/25/1986
LOW -50 01/28/1948
HIGHEST 61 12/01 55 02/23
12/02
LOWEST -27 02/04 -15 12/30
AVG. MAXIMUM 42.1 37.1 5.0 38.1
AVG. MINIMUM 1.6 2.4 -0.8 3.1
MEAN 21.9 19.8 2.1 20.5
DAYS MAX >= 90 0 0.0 0.0
DAYS MAX <= 32 13 30.3 -17.3
DAYS MIN <= 32 90 89.7 0.3
DAYS MIN <= 0 42 39.6 2.4
PRECIPITATION (INCHES)
RECORD
MAXIMUM 2.73 2017
MINIMUM 0.08 1999
TOTALS 0.73 0.95 -0.22 0.87
DAILY AVG. 0.01 0.01 -0.00
DAYS >= .01 12 12.0 0.0
DAYS >= .10 2 3.1 -1.1
DAYS >= .50 0 0.0 0.0
DAYS >= 1.00 0 0.0 0.0
GREATEST
24 HR. TOTAL 0.28 02/02 TO 02/02
SNOWFALL (INCHES)
RECORDS
MAXIMUM 38.1 1965
MINIMUM 1.6 1935
TOTALS 11.8 MM MM 13.2
SINCE 7/1 12.1 MM MM MM
SNOWDEPTH AVG. 0
DAYS >= 1.0 3 MM MM
GREATEST
SNOW DEPTH 4 02/02 3
02/03
02/04
24 HR TOTAL 3.7 02/02 TO 02/02 3.2
DEGREE DAYS
HEATING TOTAL 3854 4086 -232 3995
SINCE 7/1 5653 6168 -515 5869
COOLING TOTAL 0 0 0 0
SINCE 1/1 0 0 0 0
................................................................
WIND (MPH)
AVERAGE WIND SPEED 6.6
HIGHEST WIND SPEED/DIRECTION 48/250 DATE 12/15
HIGHEST GUST SPEED/DIRECTION 68/250 DATE 12/15
SKY COVER
POSSIBLE SUNSHINE (PERCENT) MM
AVERAGE SKY COVER 0.16
NUMBER OF DAYS FAIR 77
NUMBER OF DAYS PC 10
NUMBER OF DAYS CLOUDY 3
AVERAGE RH (PERCENT) 59
WEATHER CONDITIONS. NUMBER OF DAYS WITH
THUNDERSTORM 0 MIXED PRECIP 0
HEAVY RAIN 0 RAIN 0
LIGHT RAIN 1 FREEZING RAIN 0
LT FREEZING RAIN 0 HAIL 0
HEAVY SNOW 2 SNOW 6
LIGHT SNOW 16 SLEET 0
FOG 22 FOG W/VIS <= 1/4 MILE 9
HAZE 6
- INDICATES NEGATIVE NUMBERS.
R INDICATES RECORD WAS SET OR TIED.
MM INDICATES DATA IS MISSING.
T INDICATES TRACE AMOUNT.
$$