000
CXUS56 KPDT 011810
CF6ALW
PRELIMINARY LOCAL CLIMATOLOGICAL DATA (WS FORM: F-6)
STATION: WALLA WALLA WA
MONTH: JUNE
YEAR: 2022
LATITUDE: 46 5 N
LONGITUDE: 118 17 W
TEMPERATURE IN F: :PCPN: SNOW: WIND :SUNSHINE: SKY :PK WND
================================================================================
1 2 3 4 5 6A 6B 7 8 9 10 11 12 13 14 15 16 17 18
12Z AVG MX 2MIN
DY MAX MIN AVG DEP HDD CDD WTR SNW DPTH SPD SPD DIR MIN PSBL S-S WX SPD DR
================================================================================
1 79 55 67 3 0 2 T M M 6.1 16 40 M M 6 20 30
2 83 56 70 6 0 5 0.04 M M 5.9 35 230 M M 4 3 49 250
3 73 54 64 0 1 0 0.04 M M 7.2 22 250 M M 6 27 250
4 70 52 61 -3 4 0 0.23 M M 5.3 12 80 M M 8 15 80
5 73 58 66 2 0 1 0.51 M M 8.2 24 250 M M 7 13 29 260
6 72 55 64 -1 1 0 T M M 9.2 20 190 M M 7 3 29 220
7 78 47 63 -2 2 0 0.00 M M 6.6 15 180 M M 1 19 20
8 76 60 68 3 0 3 T M M 8.3 15 190 M M 5 8 20 260
9 81 60 71 6 0 6 0.01 M M 5.8 14 290 M M 5 18 280
10 73 58 66 1 0 1 0.78 M M 6.3 15 280 M M 9 1 21 170
11 72 58 65 -1 0 0 0.30 M M 11.4 20 200 M M 8 1 27 220
12 63 47 55 -11 10 0 1.00 M M 9.1 23 220 M M 9 1 30 230
13 59 45 52 -14 13 0 0.49 M M 15.0 30 240 M M 10 1 39 230
14 65 47 56 -10 9 0 0.00 M M 15.7 28 240 M M 6 37 230
15 75 42 59 -8 6 0 0.00 M M 8.2 18 40 M M 0 23 40
16 73 56 65 -2 0 0 0.00 M M 6.9 16 220 M M 1 20 220
17 74 56 65 -2 0 0 T M M 10.4 23 260 M M 3 29 250
18 65 52 59 -8 6 0 T M M 12.2 21 220 M M 9 28 220
19 69 52 61 -7 4 0 0.01 M M 11.5 20 180 M M 7 25 170
20 72 55 64 -4 1 0 0.00 M M 9.7 17 220 M M 5 23 210
21 82 50 66 -2 0 1 0.00 M M 4.8 12 40 M M 0 15 40
22 86 57 72 3 0 7 0.00 M M 8.8 17 240 M M 0 23 210
23 77 54 66 -3 0 1 0.00 M M 6.3 16 280 M M 1 28 280
24 76 52 64 -5 1 0 0.00 M M 6.7 17 190 M M 0 24 140
25 84 50 67 -3 0 2 0.00 M M 8.1 16 40 M M 0 22 10
26 90 53 72 2 0 7 0.00 M M 6.4 15 50 M M 0 19 50
27 96 62 79 9 0 14 0.00 M M 5.2 8 170 M M 0 14 260
28 85 60 73 2 0 8 0.00 M M 14.2 24 190 M M 0 31 250
29 81 57 69 -2 0 4 0.00 M M 9.2 17 270 M M 0 24 220
30 87 54 71 0 0 6 0.00 M M 5.0 13 40 M M 0 16 50
================================================================================
SM 2289 1614 58 68 3.41 M 253.7 M 117
================================================================================
AV 76.3 53.8 8.5 FASTST M M 4 MAX(MPH)
MISC ----> 35 230 49 250
================================================================================
NOTES:
# LAST OF SEVERAL OCCURRENCES
COLUMN 17 PEAK WIND IN M.P.H.
PRELIMINARY LOCAL CLIMATOLOGICAL DATA (WS FORM: F-6) , PAGE 2
STATION: WALLA WALLA WA
MONTH: JUNE
YEAR: 2022
LATITUDE: 46 5 N
LONGITUDE: 118 17 W
[TEMPERATURE DATA] [PRECIPITATION DATA] SYMBOLS USED IN COLUMN 16
AVERAGE MONTHLY: 65.1 TOTAL FOR MONTH: 3.41 1 = FOG OR MIST
DPTR FM NORMAL: -1.9 DPTR FM NORMAL: 2.17 2 = FOG REDUCING VISIBILITY
HIGHEST: 96 ON 27 GRTST 24HR 1.45 ON 12-13 TO 1/4 MILE OR LESS
LOWEST: 42 ON 15 3 = THUNDER
SNOW, ICE PELLETS, HAIL 4 = ICE PELLETS
TOTAL MONTH: M 5 = HAIL
GRTST 24HR M ON M 6 = FREEZING RAIN OR DRIZZLE
GRTST DEPTH: M ON M 7 = DUSTSTORM OR SANDSTORM:
VSBY 1/2 MILE OR LESS
8 = SMOKE OR HAZE
[NO. OF DAYS WITH] [WEATHER - DAYS WITH] 9 = BLOWING SNOW
X = TORNADO
MAX 32 OR BELOW: 0 0.01 INCH OR MORE: 10
MAX 90 OR ABOVE: 2 0.10 INCH OR MORE: 6
MIN 32 OR BELOW: 0 0.50 INCH OR MORE: 3
MIN 0 OR BELOW: 0 1.00 INCH OR MORE: 1
[HDD (BASE 65) ]
TOTAL THIS MO. 58 CLEAR (SCALE 0-3) 14
DPTR FM NORMAL 4 PTCLDY (SCALE 4-7) 12
TOTAL FM JUL 1 5113 CLOUDY (SCALE 8-10) 4
DPTR FM NORMAL 316
[CDD (BASE 65) ]
TOTAL THIS MO. 68
DPTR FM NORMAL -48 [PRESSURE DATA]
TOTAL FM JAN 1 70 HIGHEST SLP 30.29 ON 21
DPTR FM NORMAL -85 LOWEST SLP 29.61 ON 12
[REMARKS]
#FINAL-06-22#