000
CXUS56 KPDT 011810
CF6ALW
PRELIMINARY LOCAL CLIMATOLOGICAL DATA (WS FORM: F-6)
STATION: WALLA WALLA WA
MONTH: OCTOBER
YEAR: 2023
LATITUDE: 46 5 N
LONGITUDE: 118 17 W
TEMPERATURE IN F: :PCPN: SNOW: WIND :SUNSHINE: SKY :PK WND
================================================================================
1 2 3 4 5 6A 6B 7 8 9 10 11 12 13 14 15 16 17 18
12Z AVG MX 2MIN
DY MAX MIN AVG DEP HDD CDD WTR SNW DPTH SPD SPD DIR MIN PSBL S-S WX SPD DR
================================================================================
1 59 41 50 -10 15 0 0.00 M M 7.0 14 200 M M 5 17 210
2 69 50 60 0 5 0 0.25 M M 9.7 18 200 M M 6 18 24 200
3 65 55 60 0 5 0 0.39 M M 7.2 14 180 M M 7 12 18 180
4 73 52 63 4 2 0 0.00 M M 8.4 15 200 M M 0 20 190
5 79 52 66 8 0 1 0.00 M M 4.9 13 40 M M 0 17 40
6 74 51 63 5 2 0 0.00 M M 5.3 12 180 M M 0 15 170
7 77 52 65 7 0 0 0.00 M M 3.6 8 240 M M 0 8 10 300
8 81 52 67 10 0 2 0.00 M M 3.9 12 90 M M 0 14 80
9 77 52 65 8 0 0 0.00 M M 4.5 18 260 M M 2 8 25 260
10 60 50 55 -1 10 0 0.42 M M 5.6 23 310 M M 8 1 31 300
11 58 49 54 -2 11 0 0.06 M M 10.0 22 200 M M 10 8 27 190
12 62 46 54 -1 11 0 0.00 M M 3.7 10 90 M M 5 12 80
13 68 41 55 0 10 0 0.00 M M 4.0 13 210 M M 0 12 16 210
14 70 50 60 6 5 0 T M M 4.9 12 180 M M 7 15 210
15 71 53 62 8 3 0 0.00 M M 4.9 13 180 M M 5 19 180
16 64 50 57 3 8 0 0.01 M M 5.7 16 210 M M 4 18 22 160
17 65 50 58 5 7 0 0.01 M M 8.7 21 200 M M 2 27 210
18 73 45 59 6 6 0 0.00 M M 4.0 8 150 M M 0 8 10 110
19 76 50 63 11 2 0 0.00 M M 4.3 8 120 M M 0 8 10 310
20 73 51 62 10 3 0 0.00 M M 2.8 9 90 M M 0 8 10 90
21 69 48 59 8 6 0 0.00 M M 3.9 12 200 M M 0 14 190
22 62 50 56 5 9 0 0.01 M M 5.1 10 180 M M 4 3 14 190
23 61 45 53 3 12 0 0.00 M M 13.7 24 230 M M 5 31 210
24 51 41 46 -4 19 0 0.37 M M 8.7 16 220 M M 7 18 22 210
25 52 37 45 -5 20 0 0.23 M M 8.3 17 200 M M 9 18 23 200
26 45 35 40 -9 25 0 0.08 M M 3.9 14 200 M M 10 1 17 190
27 44 29 37 -12 28 0 0.00 M M 5.7 10 340 M M 8 1 14 220
28 44 27 36 -12 29 0 0.00 M M 3.8 9 190 M M 0 8 11 190
29 44 26 35 -13 30 0 0.00 M M 3.0 7 200 M M 0 9 290
30 45 27 36 -12 29 0 0.00 M M 3.2 6 110 M M 0 8 9 300
31 42 27 35 -12 30 0 0.00 M M 3.1 8 80 M M 0 8 11 230
================================================================================
SM 1953 1384 342 3 1.83 M 175.5 M 104
================================================================================
AV 63.0 44.6 5.7 FASTST M M 3 MAX(MPH)
MISC ----> 24 230 # 31 300
================================================================================
NOTES:
# LAST OF SEVERAL OCCURRENCES
COLUMN 17 PEAK WIND IN M.P.H.
PRELIMINARY LOCAL CLIMATOLOGICAL DATA (WS FORM: F-6) , PAGE 2
STATION: WALLA WALLA WA
MONTH: OCTOBER
YEAR: 2023
LATITUDE: 46 5 N
LONGITUDE: 118 17 W
[TEMPERATURE DATA] [PRECIPITATION DATA] SYMBOLS USED IN COLUMN 16
AVERAGE MONTHLY: 53.8 TOTAL FOR MONTH: 1.83 1 = FOG OR MIST
DPTR FM NORMAL: 0.1 DPTR FM NORMAL: 0.17 2 = FOG REDUCING VISIBILITY
HIGHEST: 81 ON 8 GRTST 24HR 0.64 ON 2- 3 TO 1/4 MILE OR LESS
LOWEST: 26 ON 29 3 = THUNDER
SNOW, ICE PELLETS, HAIL 4 = ICE PELLETS
TOTAL MONTH: M 5 = HAIL
GRTST 24HR M ON M 6 = FREEZING RAIN OR DRIZZLE
GRTST DEPTH: M ON M 7 = DUSTSTORM OR SANDSTORM:
VSBY 1/2 MILE OR LESS
8 = SMOKE OR HAZE
[NO. OF DAYS WITH] [WEATHER - DAYS WITH] 9 = BLOWING SNOW
X = TORNADO
MAX 32 OR BELOW: 0 0.01 INCH OR MORE: 10
MAX 90 OR ABOVE: 0 0.10 INCH OR MORE: 5
MIN 32 OR BELOW: 5 0.50 INCH OR MORE: 0
MIN 0 OR BELOW: 0 1.00 INCH OR MORE: 0
[HDD (BASE 65) ]
TOTAL THIS MO. 342 CLEAR (SCALE 0-3) 16
DPTR FM NORMAL -16 PTCLDY (SCALE 4-7) 11
TOTAL FM JUL 1 438 CLOUDY (SCALE 8-10) 4
DPTR FM NORMAL 4
[CDD (BASE 65) ]
TOTAL THIS MO. 3
DPTR FM NORMAL -3 [PRESSURE DATA]
TOTAL FM JAN 1 1071 HIGHEST SLP 30.64 ON 29
DPTR FM NORMAL 134 LOWEST SLP 29.50 ON 10
[REMARKS]
#FINAL-10-23#