000
CXUS52 KJAX 011321
CLMAMG
CLIMATE REPORT
NATIONAL WEATHER SERVICE JACKSONVILLE FL
921 AM EDT SAT JUL 01 2023
...................................
...THE ALMA CLIMATE SUMMARY FOR THE MONTH OF JUNE 2023...
CLIMATE NORMAL PERIOD: 1991 TO 2020
CLIMATE RECORD PERIOD: 1938 TO 2023
WEATHER OBSERVED NORMAL DEPART LAST YEAR`S
VALUE DATE(S) VALUE FROM VALUE DATE(S)
NORMAL
................................................................
TEMPERATURE (F)
RECORD
HIGH 105 06/23/2022
LOW 47 06/02/1984
HIGHEST 97 06/29 97 0 105 06/23
LOWEST 61 06/06 61 0 63 06/01
06/21
06/27
AVG. MAXIMUM 89.6 91.0 -1.4 94.4
AVG. MINIMUM 68.5 69.0 -0.5 70.1
MEAN 79.1 80.0 -0.9 82.3
DAYS MAX >= 90 18 19.0 -1.0 29
DAYS MIN <= 32 0 0.0 0.0 MM
PRECIPITATION (INCHES)
RECORD
MAXIMUM 11.43 1973
MINIMUM 1.27 1977
TOTALS 6.61 5.34 1.27 3.65
DAILY AVG. 0.22 0.18 0.04 0.12
DAYS >= .01 13 12.3 0.7 8
DAYS >= .10 10 8.5 1.5 6
DAYS >= .50 7 3.8 3.2 3
DAYS >= 1.00 1 1.4 -0.4 1
GREATEST
24 HR. TOTAL 1.18 06/19 TO 06/20
SNOWFALL (INCHES)
RECORDS
TOTAL T 1938
TOTALS 0.0 0.0 0.0 0.0
DEGREE DAYS
HEATING TOTAL 0 0 0 0
SINCE 7/1 1159 1645 -486 MM
COOLING TOTAL 430 450 -20 525
SINCE 1/1 1012 904 108 MM
................................................................
WIND (MPH)
AVERAGE WIND SPEED 4.7
HIGHEST WIND SPEED/DIRECTION 33/310 DATE 06/15
HIGHEST GUST SPEED/DIRECTION 46/300 DATE 06/15
SKY COVER
AVERAGE SKY COVER 0.29
AVERAGE RH (PERCENT) 72
WEATHER CONDITIONS. NUMBER OF DAYS WITH
THUNDERSTORM 13 MIXED PRECIP 0
HEAVY RAIN 9 RAIN 13
LIGHT RAIN 15 FREEZING RAIN 0
LT FREEZING RAIN 0 HAIL 0
HEAVY SNOW 0 SNOW 0
LIGHT SNOW 0 SLEET 0
FOG 26 FOG W/VIS <= 1/4 MILE 1
HAZE 0
- INDICATES NEGATIVE NUMBERS.
R INDICATES RECORD WAS SET OR TIED.
MM INDICATES DATA IS MISSING.
T INDICATES TRACE AMOUNT.
$$