194
CXUS54 KBMX 021224
CF6ANB
PRELIMINARY LOCAL CLIMATOLOGICAL DATA (WS FORM: F-6)
STATION: ANNISTON
MONTH: DECEMBER
YEAR: 2020
LATITUDE: 33 35 N
LONGITUDE: 85 51 W
TEMPERATURE IN F: :PCPN: SNOW: WIND :SUNSHINE: SKY :PK WND
================================================================================
1 2 3 4 5 6A 6B 7 8 9 10 11 12 13 14 15 16 17 18
12Z AVG MX 2MIN
DY MAX MIN AVG DEP HDD CDD WTR SNW DPTH SPD SPD DIR MIN PSBL S-S WX SPD DR
================================================================================
1 45 24 35 -14 30 0 0.00 0.0 0 4.8 15 250 M M 0 20 250
2 56 20 38 -10 27 0 0.00 0.0 0 3.0 13 360 M M 0 16 10
3 60 31 46 -2 19 0 0.00 0.0 0 7.2 14 50 M M 5 18 50
4 54 37 46 -2 19 0 0.43 0.0 0 6.9 22 270 M M 6 1 28 260
5 59 31 45 -3 20 0 0.00 0.0 0 3.9 9 230 M M 0 1 M M
6 M M M M M M M 0.0 0 M M M M M M 12 M M
7 47 29 38 -9 27 0 0.00 0.0 0 6.4 20 290 M M 5 1 26 330
8 51 24 38 -9 27 0 0.00 0.0 0 3.2 13 360 M M 0 1 18 360
9 62 26 44 -3 21 0 0.00 0.0 0 2.3 13 240 M M 0 1 16 230
10 71 40 56 10 9 0 0.00 0.0 0 1.6 8 210 M M 0 1 12 230
11 68 37 53 7 12 0 0.00 0.0 0 3.3 10 240 M M 0 12 230
12 67 56 62 16 3 0 0.14 0.0 0 5.3 16 190 M M 10 12 25 190
13 67 50 59 13 6 0 0.41 0.0 0 2.8 17 190 M M 7 12 34 170
14 68 37 53 7 12 0 0.49 0.0 0 8.6 26 280 M M 9 1 36 250
15 56 34 45 0 20 0 0.04 0.0 0 7.2 14 100 M M 5 1 20 70
16 48 37 43 -2 22 0 0.20 0.0 0 6.4 13 320 M M 10 1 18 300
17 44 26 35 -10 30 0 0.00 0.0 0 5.6 14 310 M M 5 20 310
18 53 24 39 -6 26 0 0.00 0.0 0 2.5 9 10 M M 0 12 360
19 57 29 43 -2 22 0 T 0.0 0 5.1 12 120 M M 2 17 120
20 59 45 52 7 13 0 T 0.0 0 2.7 9 40 M M 10 1 11 40
21 58 41 50 6 15 0 0.00 0.0 0 8.2 15 260 M M 4 1 20 240
22 64 32 48 4 17 0 0.00 0.0 0 4.0 10 20 M M 0 14 360
23 66 36 51 7 14 0 0.04 0.0 0 7.3 15 140 M M 3 24 140
24 59 27 43 -1 22 0 0.82 T 0 9.2 31 250 M M 8 18 45 250
25 36 21 29 -15 36 0 0.00 0.0 0 8.6 22 260 M M 0 28 270
26 49 19 34 -10 31 0 0.00 0.0 0 2.4 10 220 M M 0 8 13 220
27 61 25 43 -1 22 0 0.00 0.0 0 2.0 13 170 M M 0 16 170
28 58 30 44 0 21 0 0.00 0.0 0 1.3 9 240 M M 5 1 11 250
29 66 39 53 9 12 0 0.00 0.0 0 3.8 10 50 M M 3 12 12 50
30 70 47 59 15 6 0 0.00 0.0 0 8.8 16 190 M M 4 23 160
31 60 51 56 13 9 0 T 0.0 0 7.5 12 60 M M 8 1 15 60
================================================================================
SM 1739 1005 570 0 2.57 T 151.9 M 109
================================================================================
AV 58.0 33.5 5.1 FASTST M M 4 MAX(MPH)
MISC ----> 31 250 45 250
================================================================================
NOTES:
# LAST OF SEVERAL OCCURRENCES
COLUMN 17 PEAK WIND IN M.P.H.
PRELIMINARY LOCAL CLIMATOLOGICAL DATA (WS FORM: F-6) , PAGE 2
STATION: ANNISTON
MONTH: DECEMBER
YEAR: 2020
LATITUDE: 33 35 N
LONGITUDE: 85 51 W
[TEMPERATURE DATA] [PRECIPITATION DATA] SYMBOLS USED IN COLUMN 16
AVERAGE MONTHLY: 45.7 TOTAL FOR MONTH: 2.57 1 = FOG OR MIST
DPTR FM NORMAL: 0.2 DPTR FM NORMAL: -1.55 2 = FOG REDUCING VISIBILITY
HIGHEST: 71 ON 10 GRTST 24HR 0.90 ON 13-14 TO 1/4 MILE OR LESS
LOWEST: 19 ON 26 3 = THUNDER
SNOW, ICE PELLETS, HAIL 4 = ICE PELLETS
TOTAL MONTH: T 5 = HAIL
GRTST 24HR T ON 24-24 6 = FREEZING RAIN OR DRIZZLE
GRTST DEPTH: 0 7 = DUSTSTORM OR SANDSTORM:
VSBY 1/2 MILE OR LESS
8 = SMOKE OR HAZE
[NO. OF DAYS WITH] [WEATHER - DAYS WITH] 9 = BLOWING SNOW
X = TORNADO
MAX 32 OR BELOW: 0 0.01 INCH OR MORE: 8
MAX 90 OR ABOVE: 0 0.10 INCH OR MORE: 6
MIN 32 OR BELOW: 16 0.50 INCH OR MORE: 1
MIN 0 OR BELOW: 0 1.00 INCH OR MORE: 0
[HDD (BASE 65) ]
TOTAL THIS MO. 570 CLEAR (SCALE 0-3) 15
DPTR FM NORMAL -35 PTCLDY (SCALE 4-7) 11
TOTAL FM JUL 1 862 CLOUDY (SCALE 8-10) 5
DPTR FM NORMAL -239
[CDD (BASE 65) ]
TOTAL THIS MO. 0
DPTR FM NORMAL -2 [PRESSURE DATA]
TOTAL FM JAN 1 2010 HIGHEST SLP 30.47 ON 29
DPTR FM NORMAL 143 LOWEST SLP 29.62 ON 14
[REMARKS]
#FINAL-12-20#