000
CXUS54 KBMX 011010
CF6ANB
PRELIMINARY LOCAL CLIMATOLOGICAL DATA (WS FORM: F-6)
STATION: ANNISTON
MONTH: AUGUST
YEAR: 2023
LATITUDE: 33 35 N
LONGITUDE: 85 51 W
TEMPERATURE IN F: :PCPN: SNOW: WIND :SUNSHINE: SKY :PK WND
================================================================================
1 2 3 4 5 6A 6B 7 8 9 10 11 12 13 14 15 16 17 18
12Z AVG MX 2MIN
DY MAX MIN AVG DEP HDD CDD WTR SNW DPTH SPD SPD DIR MIN PSBL S-S WX SPD DR
================================================================================
1 94 69 82 1 0 17 0.00 0.0 0 4.1 13 10 M M 1 19 10
2 93 66 80 -1 0 15 0.00 0.0 0 3.0 10 100 M M 0 16 130
3 93 72 83 2 0 18 0.07 0.0 0 3.4 28 340 M M 1 13 46 320
4 86 71 79 -2 0 14 0.43 0.0 0 4.8 13 250 M M 4 13 17 240
5 92 68 80 -1 0 15 0.01 0.0 0 3.1 15 360 M M 5 123 24 330
6 95 71 83 2 0 18 0.84 0.0 0 3.7 30 240 M M 2 138 45 240
7 96 70 83 2 0 18 0.15 0.0 0 5.5 30 290 M M 2 13 51 300
8 83 68 76 -4 0 11 0.19 0.0 0 2.1 16 250 M M 4 123 23 250
9 89 67 78 -2 0 13 0.23 0.0 0 2.7 14 230 M M 4 123 18 220
10 86 68 77 -3 0 12 0.41 0.0 0 5.3 23 360 M M 4 13 35 340
11 93 71 82 2 0 17 0.28 0.0 0 3.3 22 280 M M 6 13 41 300
12 95 72 84 4 0 19 0.05 0.0 0 3.6 17 300 M M 1 13 28 280
13 95 72 84 4 0 19 T 0.0 0 3.2 18 360 M M 1 3 27 360
14 96 73 85 5 0 20 0.04 0.0 0 3.0 16 250 M M 0 13 24 250
15 89 66 78 -2 0 13 0.00 0.0 0 5.2 14 310 M M 2 13 22 280
16 86 62 74 -6 0 9 0.00 0.0 0 2.0 10 360 M M 2 16 10
17 87 62 75 -5 0 10 0.00 0.0 0 3.1 13 230 M M 1 1 20 250
18 91 64 78 -2 0 13 0.00 0.0 0 2.9 12 290 M M 1 18 330
19 92 68 80 0 0 15 0.00 0.0 0 3.2 8 140 M M 1 12 30
20 93 69 81 1 0 16 0.00 0.0 0 4.3 10 90 M M 1 16 90
21 96 72 84 4 0 19 0.00 0.0 0 3.2 8 30 M M 1 11 20
22 95 71 83 3 0 18 0.00 0.0 0 3.1 14 360 M M 0 1 18 350
23 97 72 85 5 0 20 0.00 0.0 0 3.0 10 50 M M 1 1 16 40
24 96 71 84 5 0 19 T 0.0 0 3.5 13 210 M M 2 138 19 200
25 98 71 85 6 0 20 0.00 0.0 0 2.8 13 10 M M 1 1 17 10
26 100 72 86 7 0 21 0.00 0.0 0 2.4 15 10 M M 1 1 24 10
27 97 73 85 6 0 20 0.00 0.0 0 2.7 16 50 M M 1 3 22 60
28 92 73 83 4 0 18 0.03 0.0 0 6.2 18 250 M M 4 3 28 250
29 93 72 83 4 0 18 1.25 0.0 0 3.5 18 110 M M 4 13 30 350
30 88 67 78 0 0 13 0.00 0.0 0 6.1 15 360 M M 5 22 50
31 88 62 75 -3 0 10 0.00 0.0 0 2.3 9 50 M M 1 15 20
================================================================================
SM 2864 2145 0 498 3.98 0.0 110.3 M 64
================================================================================
AV 92.4 69.2 3.6 FASTST M M 2 MAX(MPH)
MISC ----> # 30 240 51 300
================================================================================
NOTES:
# LAST OF SEVERAL OCCURRENCES
COLUMN 17 PEAK WIND IN M.P.H.
PRELIMINARY LOCAL CLIMATOLOGICAL DATA (WS FORM: F-6) , PAGE 2
STATION: ANNISTON
MONTH: AUGUST
YEAR: 2023
LATITUDE: 33 35 N
LONGITUDE: 85 51 W
[TEMPERATURE DATA] [PRECIPITATION DATA] SYMBOLS USED IN COLUMN 16
AVERAGE MONTHLY: 80.8 TOTAL FOR MONTH: 3.98 1 = FOG OR MIST
DPTR FM NORMAL: 0.9 DPTR FM NORMAL: 0.47 2 = FOG REDUCING VISIBILITY
HIGHEST: 100 ON 26 GRTST 24HR 1.28 ON 28-29 TO 1/4 MILE OR LESS
LOWEST: 62 ON 31,17 3 = THUNDER
SNOW, ICE PELLETS, HAIL 4 = ICE PELLETS
TOTAL MONTH: 0.0 INCH 5 = HAIL
GRTST 24HR 0.0 6 = FREEZING RAIN OR DRIZZLE
GRTST DEPTH: 0 7 = DUSTSTORM OR SANDSTORM:
VSBY 1/2 MILE OR LESS
8 = SMOKE OR HAZE
[NO. OF DAYS WITH] [WEATHER - DAYS WITH] 9 = BLOWING SNOW
X = TORNADO
MAX 32 OR BELOW: 0 0.01 INCH OR MORE: 13
MAX 90 OR ABOVE: 22 0.10 INCH OR MORE: 8
MIN 32 OR BELOW: 0 0.50 INCH OR MORE: 2
MIN 0 OR BELOW: 0 1.00 INCH OR MORE: 1
[HDD (BASE 65) ]
TOTAL THIS MO. 0 CLEAR (SCALE 0-3) 22
DPTR FM NORMAL 0 PTCLDY (SCALE 4-7) 9
TOTAL FM JUL 1 0 CLOUDY (SCALE 8-10) 0
DPTR FM NORMAL 0
[CDD (BASE 65) ]
TOTAL THIS MO. 498
DPTR FM NORMAL 36 [PRESSURE DATA]
TOTAL FM JAN 1 1594 HIGHEST SLP 30.16 ON 21
DPTR FM NORMAL 14 LOWEST SLP 29.67 ON 30
[REMARKS]
#FINAL-08-23#