000
CXAK56 PAFC 011004
CF6ANC
PRELIMINARY LOCAL CLIMATOLOGICAL DATA (WS FORM: F-6)
STATION: ANCHORAGE AK
MONTH: FEBRUARY
YEAR: 2021
LATITUDE: 61 10 N
LONGITUDE: 150 2 W
TEMPERATURE IN F: :PCPN: SNOW: WIND :SUNSHINE: SKY :PK WND
================================================================================
1 2 3 4 5 6A 6B 7 8 9 10 11 12 13 14 15 16 17 18
12Z AVG MX 2MIN
DY MAX MIN AVG DEP HDD CDD WTR SNW DPTH SPD SPD DIR MIN PSBL S-S WX SPD DR
================================================================================
1 13 5 9 -9 56 0 0.00 0.0 17 14.9 24 350 M M 0 31 10
2 13 0 7 -11 58 0 0.12 1.4 17 4.4 20 340 M M 6 18 24 350
3 16 9 13 -5 52 0 0.06 1.2 19 6.1 12 360 M M 10 1 17 360
4 18 11 15 -3 50 0 T T 20 6.3 12 10 M M 9 18 15 350
5 17 3 10 -8 55 0 T 0.1 19 3.2 10 10 M M 7 1 13 20
6 17 4 11 -8 54 0 T T 19 3.2 9 40 M M 6 128 16 160
7 13 -1 6 -13 59 0 T T 19 3.5 10 50 M M 6 128 14 130
8 11 -6 3 -16 62 0 T T 19 2.9 13 350 M M 2 18 15 360
9 8 -1 4 -15 61 0 0.01 0.9 19 6.8 14 350 M M 7 1 17 20
10 20 7 14 -5 51 0 0.03 0.7 21 9.1 14 10 M M 9 1 18 30
11 25 19 22 2 43 0 0.00 0.0 21 4.6 10 350 M M 10 8 12 340
12 26 7 17 -3 48 0 0.00 0.0 19 3.8 10 30 M M 5 14 40
13 19 1 10 -10 55 0 0.00 0.0 19 3.1 10 40 M M 2 12 12 40
14 20 4 12 -8 53 0 0.00 0.0 19 5.7 10 40 M M 5 13 40
15 24 14 19 -1 46 0 T T 19 4.1 8 10 M M 8 10 360
16 26 20 23 3 42 0 0.21 2.7 20 4.6 9 90 M M 9 1 22 150
17 30 21 26 5 39 0 T T 21 5.6 14 340 M M 8 1 16 320
18 30 19 25 4 40 0 0.16 1.6 21 4.5 18 20 M M 9 1 23 20
19 22 0 11 -10 54 0 T T 22 9.9 22 30 M M 5 31 20
20 13 -2 6 -15 59 0 0.00 0.0 22 9.6 17 350 M M 7 20 340
21 20 4 12 -9 53 0 0.01 1.6 22 5.5 10 350 M M 9 18 14 170
22 19 2 11 -11 54 0 T 0.8 23 3.9 8 60 M M 7 18 15 160
23 17 -1 8 -14 57 0 0.02 0.2 23 5.5 12 360 M M 7 16 130
24 25 16 21 -1 44 0 0.13 1.8 23 7.8 15 180 M M 10 16 25 30
25 30 13 22 0 43 0 T T 24 3.9 12 200 M M 5 16 15 190
26 26 19 23 1 42 0 0.09 1.6 23 3.4 12 330 M M 9 14 16 90
27 29 24 27 4 38 0 0.06 0.6 25 7.0 18 350 M M 10 1 25 360
28 28 12 20 -3 45 0 0.00 0.0 25 10.7 20 360 M M 7 29 10
================================================================================
SM 575 223 1413 0 0.90 15.2 163.6 M 194
================================================================================
AV 20.5 8.0 5.8 FASTST M M 7 MAX(MPH)
MISC ----> 24 350 # 31 10
================================================================================
NOTES:
# LAST OF SEVERAL OCCURRENCES
COLUMN 17 PEAK WIND IN M.P.H.
PRELIMINARY LOCAL CLIMATOLOGICAL DATA (WS FORM: F-6) , PAGE 2
STATION: ANCHORAGE AK
MONTH: FEBRUARY
YEAR: 2021
LATITUDE: 61 10 N
LONGITUDE: 150 2 W
[TEMPERATURE DATA] [PRECIPITATION DATA] SYMBOLS USED IN COLUMN 16
AVERAGE MONTHLY: 14.3 TOTAL FOR MONTH: 0.90 1 = FOG OR MIST
DPTR FM NORMAL: -6.0 DPTR FM NORMAL: 0.18 2 = FOG REDUCING VISIBILITY
HIGHEST: 30 ON 25,18 GRTST 24HR 0.21 ON 15-16 TO 1/4 MILE OR LESS
LOWEST: -6 ON 8 3 = THUNDER
SNOW, ICE PELLETS, HAIL 4 = ICE PELLETS
TOTAL MONTH: 15.2 INCHES 5 = HAIL
GRTST 24HR 2.7 ON 16-16 6 = FREEZING RAIN OR DRIZZLE
GRTST DEPTH: 25 ON 28,27 7 = DUSTSTORM OR SANDSTORM:
VSBY 1/2 MILE OR LESS
8 = SMOKE OR HAZE
[NO. OF DAYS WITH] [WEATHER - DAYS WITH] 9 = BLOWING SNOW
X = TORNADO
MAX 32 OR BELOW: 28 0.01 INCH OR MORE: 11
MAX 90 OR ABOVE: 0 0.10 INCH OR MORE: 4
MIN 32 OR BELOW: 28 0.50 INCH OR MORE: 0
MIN 0 OR BELOW: 7 1.00 INCH OR MORE: 0
[HDD (BASE 65) ]
TOTAL THIS MO. 1413 CLEAR (SCALE 0-3) 3
DPTR FM NORMAL 159 PTCLDY (SCALE 4-7) 14
TOTAL FM JUL 1 6917 CLOUDY (SCALE 8-10) 11
DPTR FM NORMAL -413
[CDD (BASE 65) ]
TOTAL THIS MO. 0
DPTR FM NORMAL 0 [PRESSURE DATA]
TOTAL FM JAN 1 0 HIGHEST SLP M ON M
DPTR FM NORMAL 0 LOWEST SLP 29.02 ON 20
[REMARKS]
#FINAL-02-21#