000
CXUS52 KGSP 011557
CF6AND
PRELIMINARY LOCAL CLIMATOLOGICAL DATA (WS FORM: F-6)
STATION: ANDERSON SC
MONTH: OCTOBER
YEAR: 2021
LATITUDE: 34 30 N
LONGITUDE: 82 43 W
TEMPERATURE IN F: :PCPN: SNOW: WIND :SUNSHINE: SKY :PK WND
================================================================================
1 2 3 4 5 6A 6B 7 8 9 10 11 12 13 14 15 16 17 18
12Z AVG MX 2MIN
DY MAX MIN AVG DEP HDD CDD WTR SNW DPTH SPD SPD DIR MIN PSBL S-S WX SPD DR
================================================================================
1 76 64 70 2 0 5 0.00 M M 3.9 12 70 M M 2 1 14 70
2 81 64 73 5 0 8 0.00 M M 2.4 12 220 M M 4 12 15 230
3 80 62 71 4 0 6 0.04 M M 3.1 18 250 M M 3 12 23 250
4 73 66 70 3 0 5 0.80 M M 2.7 8 180 M M 8 13 10 180
5 76 66 71 4 0 6 2.51 M M 5.0 13 60 M M 9 1 16 50
6 78 68 73 7 0 8 0.59 M M 7.4 15 70 M M 9 13 19 110
7 78 68 73 7 0 8 2.32 M M 7.4 16 60 M M 10 13 20 50
8 76 66 71 5 0 6 2.32 M M 5.8 14 60 M M 9 1 18 30
9 82 64 73 8 0 8 T M M 4.3 14 60 M M 4 1 17 60
10 82 59 71 6 0 6 0.00 M M 4.2 12 70 M M 0 18 30
11 76 61 69 5 0 4 0.00 M M 4.4 12 60 M M 3 14 60
12 79 60 70 6 0 5 0.00 M M 1.7 9 300 M M 3 1 13 260
13 81 59 70 6 0 5 0.00 M M 1.4 9 260 M M 1 12 12 280
14 83 61 72 9 0 7 0.00 M M 2.2 10 270 M M 2 12 13 270
15 83 61 72 9 0 7 0.00 M M 2.3 12 240 M M 2 12 14 220
16 79 50 65 3 0 0 0.00 M M 9.2 24 280 M M 2 1 34 280
17 69 41 55 -7 10 0 0.00 M M 2.2 12 300 M M 0 14 260
18 72 41 57 -5 8 0 0.00 M M 2.6 12 230 M M 0 16 240
19 76 43 60 -1 5 0 0.00 M M 2.2 14 220 M M 0 15 230
20 79 46 63 2 2 0 0.00 M M 3.8 14 260 M M 0 17 220
21 73 53 63 3 2 0 0.07 M M 5.6 17 230 M M 5 1 21 230
22 75 58 67 7 0 2 T M M 8.5 15 240 M M 3 20 240
23 74 47 61 1 4 0 0.00 M M 2.2 10 90 M M 0 13 60
24 76 47 62 3 3 0 0.00 M M 1.1 8 180 M M 0 1 10 200
25 78 56 67 8 0 2 0.11 M M 5.6 17 270 M M 5 1 25 40
26 72 49 61 3 4 0 0.00 M M 6.9 22 280 M M 0 28 270
27 68 39 54 -4 11 0 0.00 M M 1.8 9 210 M M 0 12 220
28 58 45 52 -6 13 0 0.49 M M 6.6 21 60 M M 7 1 26 60
29 57 52 55 -2 10 0 0.07 M M 8.2 17 210 M M 10 12 21 220
30 62 49 56 -1 9 0 0.01 M M 10.9 21 260 M M 7 26 260
31 70 49 60 3 5 0 0.00 M M 6.2 13 280 M M 0 20 280
================================================================================
SM 2322 1714 86 98 9.33 M 141.8 M 108
================================================================================
AV 74.9 55.3 4.6 FASTST M M 3 MAX(MPH)
MISC ----> 24 280 34 280
================================================================================
NOTES:
# LAST OF SEVERAL OCCURRENCES
COLUMN 17 PEAK WIND IN M.P.H.
PRELIMINARY LOCAL CLIMATOLOGICAL DATA (WS FORM: F-6) , PAGE 2
STATION: ANDERSON SC
MONTH: OCTOBER
YEAR: 2021
LATITUDE: 34 30 N
LONGITUDE: 82 43 W
[TEMPERATURE DATA] [PRECIPITATION DATA] SYMBOLS USED IN COLUMN 16
AVERAGE MONTHLY: 65.1 TOTAL FOR MONTH: 9.33 1 = FOG OR MIST
DPTR FM NORMAL: 2.7 DPTR FM NORMAL: 6.21 2 = FOG REDUCING VISIBILITY
HIGHEST: 83 ON 15,14 GRTST 24HR 2.67 ON 6- 7 TO 1/4 MILE OR LESS
LOWEST: 39 ON 27 3 = THUNDER
SNOW, ICE PELLETS, HAIL 4 = ICE PELLETS
TOTAL MONTH: M 5 = HAIL
GRTST 24HR M ON M 6 = FREEZING RAIN OR DRIZZLE
GRTST DEPTH: M ON M 7 = DUSTSTORM OR SANDSTORM:
VSBY 1/2 MILE OR LESS
8 = SMOKE OR HAZE
[NO. OF DAYS WITH] [WEATHER - DAYS WITH] 9 = BLOWING SNOW
X = TORNADO
MAX 32 OR BELOW: 0 0.01 INCH OR MORE: 11
MAX 90 OR ABOVE: 0 0.10 INCH OR MORE: 7
MIN 32 OR BELOW: 0 0.50 INCH OR MORE: 5
MIN 0 OR BELOW: 0 1.00 INCH OR MORE: 3
[HDD (BASE 65) ]
TOTAL THIS MO. 86 CLEAR (SCALE 0-3) 18
DPTR FM NORMAL -51 PTCLDY (SCALE 4-7) 8
TOTAL FM JUL 1 91 CLOUDY (SCALE 8-10) 5
DPTR FM NORMAL -53
[CDD (BASE 65) ]
TOTAL THIS MO. 98
DPTR FM NORMAL 43 [PRESSURE DATA]
TOTAL FM JAN 1 1774 HIGHEST SLP 30.28 ON 20
DPTR FM NORMAL -27 LOWEST SLP 29.46 ON 29
[REMARKS]
#FINAL-10-21#