000
CXUS53 KIWX 010810
CF6AOH
PRELIMINARY LOCAL CLIMATOLOGICAL DATA (WS FORM: F-6)
STATION: LIMA
MONTH: JUNE
YEAR: 2022
LATITUDE: 40 42 N
LONGITUDE: 84 1 W
TEMPERATURE IN F: :PCPN: SNOW: WIND :SUNSHINE: SKY :PK WND
================================================================================
1 2 3 4 5 6A 6B 7 8 9 10 11 12 13 14 15 16 17 18
12Z AVG MX 2MIN
DY MAX MIN AVG DEP HDD CDD WTR SNW DPTH SPD SPD DIR MIN PSBL S-S WX SPD DR
================================================================================
1 88 69 79 12 0 14 0.40 M M 8.8 23 330 M M 4 13 33 340
2 74 60 67 0 0 2 0.00 M M 5.9 14 310 M M 4 18 320
3 82 52 67 -1 0 2 T M M 6.7 21 300 M M 1 30 280
4 78 49 64 -4 1 0 0.00 M M 4.7 13 70 M M 2 19 40
5 83 57 70 2 0 5 0.00 M M 9.1 18 160 M M 2 23 160
6 85 64 75 7 0 10 0.14 M M 11.2 24 210 M M 5 3 36 210
7 76 62 69 0 0 4 0.25 M M 10.4 20 270 M M 6 1 28 260
8 77 51 64 -5 1 0 0.45 M M 4.8 20 280 M M 4 13 26 280
9 73 58 66 -3 0 1 0.06 M M 8.3 17 250 M M 6 1 22 260
10 77 52 65 -5 0 0 0.00 M M 5.2 17 250 M M 1 24 230
11 78 58 68 -2 0 3 T M M 7.8 16 190 M M 4 23 160
12 81 65 73 3 0 8 0.44 M M 7.1 17 200 M M 7 18 23 200
13 90 68 79 9 0 14 0.33 M M 6.5 30 220 M M 5 138 45 220
14 96 69 83 13 0 18 0.00 M M 8.1 20 170 M M 1 27 10
15 94 78 86 15 0 21 0.00 M M 9.4 18 220 M M 0 8 26 220
16 94 78 86 15 0 21 0.00 0.0 0 13.3 23 260 M M 0 33 280
17 86 69 78 7 0 13 0.00 0.0 0 12.7 25 310 M M 0 32 290
18 76 56 66 -5 0 1 0.00 M M 10.6 20 10 M M 0 8 28 20
19 79 49 64 -8 1 0 0.00 M M 3.4 10 30 M M 0 8 14 20
20 87 60 74 2 0 9 0.00 M M 8.2 16 230 M M 0 21 240
21 99 64 82 10 0 17 0.00 M M 11.2 23 230 M M 0 31 250
22 97 71 84 12 0 19 0.00 M M 11.7 24 320 M M 1 33 330
23 85 62 74 2 0 9 0.00 M M 7.5 15 320 M M 0 23 20
24 88 58 73 1 0 8 0.00 M M 4.5 10 40 M M 0 16 80
25 88 60 74 1 0 9 0.00 M M 5.8 12 240 M M 2 16 240
26 87 67 77 4 0 12 0.03 M M 11.2 21 280 M M 5 8 28 290
27 80 59 70 -3 0 5 0.00 M M 9.8 20 300 M M 1 29 320
28 81 51 66 -7 0 1 0.00 M M 3.7 10 280 M M 0 16 340
29 88 60 74 1 0 9 0.00 M M 8.0 15 270 M M 1 30 260
30 92 64 78 5 0 13 0.00 M M 9.2 17 220 M M 0 25 220
================================================================================
SM 2539 1840 3 248 2.10 0.0 244.8 M 62
================================================================================
AV 84.6 61.3 8.2 FASTST M M 2 MAX(MPH)
MISC ----> 30 220 45 220
================================================================================
NOTES:
# LAST OF SEVERAL OCCURRENCES
COLUMN 17 PEAK WIND IN M.P.H.
PRELIMINARY LOCAL CLIMATOLOGICAL DATA (WS FORM: F-6) , PAGE 2
STATION: LIMA
MONTH: JUNE
YEAR: 2022
LATITUDE: 40 42 N
LONGITUDE: 84 1 W
[TEMPERATURE DATA] [PRECIPITATION DATA] SYMBOLS USED IN COLUMN 16
AVERAGE MONTHLY: 73.0 TOTAL FOR MONTH: 2.10 1 = FOG OR MIST
DPTR FM NORMAL: 2.4 DPTR FM NORMAL: -1.85 2 = FOG REDUCING VISIBILITY
HIGHEST: 99 ON 21 GRTST 24HR 0.63 ON 12-13 TO 1/4 MILE OR LESS
LOWEST: 49 ON 19, 4 3 = THUNDER
SNOW, ICE PELLETS, HAIL 4 = ICE PELLETS
TOTAL MONTH: 0.0 INCH 5 = HAIL
GRTST 24HR 0.0 6 = FREEZING RAIN OR DRIZZLE
GRTST DEPTH: 0 7 = DUSTSTORM OR SANDSTORM:
VSBY 1/2 MILE OR LESS
8 = SMOKE OR HAZE
[NO. OF DAYS WITH] [WEATHER - DAYS WITH] 9 = BLOWING SNOW
X = TORNADO
MAX 32 OR BELOW: 0 0.01 INCH OR MORE: 8
MAX 90 OR ABOVE: 7 0.10 INCH OR MORE: 6
MIN 32 OR BELOW: 0 0.50 INCH OR MORE: 0
MIN 0 OR BELOW: 0 1.00 INCH OR MORE: 0
[HDD (BASE 65) ]
TOTAL THIS MO. 3 CLEAR (SCALE 0-3) 20
DPTR FM NORMAL -22 PTCLDY (SCALE 4-7) 10
TOTAL FM JUL 1 5272 CLOUDY (SCALE 8-10) 0
DPTR FM NORMAL -494
[CDD (BASE 65) ]
TOTAL THIS MO. 248
DPTR FM NORMAL 57 [PRESSURE DATA]
TOTAL FM JAN 1 372 HIGHEST SLP M ON M
DPTR FM NORMAL 106 LOWEST SLP 29.69 ON 8
[REMARKS]
#FINAL-06-22#