000
CXUS51 KCTP 010800
CF6AOO
PRELIMINARY LOCAL CLIMATOLOGICAL DATA (WS FORM: F-6)
STATION: ALTOONA
MONTH: APRIL
YEAR: 2022
LATITUDE: 40 17 N
LONGITUDE: 78 19 W
TEMPERATURE IN F: :PCPN: SNOW: WIND :SUNSHINE: SKY :PK WND
================================================================================
1 2 3 4 5 6A 6B 7 8 9 10 11 12 13 14 15 16 17 18
12Z AVG MX 2MIN
DY MAX MIN AVG DEP HDD CDD WTR SNW DPTH SPD SPD DIR MIN PSBL S-S WX SPD DR
================================================================================
1 48 34 41 -4 24 0 0.01 M M 16.4 31 300 M M 9 1 39 300
2 52 32 42 -3 23 0 0.00 M M 7.3 18 310 M M 4 25 290
3 46 36 41 -4 24 0 0.02 M M 12.2 29 300 M M 10 38 300
4 50 27 39 -7 26 0 0.00 M M 4.5 16 320 M M 5 21 320
5 57 37 47 1 18 0 0.30 M M 4.4 13 220 M M 8 1 17 50
6 56 47 52 5 13 0 0.44 M M 8.7 24 160 M M 10 1 32 160
7 52 43 48 1 17 0 0.46 M M 6.9 17 160 M M 10 1 23 160
8 51 34 43 -5 22 0 0.12 M M 6.2 21 290 M M 4 18 26 290
9 49 36 43 -5 22 0 0.10 M M 9.2 24 290 M M 9 1 31 280
10 46 33 40 -8 25 0 0.03 M M 11.4 24 320 M M 7 1 33 340
11 61 28 45 -4 20 0 0.04 M M 3.6 14 160 M M 4 17 190
12 69 49 59 10 6 0 0.01 M M 5.3 15 310 M M 6 1 20 240
13 81 48 65 15 0 0 T M M 6.1 17 220 M M 3 3 23 230
14 71 45 58 8 7 0 T M M 12.8 29 320 M M 3 40 320
15 69 39 54 4 11 0 0.00 M M 11.8 26 240 M M 0 35 220
16 65 41 53 2 12 0 0.04 M M 13.4 30 270 M M 8 39 280
17 47 34 41 -10 24 0 0.00 M M 7.8 21 330 M M 5 29 330
18 38 32 35 -17 30 0 0.59 M M 8.6 21 160 M M 6 12 27 140
19 38 34 36 -16 29 0 T M M 14.7 28 280 M M 8 18 36 270
20 54 31 43 -9 22 0 0.00 M M 4.2 17 300 M M 0 24 300
21 57 44 51 -2 14 0 0.05 M M 9.4 17 200 M M 5 21 200
22 67 47 57 4 8 0 0.00 M M 5.6 14 320 M M 2 24 310
23 75 50 63 10 2 0 0.00 M M 4.5 12 140 M M 5 14 210
24 85 48 67 13 0 2 T M M 3.9 18 140 M M 1 25 130
25 77 52 65 11 0 0 T M M 8.2 17 130 M M 2 22 150
26 58 44 51 -3 14 0 0.20 M M 7.7 23 300 M M 9 1 30 300
27 46 32 39 -16 26 0 0.00 M M 16.4 26 290 M M 10 34 280
28 54 30 42 -13 23 0 0.00 M M 12.0 21 300 M M 4 25 320
29 63 29 46 -10 19 0 0.00 M M 4.2 17 10 M M 0 29 360
30 68 32 50 -6 15 0 0.00 M M 2.6 9 40 M M 0 12 50
================================================================================
SM 1750 1148 496 2 2.41 M 250.0 M 157
================================================================================
AV 58.3 38.3 8.3 FASTST M M 5 MAX(MPH)
MISC ----> 31 300 40 320
================================================================================
NOTES:
# LAST OF SEVERAL OCCURRENCES
COLUMN 17 PEAK WIND IN M.P.H.
PRELIMINARY LOCAL CLIMATOLOGICAL DATA (WS FORM: F-6) , PAGE 2
STATION: ALTOONA
MONTH: APRIL
YEAR: 2022
LATITUDE: 40 17 N
LONGITUDE: 78 19 W
[TEMPERATURE DATA] [PRECIPITATION DATA] SYMBOLS USED IN COLUMN 16
AVERAGE MONTHLY: 48.3 TOTAL FOR MONTH: 2.41 1 = FOG OR MIST
DPTR FM NORMAL: -2.1 DPTR FM NORMAL: -0.87 2 = FOG REDUCING VISIBILITY
HIGHEST: 85 ON 24 GRTST 24HR 0.71 ON 5- 6 TO 1/4 MILE OR LESS
LOWEST: 27 ON 4 3 = THUNDER
SNOW, ICE PELLETS, HAIL 4 = ICE PELLETS
TOTAL MONTH: M 5 = HAIL
GRTST 24HR M ON M 6 = FREEZING RAIN OR DRIZZLE
GRTST DEPTH: M ON M 7 = DUSTSTORM OR SANDSTORM:
VSBY 1/2 MILE OR LESS
8 = SMOKE OR HAZE
[NO. OF DAYS WITH] [WEATHER - DAYS WITH] 9 = BLOWING SNOW
X = TORNADO
MAX 32 OR BELOW: 0 0.01 INCH OR MORE: 14
MAX 90 OR ABOVE: 0 0.10 INCH OR MORE: 7
MIN 32 OR BELOW: 9 0.50 INCH OR MORE: 1
MIN 0 OR BELOW: 0 1.00 INCH OR MORE: 0
[HDD (BASE 65) ]
TOTAL THIS MO. 496 CLEAR (SCALE 0-3) 8
DPTR FM NORMAL 51 PTCLDY (SCALE 4-7) 14
TOTAL FM JUL 1 5111 CLOUDY (SCALE 8-10) 8
DPTR FM NORMAL -422
[CDD (BASE 65) ]
TOTAL THIS MO. 2
DPTR FM NORMAL -5 [PRESSURE DATA]
TOTAL FM JAN 1 2 HIGHEST SLP 30.48 ON 22
DPTR FM NORMAL -6 LOWEST SLP 29.57 ON 1
[REMARKS]
#FINAL-04-22#