000
CXUS53 KAPX 010830
CF6APN
PRELIMINARY LOCAL CLIMATOLOGICAL DATA (WS FORM: F-6)
STATION: ALPENA MI
MONTH: NOVEMBER
YEAR: 2021
LATITUDE: 45 4 N
LONGITUDE: 83 34 W
TEMPERATURE IN F: :PCPN: SNOW: WIND :SUNSHINE: SKY :PK WND
================================================================================
1 2 3 4 5 6A 6B 7 8 9 10 11 12 13 14 15 16 17 18
12Z AVG MX 2MIN
DY MAX MIN AVG DEP HDD CDD WTR SNW DPTH SPD SPD DIR MIN PSBL S-S WX SPD DR
================================================================================
1 47 35 41 -1 24 0 0.09 T 0 8.3 20 230 M M 6 1 30 240
2 43 30 37 -4 28 0 0.15 0.4 0 6.7 13 240 M M 6 1 24 99
3 43 23 33 -8 32 0 0.04 T T 2.7 7 30 M M 5 1 M M
4 45 23 34 -7 31 0 0.00 0.0 0 2.6 10 240 M M 7 15 250
5 53 24 39 -1 26 0 0.00 0.0 0 6.3 12 210 M M 5 M M
6 55 34 45 5 20 0 0.00 0.0 0 9.8 18 180 M M 2 26 190
7 67 39 53 13 12 0 0.00 0.0 0 4.7 13 230 M M 0 1 22 240
8 66 33 50 11 15 0 0.00 0.0 0 5.6 14 240 M M 1 22 240
9 55 29 42 3 23 0 0.00 0.0 0 1.9 7 30 M M 0 11 310
10 54 25 40 2 25 0 0.00 0.0 0 2.6 8 100 M M 0 1 11 100
11 56 43 50 12 15 0 0.05 0.0 0 15.9 29 130 M M 6 1 42 120
12 47 33 40 2 25 0 0.06 T 0 7.1 23 240 M M 4 1 35 240
13 45 33 39 1 26 0 0.01 0.0 0 7.6 20 310 M M 7 30 310
14 40 32 36 -1 29 0 0.04 0.5 1 6.1 16 350 M M 10 1 21 350
15 43 31 37 0 28 0 0.02 T 0 6.4 13 320 M M 9 1 19 270
16 40 30 35 -1 30 0 T T 0 5.3 12 140 M M 7 16 140
17 53 39 46 10 19 0 T 0.0 0 8.7 20 160 M M 8 1 29 130
18 45 30 38 2 27 0 T T 0 10.4 21 240 M M 10 1 35 240
19 40 26 33 -2 32 0 T T T 6.8 15 310 M M 3 22 320
20 38 25 32 -3 33 0 T T 0 8.0 18 180 M M 7 25 190
21 40 24 32 -3 33 0 0.05 T 0 7.2 21 300 M M 6 1 36 280
22 32 25 29 -5 36 0 0.02 T 0 9.7 21 270 M M 7 1 34 260
23 37 23 30 -4 35 0 0.00 0.0 T 7.5 14 180 M M 2 19 180
24 48 28 38 4 27 0 0.00 0.0 T 9.1 20 190 M M 1 30 190
25 41 25 33 0 32 0 0.11 0.5 0 7.8 22 320 M M 8 1 34 320
26 27 17 22 -11 43 0 0.03 0.2 2 10.3 22 320 M M 9 1 32 340
27 30 8 19 -14 46 0 0.03 0.7 2 2.1 8 210 M M 7 1 10 190
28 33 26 30 -2 35 0 0.29 4.3 4 3.4 13 330 M M 10 1 17 330
29 35 25 30 -2 35 0 0.00 0.0 0 3.7 9 260 M M 7 1 14 260
30 36 28 32 0 33 0 0.03 0.4 4 5.7 14 290 M M 9 1 24 270
================================================================================
SM 1334 846 855 0 1.02 7.0 200.0 M 169
================================================================================
AV 44.5 28.2 6.7 FASTST M M 6 MAX(MPH)
MISC ----> 29 130 42 120
================================================================================
NOTES:
# LAST OF SEVERAL OCCURRENCES
COLUMN 17 PEAK WIND IN M.P.H.
PRELIMINARY LOCAL CLIMATOLOGICAL DATA (WS FORM: F-6) , PAGE 2
STATION: ALPENA MI
MONTH: NOVEMBER
YEAR: 2021
LATITUDE: 45 4 N
LONGITUDE: 83 34 W
[TEMPERATURE DATA] [PRECIPITATION DATA] SYMBOLS USED IN COLUMN 16
AVERAGE MONTHLY: 36.3 TOTAL FOR MONTH: 1.02 1 = FOG OR MIST
DPTR FM NORMAL: -0.3 DPTR FM NORMAL: -1.05 2 = FOG REDUCING VISIBILITY
HIGHEST: 67 ON 7 GRTST 24HR 0.29 ON 28-28 TO 1/4 MILE OR LESS
LOWEST: 8 ON 27 3 = THUNDER
SNOW, ICE PELLETS, HAIL 4 = ICE PELLETS
TOTAL MONTH: 7.0 INCHES 5 = HAIL
GRTST 24HR 4.3 ON 28-28 6 = FREEZING RAIN OR DRIZZLE
GRTST DEPTH: 4 ON 30,28 7 = DUSTSTORM OR SANDSTORM:
VSBY 1/2 MILE OR LESS
8 = SMOKE OR HAZE
[NO. OF DAYS WITH] [WEATHER - DAYS WITH] 9 = BLOWING SNOW
X = TORNADO
MAX 32 OR BELOW: 3 0.01 INCH OR MORE: 15
MAX 90 OR ABOVE: 0 0.10 INCH OR MORE: 3
MIN 32 OR BELOW: 22 0.50 INCH OR MORE: 0
MIN 0 OR BELOW: 0 1.00 INCH OR MORE: 0
[HDD (BASE 65) ]
TOTAL THIS MO. 855 CLEAR (SCALE 0-3) 8
DPTR FM NORMAL 3 PTCLDY (SCALE 4-7) 15
TOTAL FM JUL 1 1379 CLOUDY (SCALE 8-10) 7
DPTR FM NORMAL -320
[CDD (BASE 65) ]
TOTAL THIS MO. 0
DPTR FM NORMAL 0 [PRESSURE DATA]
TOTAL FM JAN 1 523 HIGHEST SLP 30.41 ON 19
DPTR FM NORMAL 172 LOWEST SLP 29.55 ON 11
[REMARKS]
#FINAL-11-21#