000
CXUS53 KAPX 010832
CF6APX
PRELIMINARY LOCAL CLIMATOLOGICAL DATA (WS FORM: F-6)
STATION: GAYLORD WFO
MONTH: DECEMBER
YEAR: 2020
LATITUDE: 45 4 N
LONGITUDE: 84 43 W
TEMPERATURE IN F: :PCPN: SNOW: WIND :SUNSHINE: SKY :PK WND
================================================================================
1 2 3 4 5 6A 6B 7 8 9 10 11 12 13 14 15 16 17 18
12Z AVG MX 2MIN
DY MAX MIN AVG DEP HDD CDD WTR SNW DPTH SPD SPD DIR MIN PSBL S-S WX SPD DR
================================================================================
1 32 22 27 0 38 0 0.00 0.0 0 M M M M M M M M
2 40 26 33 6 32 0 0.00 0.0 0 M M M M M M M M
3 34 30 32 5 33 0 0.01 0.1 T M M M M M M M M
4 34 26 30 4 35 0 0.07 1.1 1 M M M M M M 6 M M
5 28 22 25 -1 40 0 0.00 0.0 1 M M M M M M M M
6 28 23 26 0 39 0 T T T M M M M M M 6 M M
7 33 23 28 3 37 0 0.00 0.0 T M M M M M M M M
8 32 23 28 3 37 0 T T T M M M M M M M M
9 37 30 34 9 31 0 0.00 0.0 T M M M M M M M M
10 45 29 37 13 28 0 0.00 0.0 0 M M M M M M M M
11 37 33 35 11 30 0 0.00 0.0 0 M M M M M M M M
12 33 23 28 4 37 0 0.92 8.3 1 M M M M M M M M
13 28 22 25 1 40 0 T T 7 M M M M M M M M
14 26 19 23 0 42 0 0.07 1.2 6 M M M M M M M M
15 23 15 19 -4 46 0 T T 6 M M M M M M M M
16 27 16 22 -1 43 0 0.01 0.1 6 M M M M M M M M
17 24 21 23 1 42 0 0.01 0.1 10 M M M M M M M M
18 31 23 27 5 38 0 T T 6 M M M M M M M M
19 31 28 30 8 35 0 0.11 1.8 6 M M M M M M M M
20 34 29 32 10 33 0 T 0.0 6 M M M M M M M M
21 33 27 30 9 35 0 0.14 4.0 6 M M M M M M M M
22 30 25 28 7 37 0 0.01 0.1 7 M M M M M M M M
23 44 29 37 16 28 0 0.02 0.0 6 M M M M M M M M
24 42 16 29 9 36 0 0.07 0.9 T M M M M M M M M
25 21 16 19 -1 46 0 0.11 2.5 1 M M M M M M M M
26 24 20 22 2 43 0 0.02 0.3 3 M M M M M M M M
27 29 23 26 6 39 0 0.06 0.4 2 M M M M M M M M
28 28 18 23 3 42 0 0.17 3.4 3 M M M M M M M M
29 23 16 20 1 45 0 T T 5 M M M M M M M M
30 30 21 26 7 39 0 0.33 3.6 3 M M M M M M M M
31 27 21 24 5 41 0 T T 4 M M M M M M M M
================================================================================
SM 968 715 1167 0 2.13 27.9 M M M
================================================================================
AV 31.2 23.1 M FASTST M M M MAX(MPH)
MISC ----> M M M M
================================================================================
NOTES:
# LAST OF SEVERAL OCCURRENCES
COLUMN 17 PEAK WIND IN M.P.H.
PRELIMINARY LOCAL CLIMATOLOGICAL DATA (WS FORM: F-6) , PAGE 2
STATION: GAYLORD WFO
MONTH: DECEMBER
YEAR: 2020
LATITUDE: 45 4 N
LONGITUDE: 84 43 W
[TEMPERATURE DATA] [PRECIPITATION DATA] SYMBOLS USED IN COLUMN 16
AVERAGE MONTHLY: 27.1 TOTAL FOR MONTH: 2.13 1 = FOG OR MIST
DPTR FM NORMAL: 4.3 DPTR FM NORMAL: -0.99 2 = FOG REDUCING VISIBILITY
HIGHEST: 45 ON 10 GRTST 24HR 0.92 ON 12-12 TO 1/4 MILE OR LESS
LOWEST: 15 ON 15 3 = THUNDER
SNOW, ICE PELLETS, HAIL 4 = ICE PELLETS
TOTAL MONTH: 28.0 INCHES 5 = HAIL
GRTST 24HR 8.3 ON 12-12 6 = FREEZING RAIN OR DRIZZLE
GRTST DEPTH: 10 ON 17 7 = DUSTSTORM OR SANDSTORM:
VSBY 1/2 MILE OR LESS
8 = SMOKE OR HAZE
[NO. OF DAYS WITH] [WEATHER - DAYS WITH] 9 = BLOWING SNOW
X = TORNADO
MAX 32 OR BELOW: 19 0.01 INCH OR MORE: 16
MAX 90 OR ABOVE: 0 0.10 INCH OR MORE: 6
MIN 32 OR BELOW: 30 0.50 INCH OR MORE: 1
MIN 0 OR BELOW: 0 1.00 INCH OR MORE: 0
[HDD (BASE 65) ]
TOTAL THIS MO. 1167 CLEAR (SCALE 0-3) 0
DPTR FM NORMAL -141 PTCLDY (SCALE 4-7) 0
TOTAL FM JUL 1 2946 CLOUDY (SCALE 8-10) 31
DPTR FM NORMAL -317
[CDD (BASE 65) ]
TOTAL THIS MO. 0
DPTR FM NORMAL 0 [PRESSURE DATA]
TOTAL FM JAN 1 419 HIGHEST SLP M ON M
DPTR FM NORMAL 158 LOWEST SLP M ON M
[REMARKS]
#FINAL-12-20#