000
CXUS53 KARX 010900
CF6ARX
PRELIMINARY LOCAL CLIMATOLOGICAL DATA (WS FORM: F-6)
STATION: LA CROSSE WEATHER OFFICE WI
MONTH: MARCH
YEAR: 2022
LATITUDE: 43 49 N
LONGITUDE: 91 12 W
TEMPERATURE IN F: :PCPN: SNOW: WIND :SUNSHINE: SKY :PK WND
================================================================================
1 2 3 4 5 6A 6B 7 8 9 10 11 12 13 14 15 16 17 18
12Z AVG MX 2MIN
DY MAX MIN AVG DEP HDD CDD WTR SNW DPTH SPD SPD DIR MIN PSBL S-S WX SPD DR
================================================================================
1 41 31 36 10 29 0 T T 3 M M M M M M 19 M
2 36 23 30 3 35 0 T T 2 M M M M M M 18 M
3 27 19 23 -4 42 0 0.00 0.0 2 M M M M M M 18 M
4 39 19 29 1 36 0 0.00 0.0 2 M M M M M M 30 M
5 47 33 40 12 25 0 0.81 0.0 1 M M M M M M 30 M
6 36 26 31 2 34 0 0.05 0.0 0 M M M M M M 33 M
7 30 21 26 -3 39 0 T T 0 M M M M M M 33 M
8 39 18 29 0 36 0 T T 0 M M M M M M 28 M
9 27 11 19 -11 46 0 T T 0 M M M M M M 25 M
10 24 7 16 -14 49 0 0.00 0.0 0 M M M M M M 23 M
11 17 3 10 -21 55 0 T T 0 M M M M M M 32 M
12 22 -2 10 -21 55 0 0.00 0.0 0 M M M M M M 26 M
13 48 19 34 2 31 0 T T 0 M M M M M M 25 M
14 47 31 39 7 26 0 0.00 0.0 0 M M M M M M 21 M
15 53 28 41 9 24 0 0.00 0.0 0 M M M M M M 15 M
16 66 40 53 20 12 0 0.00 0.0 0 M M M M M M 28 M
17 49 39 44 11 21 0 0.00 0.0 0 M M M M M M 15 M
18 39 32 36 2 29 0 0.18 0.1 0 M M M M M M 19 M
19 47 28 38 4 27 0 T 0.0 0 M M M M M M 18 M
20 60 34 47 13 18 0 0.00 0.0 0 M M M M M M 21 M
21 72 42 57 22 8 0 0.00 0.0 0 M M M M M M 26 M
22 44 38 41 6 24 0 0.57 0.0 0 M M M M M M 1 26 M
23 40 32 36 0 29 0 0.24 0.1 0 M M M M M M 1 24 M
24 35 30 33 -3 32 0 0.10 0.8 1 M M M M M M 1 16 M
25 37 27 32 -4 33 0 0.01 0.3 0 M M M M M M 38 M
26 30 17 24 -13 41 0 T T 0 M M M M M M 38 M
27 29 13 21 -16 44 0 0.00 0.0 0 M M M M M M 31 M
28 37 16 27 -11 38 0 0.00 0.0 0 M M M M M M 15 M
29 40 29 35 -3 30 0 0.10 0.0 0 M M M M M M 32 M
30 36 30 33 -6 32 0 0.30 T 0 M M M M M M 13 18 M
31 32 28 30 -9 35 0 0.02 0.2 T M M M M M M 22 M
================================================================================
SM 1226 762 1015 0 2.38 1.5 M M M
================================================================================
AV 39.5 24.6 M FASTST M M M MAX(MPH)
MISC ----> M M # 38 9999
================================================================================
NOTES:
# LAST OF SEVERAL OCCURRENCES
COLUMN 17 PEAK WIND IN M.P.H.
PRELIMINARY LOCAL CLIMATOLOGICAL DATA (WS FORM: F-6) , PAGE 2
STATION: LA CROSSE WEATHER OFFICE WI
MONTH: MARCH
YEAR: 2022
LATITUDE: 43 49 N
LONGITUDE: 91 12 W
[TEMPERATURE DATA] [PRECIPITATION DATA] SYMBOLS USED IN COLUMN 16
AVERAGE MONTHLY: 32.1 TOTAL FOR MONTH: 2.38 1 = FOG OR MIST
DPTR FM NORMAL: -0.7 DPTR FM NORMAL: 0.45 2 = FOG REDUCING VISIBILITY
HIGHEST: 72 ON 21 GRTST 24HR 0.81 ON 5- 5 TO 1/4 MILE OR LESS
LOWEST: -2 ON 12 3 = THUNDER
SNOW, ICE PELLETS, HAIL 4 = ICE PELLETS
TOTAL MONTH: 1.5 INCHES 5 = HAIL
GRTST 24HR 0.8 ON 24-24 6 = FREEZING RAIN OR DRIZZLE
GRTST DEPTH: 4 ON M 7 = DUSTSTORM OR SANDSTORM:
VSBY 1/2 MILE OR LESS
8 = SMOKE OR HAZE
[NO. OF DAYS WITH] [WEATHER - DAYS WITH] 9 = BLOWING SNOW
X = TORNADO
MAX 32 OR BELOW: 9 0.01 INCH OR MORE: 10
MAX 90 OR ABOVE: 0 0.10 INCH OR MORE: 7
MIN 32 OR BELOW: 25 0.50 INCH OR MORE: 2
MIN 0 OR BELOW: 1 1.00 INCH OR MORE: 0
[HDD (BASE 65) ]
TOTAL THIS MO. 1015 CLEAR (SCALE 0-3) 0
DPTR FM NORMAL 15 PTCLDY (SCALE 4-7) 0
TOTAL FM JUL 1 6522 CLOUDY (SCALE 8-10) 31
DPTR FM NORMAL -177
[CDD (BASE 65) ]
TOTAL THIS MO. 0
DPTR FM NORMAL -1 [PRESSURE DATA]
TOTAL FM JAN 1 0 HIGHEST SLP M ON M
DPTR FM NORMAL -1 LOWEST SLP M ON M
[REMARKS]
#FINAL-03-22#