000
CXUS52 KFFC 011010
CF6ATL
PRELIMINARY LOCAL CLIMATOLOGICAL DATA (WS FORM: F-6)
STATION: ATLANTA
MONTH: AUGUST
YEAR: 2021
LATITUDE: 33 39 N
LONGITUDE: 84 26 W
TEMPERATURE IN F: :PCPN: SNOW: WIND :SUNSHINE: SKY :PK WND
================================================================================
1 2 3 4 5 6A 6B 7 8 9 10 11 12 13 14 15 16 17 18
12Z AVG MX 2MIN
DY MAX MIN AVG DEP HDD CDD WTR SNW DPTH SPD SPD DIR MIN PSBL S-S WX SPD DR
================================================================================
1 90 74 82 1 0 17 0.01 0.0 0 10.0 20 310 M M 6 38 26 330
2 89 72 81 0 0 16 0.01 0.0 M 6.7 13 320 M M 7 8 21 340
3 84 70 77 -4 0 12 1.43 0.0 M 8.4 24 70 M M 8 13 32 40
4 85 70 78 -3 0 13 0.00 0.0 M 7.0 13 90 M M 5 19 30
5 86 69 78 -3 0 13 0.00 0.0 M 7.7 15 80 M M 5 23 20
6 86 71 79 -2 0 14 0.00 0.0 M 6.3 13 70 M M 7 19 70
7 88 72 80 -1 0 15 T 0.0 M 4.2 20 330 M M 5 3 24 340
8 89 69 79 -2 0 14 0.00 0.0 0 2.8 10 200 M M 4 13 220
9 88 73 81 0 0 16 0.05 0.0 0 3.6 13 190 M M 6 19 270
10 91 74 83 2 0 18 T 0.0 M 4.2 22 210 M M 6 3 30 220
11 88 73 81 0 0 16 T 0.0 M 5.7 16 80 M M 6 3 20 90
12 91 72 82 1 0 17 0.44 0.0 M 5.3 22 60 M M 7 3 27 170
13 92 72 82 1 0 17 0.00 0.0 0 3.9 10 280 M M 4 12 270
14 94 73 84 4 0 19 0.04 0.0 0 4.3 26 130 M M 4 3 37 110
15 87 72 80 0 0 15 0.00 0.0 M 6.6 15 130 M M 8 18 22 140
16 84 72 78 -2 0 13 0.75 0.0 0 8.6 23 110 M M 9 1 29 120
17 79 72 76 -4 0 11 2.86 0.0 M 12.0 25 60 M M 8 18 36 110
18 92 70 81 1 0 16 0.00 0.0 M 2.1 9 200 M M 3 13 210
19 91 74 83 3 0 18 T 0.0 M 5.9 29 300 M M 7 3 38 310
20 89 72 81 1 0 16 0.00 0.0 M 8.0 16 320 M M 7 3 23 320
21 85 74 80 0 0 15 T 0.0 M 7.5 14 300 M M 7 1 17 310
22 87 74 81 1 0 16 0.62 0.0 M 9.0 24 310 M M 8 1 36 310
23 92 74 83 3 0 18 0.00 0.0 M 5.7 13 330 M M 4 12 16 340
24 93 77 85 5 0 20 0.00 0.0 M 3.2 10 100 M M 3 15 100
25 92 73 83 4 0 18 0.26 0.0 M 5.0 23 70 M M 4 138 35 70
26 89 72 81 2 0 16 0.00 0.0 M 4.7 9 110 M M 6 12 15 140
27 90 74 82 3 0 17 T 0.0 M 7.7 26 110 M M 6 3 38 100
28 87 75 81 2 0 16 0.00 0.0 M 8.0 16 80 M M 7 18 21 130
29 89 76 83 4 0 18 0.00 0.0 0 7.3 13 120 M M 7 20 130
30 86 73 80 1 0 15 0.15 0.0 M 6.0 18 190 M M 8 138 30 140
31 79 72 76 -2 0 11 0.34 0.0 M 13.0 25 190 M M 10 1 36 180
================================================================================
SM 2732 2250 0 486 6.96 0.0 200.4 M 192
================================================================================
AV 88.1 72.6 6.5 FASTST M M 6 MAX(MPH)
MISC ----> 29 300 # 38 310
================================================================================
NOTES:
# LAST OF SEVERAL OCCURRENCES
COLUMN 17 PEAK WIND IN M.P.H.
PRELIMINARY LOCAL CLIMATOLOGICAL DATA (WS FORM: F-6) , PAGE 2
STATION: ATLANTA
MONTH: AUGUST
YEAR: 2021
LATITUDE: 33 39 N
LONGITUDE: 84 26 W
[TEMPERATURE DATA] [PRECIPITATION DATA] SYMBOLS USED IN COLUMN 16
AVERAGE MONTHLY: 80.4 TOTAL FOR MONTH: 6.96 1 = FOG OR MIST
DPTR FM NORMAL: 0.2 DPTR FM NORMAL: 2.66 2 = FOG REDUCING VISIBILITY
HIGHEST: 94 ON 14 GRTST 24HR 3.61 ON 16-17 TO 1/4 MILE OR LESS
LOWEST: 69 ON 8, 5 3 = THUNDER
SNOW, ICE PELLETS, HAIL 4 = ICE PELLETS
TOTAL MONTH: 0.0 INCH 5 = HAIL
GRTST 24HR 0.0 6 = FREEZING RAIN OR DRIZZLE
GRTST DEPTH: 0 7 = DUSTSTORM OR SANDSTORM:
VSBY 1/2 MILE OR LESS
8 = SMOKE OR HAZE
[NO. OF DAYS WITH] [WEATHER - DAYS WITH] 9 = BLOWING SNOW
X = TORNADO
MAX 32 OR BELOW: 0 0.01 INCH OR MORE: 12
MAX 90 OR ABOVE: 11 0.10 INCH OR MORE: 8
MIN 32 OR BELOW: 0 0.50 INCH OR MORE: 4
MIN 0 OR BELOW: 0 1.00 INCH OR MORE: 2
[HDD (BASE 65) ]
TOTAL THIS MO. 0 CLEAR (SCALE 0-3) 2
DPTR FM NORMAL 0 PTCLDY (SCALE 4-7) 25
TOTAL FM JUL 1 0 CLOUDY (SCALE 8-10) 4
DPTR FM NORMAL 0
[CDD (BASE 65) ]
TOTAL THIS MO. 486
DPTR FM NORMAL 16 [PRESSURE DATA]
TOTAL FM JAN 1 1612 HIGHEST SLP 30.21 ON 28
DPTR FM NORMAL -36 LOWEST SLP 29.63 ON 31
[REMARKS]
#FINAL-08-21#