000
CXUS51 KGYX 030157
CF6AUG
PRELIMINARY LOCAL CLIMATOLOGICAL DATA (WS FORM: F-6)
STATION: AUGUSTA
MONTH: OCTOBER
YEAR: 2020
LATITUDE: 44 18 N
LONGITUDE: 69 48 W
TEMPERATURE IN F: :PCPN: SNOW: WIND :SUNSHINE: SKY :PK WND
================================================================================
1 2 3 4 5 6A 6B 7 8 9 10 11 12 13 14 15 16 17 18
12Z AVG MX 2MIN
DY MAX MIN AVG DEP HDD CDD WTR SNW DPTH SPD SPD DIR MIN PSBL S-S WX SPD DR
================================================================================
1 70 49 60 6 5 0 0.00 0.0 0 6.4 15 180 M M 2 12 22 190
2 54 47 51 -3 14 0 0.11 0.0 0 4.6 10 340 M M 8 12 13 300
3 60 42 51 -2 14 0 0.07 0.0 0 2.7 14 310 M M 5 12 20 310
4 59 42 51 -2 14 0 0.00 0.0 0 4.5 9 30 M M 8 14 350
5 64 46 55 3 10 0 0.00 0.0 0 4.8 9 200 M M 6 12 14 190
6 63 51 57 5 8 0 0.00 0.0 0 7.8 15 180 M M 10 1 25 190
7 67 51 59 7 6 0 0.26 0.0 0 6.3 15 270 M M 6 13 26 180
8 55 40 48 -3 17 0 0.00 0.0 0 14.0 28 300 M M 3 41 310
9 56 36 46 -5 19 0 0.00 0.0 0 8.7 18 290 M M 2 28 260
10 74 49 62 12 3 0 0.33 0.0 0 8.1 15 210 M M 3 13 24 200
11 57 36 47 -3 18 0 0.00 0.0 0 9.5 23 360 M M 0 27 330
12 51 30 41 -9 24 0 0.00 0.0 0 4.3 9 130 M M 0 12 120
13 49 32 41 -8 24 0 2.41 0.0 0 7.5 15 60 M M 9 1 19 50
14 66 46 56 7 9 0 T 0.0 0 8.1 20 300 M M 3 1 29 290
15 68 41 55 6 10 0 0.00 0.0 0 7.7 21 180 M M 0 33 180
16 63 51 57 9 8 0 0.54 0.0 0 7.9 16 160 M M 10 1 22 150
17 51 34 43 -5 22 0 1.50 0.0 0 11.3 24 350 M M 7 1 32 320
18 59 29 44 -4 21 0 0.00 0.0 0 4.4 13 170 M M 0 1 17 150
19 60 34 47 0 18 0 0.01 0.0 0 2.9 12 140 M M 2 1 16 150
20 58 47 53 6 12 0 0.04 0.0 0 4.3 13 30 M M 9 12 24 200
21 55 45 50 3 15 0 T 0.0 0 5.7 13 20 M M 10 12 16 20
22 67 49 58 12 7 0 0.00 0.0 0 4.1 10 340 M M 4 12 13 320
23 60 52 56 10 9 0 0.00 0.0 0 6.1 14 160 M M 10 12 19 160
24 60 38 49 3 16 0 0.01 0.0 0 8.2 21 330 M M 8 12 26 330
25 48 31 40 -5 25 0 0.00 0.0 0 6.9 16 340 M M 0 21 340
26 45 33 39 -6 26 0 0.14 0.0 0 3.8 10 140 M M 10 1 13 140
27 49 33 41 -4 24 0 0.02 0.0 0 7.1 17 320 M M 6 1 24 320
28 37 30 34 -10 31 0 0.01 M M 3.6 8 120 M M 9 18 11 30
29 47 34 41 -3 24 0 0.24 M M 4.6 18 20 M M 9 12 24 20
30 36 28 32 -12 33 0 T M M 11.5 24 20 M M 1 33 40
31 43 25 34 -9 31 0 0.00 0.0 M 4.7 9 340 M M 0 12 190
================================================================================
SM 1751 1231 517 0 5.69 0.0 202.1 M 160
================================================================================
AV 56.5 39.7 6.5 FASTST M M 5 MAX(MPH)
MISC ----> # 28 300 # 41 310
================================================================================
NOTES:
# LAST OF SEVERAL OCCURRENCES
COLUMN 17 PEAK WIND IN M.P.H.
PRELIMINARY LOCAL CLIMATOLOGICAL DATA (WS FORM: F-6) , PAGE 2
STATION: AUGUSTA
MONTH: OCTOBER
YEAR: 2020
LATITUDE: 44 18 N
LONGITUDE: 69 48 W
[TEMPERATURE DATA] [PRECIPITATION DATA] SYMBOLS USED IN COLUMN 16
AVERAGE MONTHLY: 48.1 TOTAL FOR MONTH: 5.69 1 = FOG OR MIST
DPTR FM NORMAL: -0.3 DPTR FM NORMAL: 1.33 2 = FOG REDUCING VISIBILITY
HIGHEST: 74 ON 10 GRTST 24HR 2.41 ON 13-13 TO 1/4 MILE OR LESS
LOWEST: 25 ON 31 3 = THUNDER
SNOW, ICE PELLETS, HAIL 4 = ICE PELLETS
TOTAL MONTH: 0.0 INCH 5 = HAIL
GRTST 24HR 0.0 6 = FREEZING RAIN OR DRIZZLE
GRTST DEPTH: 0 7 = DUSTSTORM OR SANDSTORM:
VSBY 1/2 MILE OR LESS
8 = SMOKE OR HAZE
[NO. OF DAYS WITH] [WEATHER - DAYS WITH] 9 = BLOWING SNOW
X = TORNADO
MAX 32 OR BELOW: 0 0.01 INCH OR MORE: 14
MAX 90 OR ABOVE: 0 0.10 INCH OR MORE: 8
MIN 32 OR BELOW: 7 0.50 INCH OR MORE: 3
MIN 0 OR BELOW: 0 1.00 INCH OR MORE: 2
[HDD (BASE 65) ]
TOTAL THIS MO. 517 CLEAR (SCALE 0-3) 13
DPTR FM NORMAL 2 PTCLDY (SCALE 4-7) 9
TOTAL FM JUL 1 694 CLOUDY (SCALE 8-10) 9
DPTR FM NORMAL -41
[CDD (BASE 65) ]
TOTAL THIS MO. 0
DPTR FM NORMAL -1 [PRESSURE DATA]
TOTAL FM JAN 1 581 HIGHEST SLP M ON M
DPTR FM NORMAL 193 LOWEST SLP 29.32 ON 7
[REMARKS]
#FINAL-10-20#