000
CXUS53 KARX 041457
CF6AUM
PRELIMINARY LOCAL CLIMATOLOGICAL DATA (WS FORM: F-6)
STATION: AUSTIN MUNI MN
MONTH: DECEMBER
YEAR: 2021
LATITUDE: 43 40 N
LONGITUDE: 92 56 W
TEMPERATURE IN F: :PCPN: SNOW: WIND :SUNSHINE: SKY :PK WND
================================================================================
1 2 3 4 5 6A 6B 7 8 9 10 11 12 13 14 15 16 17 18
12Z AVG MX 2MIN
DY MAX MIN AVG DEP HDD CDD WTR SNW DPTH SPD SPD DIR MIN PSBL S-S WX SPD DR
================================================================================
1 52 34 43 M 22 0 0.13 0.0 0 8.3 12 280 M M 3 21 280
2 54 39 47 M 18 0 M 0.0 0 8.1 17 290 M M 5 25 290
3 46 32 39 M 26 0 M 0.0 0 5.2 10 320 M M 3 M M
4 34 28 31 M 34 0 0.00 0.0 0 7.0 10 90 M M 8 M M
5 41 28 35 M 30 0 0.00 0.0 0 14.9 33 280 M M 8 44 280
6 28 5 17 M 48 0 0.00 0.0 0 18.3 31 300 M M 2 39 290
7 23 7 15 M 50 0 M M 0 6.2 10 150 M M 5 16 130
8 27 10 19 M 46 0 M M M 5.4 14 140 M M 4 1 17 140
9 45 27 36 M 29 0 M M M 10.4 15 140 M M 3 22 290
10 34 28 31 M 34 0 M M 0 10.2 18 20 M M 8 28 50
11 28 21 25 M 40 0 M M M 13.7 24 330 M M 3 33 340
12 39 19 29 M 36 0 0.00 0.0 M 10.2 15 210 M M 0 21 200
13 39 25 32 M 33 0 0.00 0.0 M 4.0 14 210 M M 0 20 210
14 43 27 35 M 30 0 0.00 0.0 M 8.5 13 130 M M 1 1 M M
15 66 37 52 M 13 0 0.19 0.0 M 13.9 40 230 M M 7 123 54 230
16 37 21 29 M 36 0 0.00 0.0 0 18.1 32 240 M M 5 46 260
17 27 18 23 M 42 0 0.00 0.0 0 5.6 12 90 M M 4 M M
18 25 16 21 M 44 0 M M 0 7.8 14 330 M M 9 18 310
19 27 16 22 M 43 0 M M 0 12.7 21 190 M M 6 27 200
20 30 9 20 M 45 0 0.00 0.0 0 8.9 17 320 M M 0 22 320
21 28 9 19 M 46 0 M M 0 11.5 21 290 M M 2 32 290
22 28 9 19 M 46 0 0.00 0.0 0 6.2 12 170 M M 0 16 170
23 43 27 35 M 30 0 0.00 0.0 0 5.1 10 130 M M 0 18 130
24 45 28 37 M 28 0 0.00 0.0 0 7.8 13 330 M M 0 12 18 330
25 34 19 27 M 38 0 0.00 0.0 0 5.6 15 320 M M 0 20 320
26 34 14 24 M 41 0 M M 0 10.5 25 100 M M 0 6 37 110
27 34 14 24 M 41 0 M M M 12.0 24 270 M M 0 1 33 270
28 27 1 14 M 51 0 M M M 8.6 18 130 M M 5 1 23 130
29 9 -6 2 M 63 0 0.00 0.0 M 5.4 12 320 M M 0 17 310
30 27 9 18 M 47 0 M M M 6.5 10 190 M M 4 1 16 160
31 27 9 18 M 47 0 0.00 0.0 M 6.4 14 350 M M 8 12 21 360
================================================================================
SM 1081 580 1177 0 0.32 0.0 283.0 M 103
================================================================================
AV 34.9 18.7 9.1 FASTST M M 3 MAX(MPH)
MISC ----> 40 230 54 230
================================================================================
NOTES:
# LAST OF SEVERAL OCCURRENCES
COLUMN 17 PEAK WIND IN M.P.H.
PRELIMINARY LOCAL CLIMATOLOGICAL DATA (WS FORM: F-6) , PAGE 2
STATION: AUSTIN MUNI MN
MONTH: DECEMBER
YEAR: 2021
LATITUDE: 43 40 N
LONGITUDE: 92 56 W
[TEMPERATURE DATA] [PRECIPITATION DATA] SYMBOLS USED IN COLUMN 16
AVERAGE MONTHLY: 26.8 TOTAL FOR MONTH: 0.32 1 = FOG OR MIST
DPTR FM NORMAL: 0.0 DPTR FM NORMAL: M 2 = FOG REDUCING VISIBILITY
HIGHEST: 66 ON 15 GRTST 24HR 0.19 ON 15-15 TO 1/4 MILE OR LESS
LOWEST: -6 ON 29 3 = THUNDER
SNOW, ICE PELLETS, HAIL 4 = ICE PELLETS
TOTAL MONTH: 0.0 INCH 5 = HAIL
GRTST 24HR 0.0 6 = FREEZING RAIN OR DRIZZLE
GRTST DEPTH: 0 7 = DUSTSTORM OR SANDSTORM:
VSBY 1/2 MILE OR LESS
8 = SMOKE OR HAZE
[NO. OF DAYS WITH] [WEATHER - DAYS WITH] 9 = BLOWING SNOW
X = TORNADO
MAX 32 OR BELOW: 14 0.01 INCH OR MORE: 2
MAX 90 OR ABOVE: 0 0.10 INCH OR MORE: 2
MIN 32 OR BELOW: 28 0.50 INCH OR MORE: 0
MIN 0 OR BELOW: 1 1.00 INCH OR MORE: 0
[HDD (BASE 65) ]
TOTAL THIS MO. 1177 CLEAR (SCALE 0-3) 17
DPTR FM NORMAL M PTCLDY (SCALE 4-7) 13
TOTAL FM JUL 1 2438 CLOUDY (SCALE 8-10) 1
DPTR FM NORMAL M
[CDD (BASE 65) ]
TOTAL THIS MO. 0
DPTR FM NORMAL M [PRESSURE DATA]
TOTAL FM JAN 1 822 HIGHEST SLP M ON M
DPTR FM NORMAL M LOWEST SLP M ON M
[REMARKS]
#FINAL-12-21#