000
CXUS53 KGRB 241320
CF6AUW
PRELIMINARY LOCAL CLIMATOLOGICAL DATA (WS FORM: F-6)
STATION: WAUSAU WI
MONTH: JUNE
YEAR: 2022
LATITUDE: 44 55 N
LONGITUDE: 89 37 W
TEMPERATURE IN F: :PCPN: SNOW: WIND :SUNSHINE: SKY :PK WND
================================================================================
1 2 3 4 5 6A 6B 7 8 9 10 11 12 13 14 15 16 17 18
12Z AVG MX 2MIN
DY MAX MIN AVG DEP HDD CDD WTR SNW DPTH SPD SPD DIR MIN PSBL S-S WX SPD DR
================================================================================
1 76 53 65 3 0 0 0.00 0.0 0 11.6 18 280 M M 3 30 270
2 79 52 66 4 0 1 T 0.0 0 8.4 33 270 M M M 48 270
3 69 49 59 -3 6 0 0.00 0.0 0 10.9 25 280 M M 0 32 280
4 73 43 58 -4 7 0 0.00 0.0 0 7.1 16 210 M M 0 24 190
5 67 50 59 -4 6 0 0.06 0.0 0 5.1 13 170 M M 8 128 16 170
6 72 58 65 2 0 0 0.52 0.0 0 5.6 15 50 M M 8 1 21 50
7 76 55 66 3 0 1 0.00 0.0 0 3.3 12 270 M M 3 16 350
8 72 57 65 1 0 0 T 0.0 0 3.5 12 280 M M 8 16 270
9 79 53 66 2 0 1 0.00 0.0 0 8.0 22 270 M M 2 18 31 270
10 82 49 66 2 0 1 0.00 0.0 0 4.7 17 280 M M 2 24 280
11 68 56 62 -2 3 0 0.38 0.0 0 4.0 12 190 M M 8 1 18 180
12 75 53 64 -1 1 0 0.00 0.0 0 6.5 12 110 M M 2 1 19 120
13 69 58 64 -1 1 0 0.26 0.0 0 8.1 15 80 M M 8 38 21 90
14 96 64 80 15 0 15 0.00 0.0 0 10.7 21 150 M M 4 18 29 160
15 84 70 77 12 0 12 1.48 0.0 0 8.6 40 270 M M 4 1238 69 250
16 80 64 72 6 0 7 0.00 0.0 0 18.2 31 250 M M 2 47 280
17 83 59 71 5 0 6 0.00 0.0 0 10.0 21 280 M M 0 30 280
18 75 50 63 -3 2 0 0.00 0.0 0 5.8 15 130 M M 0 19 130
19 83 57 70 4 0 5 0.00 0.0 0 8.0 17 150 M M 3 24 150
20 95 65 80 13 0 15 0.00 0.0 0 6.4 18 200 M M 0 28 190
21 93 71 82 15 0 17 T 0.0 0 9.4 23 270 M M 1 32 250
22 83 62 73 6 0 8 0.00 0.0 0 10.8 20 280 M M 0 29 310
23 88 56 72 5 0 7 0.00 0.0 0 6.6 16 180 M M 0 8 25 200
24 90 72 81 13 0 16 T 0.0 0 6.5 14 200 M M 1 19 200
25 81 64 73 5 0 8 T 0.0 0 7.5 15 150 M M 6 8 22 170
26 74 57 66 -2 0 1 0.00 0.0 0 16.5 30 270 M M 3 42 270
27 77 51 64 -4 1 0 0.00 0.0 0 7.3 17 280 M M 0 25 290
28 70 56 63 -5 2 0 0.14 0.0 0 5.8 18 210 M M 6 3 30 220
29 79 53 66 -2 0 1 0.00 0.0 0 7.6 16 130 M M 1 1 22 90
30 82 70 76 8 0 11 0.05 0.0 0 10.5 20 210 M M 2 29 170
================================================================================
SM 2370 1727 29 133 2.89 0.0 243.0 M 85
================================================================================
AV 79.0 57.6 8.1 FASTST M M 3 MAX(MPH)
MISC ----> 40 270 69 250
================================================================================
NOTES:
# LAST OF SEVERAL OCCURRENCES
COLUMN 17 PEAK WIND IN M.P.H.
PRELIMINARY LOCAL CLIMATOLOGICAL DATA (WS FORM: F-6) , PAGE 2
STATION: WAUSAU WI
MONTH: JUNE
YEAR: 2022
LATITUDE: 44 55 N
LONGITUDE: 89 37 W
[TEMPERATURE DATA] [PRECIPITATION DATA] SYMBOLS USED IN COLUMN 16
AVERAGE MONTHLY: 68.3 TOTAL FOR MONTH: 2.89 1 = FOG OR MIST
DPTR FM NORMAL: 2.9 DPTR FM NORMAL: -1.78 2 = FOG REDUCING VISIBILITY
HIGHEST: 96 ON 14 GRTST 24HR 1.48 ON 15-15 TO 1/4 MILE OR LESS
LOWEST: 43 ON 4 3 = THUNDER
SNOW, ICE PELLETS, HAIL 4 = ICE PELLETS
TOTAL MONTH: 0.0 INCH 5 = HAIL
GRTST 24HR 0.0 6 = FREEZING RAIN OR DRIZZLE
GRTST DEPTH: 0 7 = DUSTSTORM OR SANDSTORM:
VSBY 1/2 MILE OR LESS
8 = SMOKE OR HAZE
[NO. OF DAYS WITH] [WEATHER - DAYS WITH] 9 = BLOWING SNOW
X = TORNADO
MAX 32 OR BELOW: 0 0.01 INCH OR MORE: 7
MAX 90 OR ABOVE: 4 0.10 INCH OR MORE: 5
MIN 32 OR BELOW: 0 0.50 INCH OR MORE: 2
MIN 0 OR BELOW: 0 1.00 INCH OR MORE: 1
[HDD (BASE 65) ]
TOTAL THIS MO. 29 CLEAR (SCALE 0-3) 19
DPTR FM NORMAL -49 PTCLDY (SCALE 4-7) 10
TOTAL FM JUL 1 7576 CLOUDY (SCALE 8-10) 1
DPTR FM NORMAL -599
[CDD (BASE 65) ]
TOTAL THIS MO. 133
DPTR FM NORMAL 45 [PRESSURE DATA]
TOTAL FM JAN 1 210 HIGHEST SLP 30.33 ON 18
DPTR FM NORMAL 100 LOWEST SLP 29.56 ON 15
[REMARKS]
#FINAL-06-22#