000
CXUS53 KGRB 170458
CF6AUW
PRELIMINARY LOCAL CLIMATOLOGICAL DATA (WS FORM: F-6)
STATION: WAUSAU WI
MONTH: OCTOBER
YEAR: 2020
LATITUDE: 44 55 N
LONGITUDE: 89 37 W
TEMPERATURE IN F: :PCPN: SNOW: WIND :SUNSHINE: SKY :PK WND
================================================================================
1 2 3 4 5 6A 6B 7 8 9 10 11 12 13 14 15 16 17 18
12Z AVG MX 2MIN
DY MAX MIN AVG DEP HDD CDD WTR SNW DPTH SPD SPD DIR MIN PSBL S-S WX SPD DR
================================================================================
1 56 36 46 -6 19 0 T 0.0 0 8.1 16 340 M M 7 26 350
2 46 37 42 -9 23 0 T 0.0 0 3.3 9 310 M M 10 13 310
3 48 34 41 -10 24 0 T 0.0 0 3.3 8 110 M M 7 13 120
4 51 30 41 -9 24 0 0.00 0.0 0 4.6 13 340 M M 2 16 10
5 62 31 47 -3 18 0 0.00 0.0 0 11.0 24 180 M M 0 34 190
6 69 42 56 6 9 0 0.09 0.0 0 8.1 23 280 M M 3 1 32 270
7 65 41 53 4 12 0 T 0.0 0 8.9 22 300 M M 1 32 300
8 62 39 51 2 14 0 0.00 0.0 0 4.2 9 310 M M 0 8 13 350
9 76 47 62 13 3 0 0.00 0.0 0 8.8 22 230 M M 1 32 240
10 64 41 53 5 12 0 0.00 0.0 0 8.5 16 110 M M 0 23 120
11 57 41 49 1 16 0 0.00 0.0 0 12.5 20 120 M M 10 27 110
12 61 43 52 4 13 0 0.58 0.0 0 13.4 26 280 M M 6 13 39 270
13 61 39 50 3 15 0 T 0.0 0 M M M M M M M M
14 57 40 49 2 16 0 0.02 0.0 0 12.9 22 250 M M 4 38 260
15 46 35 41 -5 24 0 0.01 0.0 0 13.8 26 280 M M 7 41 280
16 45 27 36 -10 29 0 0.02 0.0 0 8.6 28 270 M M 6 1 36 270
17 53 26 40 -6 25 0 0.17 0.8 T 7.7 17 140 M M 9 1 27 100
18 42 27 35 -10 30 0 0.00 0.0 0 10.0 18 270 M M 3 29 280
19 35 20 28 -17 37 0 0.00 0.0 0 3.8 9 220 M M 5 13 240
20 37 20 29 -15 36 0 0.75 2.8 2 4.7 17 120 M M 5 128 25 130
21 37 32 35 -9 30 0 0.00 0.0 T 6.8 20 250 M M M 18 28 230
22 35 32 34 -10 31 0 1.01 T 0 8.6 16 30 M M 10 134 25 10
23 39 32 36 -7 29 0 0.03 T 0 10.2 18 330 M M 10 1 29 340
24 34 28 31 -12 34 0 0.00 0.0 0 6.9 15 290 M M 6 20 270
25 34 26 30 -13 35 0 0.05 0.9 1 5.1 10 300 M M 9 1 14 290
26 34 19 27 -15 38 0 T T T 7.4 16 310 M M 5 1 23 300
27 34 19 27 -15 38 0 0.00 0.0 0 7.3 15 190 M M 1 22 210
28 47 30 39 -3 26 0 0.00 0.0 0 7.9 18 330 M M 7 24 190
29 38 29 34 -7 31 0 T T 0 7.1 14 340 M M 10 1 22 10
30 40 23 32 -9 33 0 0.00 0.0 0 4.1 10 310 M M 3 14 330
31 54 25 40 0 25 0 0.00 0.0 0 13.5 31 270 M M 4 46 250
================================================================================
SM 1519 991 749 0 2.73 4.5 241.1 M 151
================================================================================
AV 49.0 32.0 8.0 FASTST M M 5 MAX(MPH)
MISC ----> 31 270 46 250
================================================================================
NOTES:
# LAST OF SEVERAL OCCURRENCES
COLUMN 17 PEAK WIND IN M.P.H.
PRELIMINARY LOCAL CLIMATOLOGICAL DATA (WS FORM: F-6) , PAGE 2
STATION: WAUSAU WI
MONTH: OCTOBER
YEAR: 2020
LATITUDE: 44 55 N
LONGITUDE: 89 37 W
[TEMPERATURE DATA] [PRECIPITATION DATA] SYMBOLS USED IN COLUMN 16
AVERAGE MONTHLY: 40.5 TOTAL FOR MONTH: 2.73 1 = FOG OR MIST
DPTR FM NORMAL: -5.5 DPTR FM NORMAL: -0.21 2 = FOG REDUCING VISIBILITY
HIGHEST: 76 ON 9 GRTST 24HR 1.01 ON 22-22 TO 1/4 MILE OR LESS
LOWEST: 19 ON 27,26 3 = THUNDER
SNOW, ICE PELLETS, HAIL 4 = ICE PELLETS
TOTAL MONTH: 4.5 INCHES 5 = HAIL
GRTST 24HR 2.8 ON 20-20 6 = FREEZING RAIN OR DRIZZLE
GRTST DEPTH: 2 ON 20 7 = DUSTSTORM OR SANDSTORM:
VSBY 1/2 MILE OR LESS
8 = SMOKE OR HAZE
[NO. OF DAYS WITH] [WEATHER - DAYS WITH] 9 = BLOWING SNOW
X = TORNADO
MAX 32 OR BELOW: 0 0.01 INCH OR MORE: 10
MAX 90 OR ABOVE: 0 0.10 INCH OR MORE: 4
MIN 32 OR BELOW: 18 0.50 INCH OR MORE: 3
MIN 0 OR BELOW: 0 1.00 INCH OR MORE: 1
[HDD (BASE 65) ]
TOTAL THIS MO. 749 CLEAR (SCALE 0-3) 10
DPTR FM NORMAL 158 PTCLDY (SCALE 4-7) 12
TOTAL FM JUL 1 1024 CLOUDY (SCALE 8-10) 9
DPTR FM NORMAL 140
[CDD (BASE 65) ]
TOTAL THIS MO. 0
DPTR FM NORMAL -2 [PRESSURE DATA]
TOTAL FM JAN 1 520 HIGHEST SLP 30.39 ON 26
DPTR FM NORMAL 113 LOWEST SLP 29.45 ON 12
[REMARKS]
#FINAL-10-20#