000
CXUS53 KGRB 010752
CLMAUW
CLIMATE REPORT
NATIONAL WEATHER SERVICE GREEN BAY
252 AM CDT WED NOV 01 2023
...................................
...THE WAUSAU WI CLIMATE SUMMARY FOR THE MONTH OF OCTOBER 2023...
CLIMATE NORMAL PERIOD: 1991 TO 2020
CLIMATE RECORD PERIOD: 1896 TO 2023
WEATHER OBSERVED NORMAL DEPART LAST YEAR`S
VALUE DATE(S) VALUE FROM VALUE DATE(S)
NORMAL
................................................................
TEMPERATURE (F)
RECORD
HIGH 88 10/01/2023
LOW 8 10/30/1925
HIGHEST 88R 10/01 75 13 76 10/11
LOWEST 22 10/30 24 -2 27 10/19
10/27
AVG. MAXIMUM 57.1 55.7 1.4 59.4
AVG. MINIMUM 39.9 37.0 2.9 37.6
MEAN 48.5 46.3 2.2 48.5
DAYS MAX >= 90 0 0.0 0.0 0
DAYS MAX <= 32 0 0.1 -0.1 0
DAYS MIN <= 32 7 9.2 -2.2 9
DAYS MIN <= 0 0 0.0 0.0 0
PRECIPITATION (INCHES)
RECORD
MAXIMUM 10.89 1900
MINIMUM 0.02 1952
TOTALS 5.96 3.07 2.89 1.13
DAYS >= .01 10 10.7 -0.7 8
DAYS >= .10 6 6.2 -0.2 3
DAYS >= .50 2 2.0 0.0
DAYS >= 1.00 1 0.6 0.4 0
GREATEST
STORM TOTAL 3.89
(MM/DD(HH))
SNOWFALL (INCHES)
RECORDS
TOTAL 10.8 1990
24 HR TOTAL 7.8 10/21/2002 TO 10/21/2002
TOTALS 2.6 0.9 1.7 T
SINCE 7/1 2.6 0.9 1.7 MM
DAYS >= TRACE 2 0.8 1.2
DAYS >= 1.0 1 0.2 0.8 0
GREATEST
SNOW DEPTH 2 10/31 0 MM
24 HR TOTAL MM
DEGREE DAYS
HEATING TOTAL 520 580 -60 506
SINCE 7/1 651 849 -198 MM
COOLING TOTAL 17 2 15 0
SINCE 1/1 603 422 181 MM
................................................................
WIND (MPH)
AVERAGE WIND SPEED 7.4
HIGHEST WIND SPEED/DIRECTION 26/270 DATE 10/06
HIGHEST GUST SPEED/DIRECTION 39/260 DATE 10/06
SKY COVER
POSSIBLE SUNSHINE (PERCENT) MM
AVERAGE SKY COVER 0.56
NUMBER OF DAYS FAIR 9
NUMBER OF DAYS PC 9
NUMBER OF DAYS CLOUDY 13
AVERAGE RH (PERCENT) 73
WEATHER CONDITIONS. NUMBER OF DAYS WITH
THUNDERSTORM 1 MIXED PRECIP 0
HEAVY RAIN 2 RAIN 3
LIGHT RAIN 14 FREEZING RAIN 0
LT FREEZING RAIN 0 HAIL 0
HEAVY SNOW 0 SNOW 1
LIGHT SNOW 2 SLEET 0
FOG 13 FOG W/VIS <= 1/4 MILE 1
HAZE 3
- INDICATES NEGATIVE NUMBERS.
R INDICATES RECORD WAS SET OR TIED.
MM INDICATES DATA IS MISSING.
T INDICATES TRACE AMOUNT.
$$