000
CXUS51 KBGM 030157 CCA
CF6AVP
PRELIMINARY LOCAL CLIMATOLOGICAL DATA (WS FORM: F-6)
STATION: AVOCA PA
MONTH: FEBRUARY
YEAR: 2021
LATITUDE: 41 19 N
LONGITUDE: 75 44 W
TEMPERATURE IN F: :PCPN: SNOW: WIND :SUNSHINE: SKY :PK WND
================================================================================
1 2 3 4 5 6A 6B 7 8 9 10 11 12 13 14 15 16 17 18
12Z AVG MX 2MIN
DY MAX MIN AVG DEP HDD CDD WTR SNW DPTH SPD SPD DIR MIN PSBL S-S WX SPD DR
================================================================================
1 30 20 25 -1 40 0 0.81 13.5 M 8.6 15 40 M M 10 12 20 40
2 32 26 29 2 36 0 0.12 3.0 M 10.5 22 340 M M 10 1 29 20
3 32 26 29 2 36 0 0.06 1.5 M 10.4 23 310 M M 10 1 29 320
4 42 27 35 8 30 0 T T M 6.4 18 320 M M 5 24 340
5 46 29 38 11 27 0 0.06 0.5 M 10.2 24 270 M M 6 1 33 250
6 37 25 31 4 34 0 T T M 9.3 26 250 M M 2 34 250
7 36 16 26 -1 39 0 0.04 T M 8.0 22 330 M M 6 18 28 330
8 27 8 18 -9 47 0 0.00 0.0 M 3.3 15 320 M M 2 18 330
9 32 21 27 -1 38 0 0.30 3.0 M 3.3 15 340 M M 10 128 17 340
10 30 20 25 -3 40 0 0.03 0.1 M 3.7 10 340 M M 7 18 14 10
11 28 17 23 -5 42 0 0.05 0.5 M 6.6 20 360 M M 7 18 23 360
12 25 8 17 -11 48 0 0.00 0.0 M 1.9 12 360 M M 7 15 10
13 27 12 20 -8 45 0 0.00 0.0 M 3.1 8 250 M M 8 11 100
14 31 24 28 0 37 0 0.00 0.0 M 4.3 10 30 M M 9 18 13 20
15 35 26 31 2 34 0 0.19 0.0 M 3.3 9 110 M M 10 168 13 140
16 42 24 33 4 32 0 0.54 T M 10.2 28 250 M M 10 126 36 240
17 27 14 21 -8 44 0 0.00 0.0 M 7.8 20 320 M M 3 25 290
18 26 21 24 -5 41 0 0.18 1.8 M 4.9 10 20 M M 10 18 12 30
19 31 23 27 -3 38 0 0.16 1.7 M 4.3 18 330 M M 10 18 22 330
20 31 19 25 -5 40 0 T T M 10.4 22 310 M M 9 27 310
21 35 16 26 -4 39 0 0.00 0.0 M 3.8 13 330 M M 1 17 350
22 34 27 31 1 34 0 0.20 2.0 M 6.8 14 230 M M 8 128 23 200
23 41 29 35 5 30 0 0.02 T M 7.1 15 220 M M 8 18 21 230
24 54 33 44 13 21 0 T 0.0 M 6.7 18 210 M M 2 28 190
25 46 27 37 6 28 0 0.00 0.0 M 8.8 28 320 M M 3 36 300
26 42 20 31 0 34 0 0.00 0.0 M 1.8 10 160 M M 0 16 160
27 43 32 38 7 27 0 0.11 0.7 M 5.0 16 230 M M 8 126 22 220
28 44 31 38 6 27 0 0.37 0.0 M 2.4 10 210 M M 7 128 16 200
================================================================================
SM 986 621 1008 0 3.24 28.3 172.9 M 188
================================================================================
AV 35.2 22.2 6.2 FASTST M M 7 MAX(MPH)
MISC ----> # 28 250 # 36 240
================================================================================
NOTES:
# LAST OF SEVERAL OCCURRENCES
COLUMN 17 PEAK WIND IN M.P.H.
PRELIMINARY LOCAL CLIMATOLOGICAL DATA (WS FORM: F-6) , PAGE 2
STATION: AVOCA PA
MONTH: FEBRUARY
YEAR: 2021
LATITUDE: 41 19 N
LONGITUDE: 75 44 W
[TEMPERATURE DATA] [PRECIPITATION DATA] SYMBOLS USED IN COLUMN 16
AVERAGE MONTHLY: 28.7 TOTAL FOR MONTH: 3.24 1 = FOG OR MIST
DPTR FM NORMAL: -0.1 DPTR FM NORMAL: 1.21 2 = FOG REDUCING VISIBILITY
HIGHEST: 54 ON 24 GRTST 24HR 0.81 ON 1 TO 1/4 MILE OR LESS
LOWEST: 8 ON 12, 8 3 = THUNDER
SNOW, ICE PELLETS, HAIL 4 = ICE PELLETS
TOTAL MONTH: 30.9 INCHES 5 = HAIL
GRTST 24HR 13.5 ON 1- 1 6 = FREEZING RAIN OR DRIZZLE
GRTST DEPTH: M ON M 7 = DUSTSTORM OR SANDSTORM:
VSBY 1/2 MILE OR LESS
8 = SMOKE OR HAZE
[NO. OF DAYS WITH] [WEATHER - DAYS WITH] 9 = BLOWING SNOW
X = TORNADO
MAX 32 OR BELOW: 14 0.01 INCH OR MORE: 16
MAX 90 OR ABOVE: 0 0.10 INCH OR MORE: 10
MIN 32 OR BELOW: 27 0.50 INCH OR MORE: 2
MIN 0 OR BELOW: 0 1.00 INCH OR MORE: 0
[HDD (BASE 65) ]
TOTAL THIS MO. 1008 CLEAR (SCALE 0-3) 6
DPTR FM NORMAL -7 PTCLDY (SCALE 4-7) 11
TOTAL FM JUL 1 3948 CLOUDY (SCALE 8-10) 11
DPTR FM NORMAL -658
[CDD (BASE 65) ]
TOTAL THIS MO. 0
DPTR FM NORMAL 0 [PRESSURE DATA]
TOTAL FM JAN 1 0 HIGHEST SLP 30.54 ON 21
DPTR FM NORMAL 0 LOWEST SLP 29.49 ON 3
[REMARKS]
#FINAL-02-21#
2ND MOST SNOWFALL FOR FEBRUARY